{"id":250,"date":"2013-06-14T08:16:58","date_gmt":"2013-06-14T07:16:58","guid":{"rendered":"http:\/\/blogs.univ-jfc.fr\/projetlaperouse\/?page_id=250"},"modified":"2014-04-03T08:27:37","modified_gmt":"2014-04-03T07:27:37","slug":"la-decouverte-de-lautre","status":"publish","type":"page","link":"https:\/\/blogs.univ-jfc.fr\/projetlaperouse\/de-la-nature-et-des-hommes\/la-decouverte-de-lautre\/","title":{"rendered":"La d\u00e9couverte de l&rsquo;Autre"},"content":{"rendered":"<p><a href=\"http:\/\/blogs.univ-jfc.fr\/projetlaperouse\/wp-content\/uploads\/sites\/9\/2013\/06\/AlbiML06.jpg\"><img loading=\"lazy\" class=\" wp-image-2750 alignright\" title=\"Insulaires et monuments, \u00eele de P\u00e2ques \" alt=\"\" src=\"http:\/\/blogs.univ-jfc.fr\/projetlaperouse\/wp-content\/uploads\/sites\/9\/2013\/06\/AlbiML06.jpg\" width=\"189\" height=\"123\" \/><\/a><\/p>\n<p>&nbsp;<\/p>\n<p style=\"text-align: justify\">A travers l\u2019histoire, les explorateurs europ\u00e9ens s&rsquo;expriment sur les peuples qu\u2019ils rencontrent. Mal connu, tant\u00f4t sauvage, tant\u00f4t amical, le\u00a0 \u00ab\u00a0bon sauvage\u00a0\u00bb devient un mythe qui rel\u00e8ve de nombreuses interpr\u00e9tations. Pour les aborder, il convient d&rsquo;abord de revenir sur la <a title=\"D\u00e9finition et origine du mythe du \u00ab\u00a0bon sauvage\u00a0\u00bb\" href=\"http:\/\/blogs.univ-jfc.fr\/projetlaperouse\/de-la-nature-et-des-hommes\/la-decouverte-de-lautre\/definition\/\">D\u00e9finition et origine du mythe du \u00ab\u00a0bon sauvage\u00a0\u00bb<\/a><\/p>\n<p style=\"text-align: justify\">Comme d&rsquo;autres, Lap\u00e9rouse entame son voyage avec de belles id\u00e9es : le \u00ab\u00a0bon sauvage\u00a0\u00bb est dans sa t\u00eate, conform\u00e9ment \u00e0 la litt\u00e9rature de l&rsquo;\u00e9poque, un homme libre, heureux et bon. Autant dire qu\u2019il repr\u00e9sente le mod\u00e8le absolu de perfection humaine. Pourtant, ces id\u00e9es pr\u00e9con\u00e7ues issues d\u2019intellectuels europ\u00e9ens des Lumi\u00e8res, sont loin de la r\u00e9alit\u00e9. Lap\u00e9rouse le constate et voit son opinion changer au fur et \u00e0 mesure du voyage et de sa <a title=\"Lap\u00e9rouse confront\u00e9 au \u00ab\u00a0bon sauvage\u00a0\u00bb\" href=\"http:\/\/blogs.univ-jfc.fr\/projetlaperouse\/de-la-nature-et-des-hommes\/la-decouverte-de-lautre\/laperouse-confronte-au-bon-sauvage\/\" target=\"_blank\">confrontation au \u00ab\u00a0bon sauvage\u00a0\u00bb<\/a>.<\/p>\n<p style=\"text-align: center\"><a href=\"http:\/\/blogs.univ-jfc.fr\/projetlaperouse\/wp-content\/uploads\/sites\/9\/2014\/03\/carteduVoyage_copie1.jpg\"><img loading=\"lazy\" class=\" wp-image-2749 aligncenter\" title=\"Carte du voyage de Lap\u00e9rouse\" alt=\"carteduVoyage_copie\" src=\"http:\/\/blogs.univ-jfc.fr\/projetlaperouse\/wp-content\/uploads\/sites\/9\/2014\/03\/carteduVoyage_copie1.jpg\" width=\"300\" height=\"207\" \/><\/a><\/p>\n<p>&nbsp;<\/p>\n<p>&nbsp;<\/p>\n<p><strong>R\u00e9dacteurs<\/strong> : Rapha\u00ebl ZAMIS, Geoffroy SANDER, Amaury SIMONIN<\/p>\n","protected":false},"excerpt":{"rendered":"<p>&nbsp; A travers l\u2019histoire, les explorateurs europ\u00e9ens s&rsquo;expriment sur les peuples qu\u2019ils rencontrent. Mal connu, tant\u00f4t sauvage, tant\u00f4t amical, le\u00a0 \u00ab\u00a0bon sauvage\u00a0\u00bb devient un mythe qui rel\u00e8ve de nombreuses interpr\u00e9tations. Pour les aborder, il convient d&rsquo;abord de revenir sur la &hellip; <a href=\"https:\/\/blogs.univ-jfc.fr\/projetlaperouse\/de-la-nature-et-des-hommes\/la-decouverte-de-lautre\/\">Lire la suite <span class=\"meta-nav\">&rarr;<\/span><\/a><\/p>\n","protected":false},"author":15,"featured_media":401,"parent":25,"menu_order":2,"comment_status":"closed","ping_status":"open","template":"sidebar-page.php","meta":[],"_links":{"self":[{"href":"https:\/\/blogs.univ-jfc.fr\/projetlaperouse\/wp-json\/wp\/v2\/pages\/250"}],"collection":[{"href":"https:\/\/blogs.univ-jfc.fr\/projetlaperouse\/wp-json\/wp\/v2\/pages"}],"about":[{"href":"https:\/\/blogs.univ-jfc.fr\/projetlaperouse\/wp-json\/wp\/v2\/types\/page"}],"author":[{"embeddable":true,"href":"https:\/\/blogs.univ-jfc.fr\/projetlaperouse\/wp-json\/wp\/v2\/users\/15"}],"replies":[{"embeddable":true,"href":"https:\/\/blogs.univ-jfc.fr\/projetlaperouse\/wp-json\/wp\/v2\/comments?post=250"}],"version-history":[{"count":15,"href":"https:\/\/blogs.univ-jfc.fr\/projetlaperouse\/wp-json\/wp\/v2\/pages\/250\/revisions"}],"predecessor-version":[{"id":486,"href":"https:\/\/blogs.univ-jfc.fr\/projetlaperouse\/wp-json\/wp\/v2\/pages\/250\/revisions\/486"}],"up":[{"embeddable":true,"href":"https:\/\/blogs.univ-jfc.fr\/projetlaperouse\/wp-json\/wp\/v2\/pages\/25"}],"wp:featuredmedia":[{"embeddable":true,"href":"https:\/\/blogs.univ-jfc.fr\/projetlaperouse\/wp-json\/wp\/v2\/media\/401"}],"wp:attachment":[{"href":"https:\/\/blogs.univ-jfc.fr\/projetlaperouse\/wp-json\/wp\/v2\/media?parent=250"}],"curies":[{"name":"wp","href":"https:\/\/api.w.org\/{rel}","templated":true}]}}