{"id":257,"date":"2013-06-14T08:21:14","date_gmt":"2013-06-14T07:21:14","guid":{"rendered":"http:\/\/blogs.univ-jfc.fr\/projetlaperouse\/?page_id=257"},"modified":"2014-04-08T10:45:58","modified_gmt":"2014-04-08T09:45:58","slug":"leconomie-maritime","status":"publish","type":"page","link":"https:\/\/blogs.univ-jfc.fr\/projetlaperouse\/la-mer-au-siecles-des-lumieres\/leconomie-maritime\/","title":{"rendered":"L&rsquo;\u00e9conomie maritime"},"content":{"rendered":"<p><!--[if gte mso 9]&gt;--><\/p>\n<div id=\"attachment_4022\" style=\"width: 810px\" class=\"wp-caption alignnone\"><a href=\"http:\/\/blogs.univ-jfc.fr\/projetlaperouse\/wp-content\/uploads\/sites\/9\/2013\/06\/m070104_0001599_p.jpg\"><img aria-describedby=\"caption-attachment-4022\" loading=\"lazy\" class=\"size-full wp-image-4022\" alt=\"Vue du port de Bordeaux,deuxi\u00e8me moiti\u00e9 XVIIIe si\u00e8cle,  gravure  de Balthazar Friedrich Leizel, Bernay, mus\u00e9e des beaux-arts, 35.9 x 51.7 cm.\" src=\"http:\/\/blogs.univ-jfc.fr\/projetlaperouse\/wp-content\/uploads\/sites\/9\/2013\/06\/m070104_0001599_p.jpg\" width=\"800\" height=\"505\" \/><\/a><p id=\"caption-attachment-4022\" class=\"wp-caption-text\"><em>Vue du port de Bordeaux<\/em>, deuxi\u00e8me moiti\u00e9 XVIIIe si\u00e8cle, gravure de Balthazar Friedrich Leizel, mus\u00e9e des beaux-arts, Bernay, 35.9 x 51.7 cm<\/p><\/div>\n<p class=\"MsoNormal\" style=\"margin-bottom: .0001pt;text-align: justify;line-height: 150%\"><span style=\"font-size: 12.0pt;line-height: 150%;font-family: 'Arial','sans-serif'\">\u00a0\u00a0\u00a0 Au XVIIIe si\u00e8cle, la hi\u00e9rarchie des puissances maritimes mondiales est boulevers\u00e9e au niveau du commerce et donc de l\u2019\u00e9conomie maritime. L\u2019intensit\u00e9 des \u00e9changes varient et certains \u00c9tats s\u2019affirment au d\u00e9pend des autres. Les pays europ\u00e9ens dominent le march\u00e9 \u00e9conomique, avec \u00e0 sa t\u00eate les puissances Anglaise, Hollandaise puis Fran\u00e7aise. L\u2019oc\u00e9an Atlantique devient un espace dynamique o\u00f9 gravitent les principaux enjeux \u00e9conomiques. Ces derniers influent sur la politique \u00e9conomique des grandes puissances mondiales.<\/span><\/p>\n<p class=\"MsoNormal\" style=\"margin-bottom: .0001pt;text-align: justify;line-height: 150%\"><span style=\"font-size: 12.0pt;line-height: 150%;font-family: 'Arial','sans-serif'\">\u00a0<\/span><span style=\"font-size: 12.0pt;line-height: 150%;font-family: 'Arial','sans-serif'\"><span>\u00a0\u00a0\u00a0<\/span><\/span><\/p>\n<p class=\"MsoNormal\" style=\"margin-bottom: .0001pt;text-align: justify;line-height: 150%\"><span style=\"font-size: 12.0pt;line-height: 150%;font-family: 'Arial','sans-serif'\"><span>\u00a0\u00a0\u00a0 <\/span><a title=\"Un march\u00e9 \u00e9conomique se met en place autour du commerce maritime au XVIIIe si\u00e8cle\" href=\"http:\/\/blogs.univ-jfc.fr\/projetlaperouse\/la-mer-au-siecles-des-lumieres\/leconomie-maritime\/un-marche-economique-se-met-en-place-autour-du-commerce-maritime-au-xviiie-siecle\/\">Un march\u00e9 se met en place autour de ce commerce maritime<\/a>. De nouveaux int\u00e9r\u00eats apparaissent et sont d\u2019ordre \u00e9conomique. Les produits coloniaux, principalement, int\u00e9ressent fortement les puissances mondiales qui exercent une politique en rapport avec ses nouveaux int\u00e9r\u00eats.<\/span><\/p>\n<p class=\"MsoNormal\" style=\"margin-bottom: .0001pt;text-align: justify;line-height: 150%\"><span style=\"font-size: 12.0pt;line-height: 150%;font-family: 'Arial','sans-serif'\">\u00a0\u00a0\u00a0\u00a0<\/span><\/p>\n<p class=\"MsoNormal\" style=\"margin-bottom: .0001pt;text-align: justify;line-height: 150%\"><span style=\"font-size: 12.0pt;line-height: 150%;font-family: 'Arial','sans-serif'\">\u00a0\u00a0\u00a0 <\/span><span style=\"font-size: 12.0pt;line-height: 150%;font-family: 'Arial','sans-serif'\"><a title=\"Des acteurs entrent en jeu dans ce nouveau type d\u2019\u00e9conomie\" href=\"http:\/\/blogs.univ-jfc.fr\/projetlaperouse\/la-mer-au-siecles-des-lumieres\/leconomie-maritime\/des-acteurs-entrent-en-jeu-dans-ce-nouveau-type-deconomie\/\">Des acteurs entrent en jeu dans ce nouveau type d\u2019\u00e9conomie<\/a>. Les ports prennent une autre dimension avec l\u2019arriv\u00e9e de produits coloniaux venus principalement du nouveau monde. Les ports sont ainsi r\u00e9am\u00e9nag\u00e9s afin de r\u00e9pondre aux besoins d\u2019une \u00e9conomie maritime croissante. Cette \u00e9conomie d\u00e9pend grandement des colonies qui sont \u00e0 l\u2019origine de ce commerce.<\/span><\/p>\n<p class=\"MsoNormal\" style=\"margin-bottom: .0001pt;text-align: justify;line-height: 150%\"><span style=\"font-size: 12.0pt;line-height: 150%;font-family: 'Arial','sans-serif'\">\u00a0<\/span><span style=\"font-size: 12.0pt;line-height: 150%;font-family: 'Arial','sans-serif'\"><span>\u00a0\u00a0\u00a0<\/span><\/span><\/p>\n<p class=\"MsoNormal\" style=\"margin-bottom: .0001pt;text-align: justify;line-height: 150%\"><span style=\"font-size: 12.0pt;line-height: 150%;font-family: 'Arial','sans-serif'\"><span>\u00a0\u00a0\u00a0 <\/span><a title=\"Le commerce maritime tend \u00e0 se diversifier mais reste fragile\" href=\"http:\/\/blogs.univ-jfc.fr\/projetlaperouse\/la-mer-au-siecles-des-lumieres\/leconomie-maritime\/le-commerce-maritime-tend-a-se-diversifier-mais-reste-fragile\/\">Le commerce maritime tend \u00e0 se diversifier mais reste fragile<\/a>. Les objectifs ne sont pas uniquement \u00e9conomiques puisqu\u2019il y a \u00e9galement un d\u00e9sir de d\u00e9couverte, incarn\u00e9 par les navigateurs. L\u2019ins\u00e9curit\u00e9 des oc\u00e9ans, due \u00e0 la pr\u00e9sence de pirates et de corsaires, mais aussi les besoins mat\u00e9riels obligent principalement les Etats europ\u00e9ens, \u00e0 commercer et s\u2019allier entre eux.<\/span><\/p>\n","protected":false},"excerpt":{"rendered":"<p>\u00a0\u00a0\u00a0 Au XVIIIe si\u00e8cle, la hi\u00e9rarchie des puissances maritimes mondiales est boulevers\u00e9e au niveau du commerce et donc de l\u2019\u00e9conomie maritime. L\u2019intensit\u00e9 des \u00e9changes varient et certains \u00c9tats s\u2019affirment au d\u00e9pend des autres. Les pays europ\u00e9ens dominent le march\u00e9 \u00e9conomique, &hellip; <a href=\"https:\/\/blogs.univ-jfc.fr\/projetlaperouse\/la-mer-au-siecles-des-lumieres\/leconomie-maritime\/\">Lire la suite <span class=\"meta-nav\">&rarr;<\/span><\/a><\/p>\n","protected":false},"author":15,"featured_media":369,"parent":18,"menu_order":1,"comment_status":"closed","ping_status":"open","template":"sidebar-page.php","meta":[],"_links":{"self":[{"href":"https:\/\/blogs.univ-jfc.fr\/projetlaperouse\/wp-json\/wp\/v2\/pages\/257"}],"collection":[{"href":"https:\/\/blogs.univ-jfc.fr\/projetlaperouse\/wp-json\/wp\/v2\/pages"}],"about":[{"href":"https:\/\/blogs.univ-jfc.fr\/projetlaperouse\/wp-json\/wp\/v2\/types\/page"}],"author":[{"embeddable":true,"href":"https:\/\/blogs.univ-jfc.fr\/projetlaperouse\/wp-json\/wp\/v2\/users\/15"}],"replies":[{"embeddable":true,"href":"https:\/\/blogs.univ-jfc.fr\/projetlaperouse\/wp-json\/wp\/v2\/comments?post=257"}],"version-history":[{"count":23,"href":"https:\/\/blogs.univ-jfc.fr\/projetlaperouse\/wp-json\/wp\/v2\/pages\/257\/revisions"}],"predecessor-version":[{"id":3189,"href":"https:\/\/blogs.univ-jfc.fr\/projetlaperouse\/wp-json\/wp\/v2\/pages\/257\/revisions\/3189"}],"up":[{"embeddable":true,"href":"https:\/\/blogs.univ-jfc.fr\/projetlaperouse\/wp-json\/wp\/v2\/pages\/18"}],"wp:featuredmedia":[{"embeddable":true,"href":"https:\/\/blogs.univ-jfc.fr\/projetlaperouse\/wp-json\/wp\/v2\/media\/369"}],"wp:attachment":[{"href":"https:\/\/blogs.univ-jfc.fr\/projetlaperouse\/wp-json\/wp\/v2\/media?parent=257"}],"curies":[{"name":"wp","href":"https:\/\/api.w.org\/{rel}","templated":true}]}}