{"id":265,"date":"2013-06-14T08:23:29","date_gmt":"2013-06-14T07:23:29","guid":{"rendered":"http:\/\/blogs.univ-jfc.fr\/projetlaperouse\/?page_id=265"},"modified":"2014-05-25T07:52:31","modified_gmt":"2014-05-25T06:52:31","slug":"marins-et-explorateurs-dans-les-mers-du-sud","status":"publish","type":"page","link":"https:\/\/blogs.univ-jfc.fr\/projetlaperouse\/la-decouverte-du-pacifique\/marins-et-explorateurs-dans-les-mers-du-sud\/","title":{"rendered":"Marins et explorateurs dans les Mers du Sud"},"content":{"rendered":"<p><!--[if gte mso 9]&gt;--><\/p>\n<p style=\"margin-bottom: 0cm;line-height: 150%\"><span style=\"font-family: Arial,sans-serif\"><a href=\"http:\/\/blogs.univ-jfc.fr\/projetlaperouse\/wp-content\/uploads\/sites\/9\/2014\/03\/365px-Jean-Baptiste_Charles_Bouvet_de_Lozier-Hubert_mg_8473.jpg\"><img loading=\"lazy\" class=\" wp-image-1496 alignright\" title=\"Jean-Baptiste-Charles Bouvet de Lozier\" alt=\"365px-Jean-Baptiste_Charles_Bouvet_de_Lozier-Hubert_mg_8473\" src=\"http:\/\/blogs.univ-jfc.fr\/projetlaperouse\/wp-content\/uploads\/sites\/9\/2014\/03\/365px-Jean-Baptiste_Charles_Bouvet_de_Lozier-Hubert_mg_8473.jpg\" width=\"107\" height=\"176\" \/><\/a><\/span><\/p>\n<p align=\"JUSTIFY\"><span style=\"font-family: Arial,sans-serif\"><span style=\"font-size: medium\">Les Mers du Sud, qui \u00e9taient pour les Europ\u00e9ens au XVIIe si\u00e8cle l\u2019Oc\u00e9an Pacifique et l\u2019Oc\u00e9an Indien, ont \u00e9t\u00e9 un lieu d\u2019\u00e9change commercial, de guerres, mais aussi et surtout d\u2019explorations. La France a tenu son r\u00f4le dans cette entreprise avec des exp\u00e9ditions maritimes r\u00e9alis\u00e9es par des marins fran\u00e7ais avant Louis-Antoine de Bougainville, notamment Jean-Baptiste Charles Bouvet de Lozier<\/span><\/span><\/p>\n<p><span style=\"font-family: Arial,sans-serif\"><span style=\"font-size: medium\"><a href=\"http:\/\/blogs.univ-jfc.fr\/projetlaperouse\/wp-content\/uploads\/sites\/9\/2014\/03\/Fer_-_Plan_de_Pondichery.jpg\"><img loading=\"lazy\" class=\" wp-image-1373 alignleft\" title=\"Plan de la cit\u00e9 de Pondich\u00e9ry, typique d'une ville coloniale\" alt=\"Fer_-_Plan_de_Pondichery\" src=\"http:\/\/blogs.univ-jfc.fr\/projetlaperouse\/wp-content\/uploads\/sites\/9\/2014\/03\/Fer_-_Plan_de_Pondichery.jpg\" width=\"209\" height=\"142\" \/><\/a> <\/span><\/span><\/p>\n<p align=\"JUSTIFY\">\u00a0<span style=\"font-family: Arial,sans-serif\"><span style=\"font-size: medium\">Le choix des implantations fran\u00e7aises dans les Mers du Sud n&rsquo;est pas le fruit du hasard. D\u2019importants facteurs strat\u00e9giques et politiques jouent leur r\u00f4le. A partir de la cr\u00e9ation des comptoirs commerciaux de la Compagnie des Indes Orientales, le pays va chercher \u00e0 asseoir son influence dans les Mers du Sud, tout en se donnant les moyens de se d\u00e9fendre face aux ambitions \u00e9trang\u00e8res, gr\u00e2ce \u00e0 des implantations sur la route des Indes. N\u00e9anmoins, toutes les d\u00e9couvertes ne font pas automatiquement l\u2019objet d\u2019une implantation, ni m\u00eame d\u2019une prise de possession. L\u2019Ile de France et l\u2019Ile Bourbon, sont les principales <a title=\"Les implantations fran\u00e7aises dans les Mers du Sud\" href=\"http:\/\/blogs.univ-jfc.fr\/projetlaperouse\/la-decouverte-du-pacifique\/marins-et-explorateurs-dans-les-mers-du-sud\/les-implantations-francaises-dans-les-mers-du-sud\/\">implantations de la France<\/a> dans l&rsquo;oc\u00e9an Indien, gr\u00e2ce \u00e0 leur situation g\u00e9ographique avantageuse.<\/span><\/span><\/p>\n<p align=\"JUSTIFY\"><a href=\"http:\/\/blogs.univ-jfc.fr\/projetlaperouse\/wp-content\/uploads\/sites\/9\/2014\/03\/les-principales-voies-commerciales-au-XVIIIe-si\u00e8cle.png\"><img loading=\"lazy\" class=\"alignright  wp-image-1413\" title=\"Les principales voies commerciales au XVIIIe si\u00e8cle\" alt=\"\" src=\"http:\/\/blogs.univ-jfc.fr\/projetlaperouse\/wp-content\/uploads\/sites\/9\/2014\/03\/les-principales-voies-commerciales-au-XVIIIe-si\u00e8cle.png\" width=\"243\" height=\"184\" \/><\/a><\/p>\n<p align=\"JUSTIFY\"><span style=\"font-family: Arial,sans-serif\"><span style=\"font-size: medium\">Le commerce est la principale motivation des europ\u00e9ens : depuis le XVe si\u00e8cle, le go\u00fbt des \u00e9pices, en particulier, les entra\u00eene \u00e0 explorer les mers \u00e0 la recherche de nouvelles terres. La France, comme les autres puissances (Espagne, Portugal, Grande-Bretagne et Pays-Bas), a pris part \u00e0 cette entreprise, car elle voulait s&rsquo;enrichir en d\u00e9veloppant le commerce. Pour cela, elle a cr\u00e9\u00e9 des comptoirs commerciaux, notamment en Inde, et fond\u00e9 des colonies sur les cinq continents. Le domaine colonial de la France s&rsquo;est ainsi constitu\u00e9, qui sert de support au <a title=\"Le commerce fran\u00e7ais dans les Mers du Sud\" href=\"http:\/\/blogs.univ-jfc.fr\/projetlaperouse\/la-decouverte-du-pacifique\/marins-et-explorateurs-dans-les-mers-du-sud\/le-commerce-francais-dans-les-mers-du-sud\/\">commerce fran\u00e7ais dans les mers du Sud<\/a>, notamment sur l&rsquo;\u00eele Bourbon.<\/span><\/span><\/p>\n<p align=\"JUSTIFY\"><strong>R\u00e9dactrices :<\/strong> Maurel Marie-Anne, Alet Angeline, Dumery Megane<\/p>\n","protected":false},"excerpt":{"rendered":"<p>Les Mers du Sud, qui \u00e9taient pour les Europ\u00e9ens au XVIIe si\u00e8cle l\u2019Oc\u00e9an Pacifique et l\u2019Oc\u00e9an Indien, ont \u00e9t\u00e9 un lieu d\u2019\u00e9change commercial, de guerres, mais aussi et surtout d\u2019explorations. La France a tenu son r\u00f4le dans cette entreprise avec &hellip; <a href=\"https:\/\/blogs.univ-jfc.fr\/projetlaperouse\/la-decouverte-du-pacifique\/marins-et-explorateurs-dans-les-mers-du-sud\/\">Lire la suite <span class=\"meta-nav\">&rarr;<\/span><\/a><\/p>\n","protected":false},"author":15,"featured_media":354,"parent":21,"menu_order":1,"comment_status":"closed","ping_status":"open","template":"sidebar-page.php","meta":[],"_links":{"self":[{"href":"https:\/\/blogs.univ-jfc.fr\/projetlaperouse\/wp-json\/wp\/v2\/pages\/265"}],"collection":[{"href":"https:\/\/blogs.univ-jfc.fr\/projetlaperouse\/wp-json\/wp\/v2\/pages"}],"about":[{"href":"https:\/\/blogs.univ-jfc.fr\/projetlaperouse\/wp-json\/wp\/v2\/types\/page"}],"author":[{"embeddable":true,"href":"https:\/\/blogs.univ-jfc.fr\/projetlaperouse\/wp-json\/wp\/v2\/users\/15"}],"replies":[{"embeddable":true,"href":"https:\/\/blogs.univ-jfc.fr\/projetlaperouse\/wp-json\/wp\/v2\/comments?post=265"}],"version-history":[{"count":55,"href":"https:\/\/blogs.univ-jfc.fr\/projetlaperouse\/wp-json\/wp\/v2\/pages\/265\/revisions"}],"predecessor-version":[{"id":4477,"href":"https:\/\/blogs.univ-jfc.fr\/projetlaperouse\/wp-json\/wp\/v2\/pages\/265\/revisions\/4477"}],"up":[{"embeddable":true,"href":"https:\/\/blogs.univ-jfc.fr\/projetlaperouse\/wp-json\/wp\/v2\/pages\/21"}],"wp:featuredmedia":[{"embeddable":true,"href":"https:\/\/blogs.univ-jfc.fr\/projetlaperouse\/wp-json\/wp\/v2\/media\/354"}],"wp:attachment":[{"href":"https:\/\/blogs.univ-jfc.fr\/projetlaperouse\/wp-json\/wp\/v2\/media?parent=265"}],"curies":[{"name":"wp","href":"https:\/\/api.w.org\/{rel}","templated":true}]}}