{"id":4601,"date":"2014-05-29T13:56:59","date_gmt":"2014-05-29T12:56:59","guid":{"rendered":"http:\/\/blogs.univ-jfc.fr\/projetlaperouse\/?page_id=4601"},"modified":"2014-06-18T08:14:08","modified_gmt":"2014-06-18T07:14:08","slug":"la-presse-en-parle","status":"publish","type":"page","link":"https:\/\/blogs.univ-jfc.fr\/projetlaperouse\/le-projet-2\/la-presse-en-parle\/","title":{"rendered":"La presse en parle"},"content":{"rendered":"<ul>\n<li>Article de la D\u00e9p\u00eache du Midi : pr\u00e9sentation de la page web par les \u00e9tudiants. A lire <a href=\"http:\/\/www.ladepeche.fr\/article\/2014\/04\/16\/1864463-albi-projet-laperouse-etudiants-histoire-bientot-web.html\">ici<\/a><\/li>\n<\/ul>\n<div id=\"attachment_4604\" style=\"width: 360px\" class=\"wp-caption aligncenter\"><a href=\"http:\/\/blogs.univ-jfc.fr\/projetlaperouse\/wp-content\/uploads\/sites\/9\/2014\/05\/201404161732-full.jpg\"><img aria-describedby=\"caption-attachment-4604\" loading=\"lazy\" class=\"size-full wp-image-4604\" alt=\"Photo de l'article de La D\u00e9p\u00eache du Midi \" src=\"http:\/\/blogs.univ-jfc.fr\/projetlaperouse\/wp-content\/uploads\/sites\/9\/2014\/05\/201404161732-full.jpg\" width=\"350\" height=\"175\" \/><\/a><p id=\"caption-attachment-4604\" class=\"wp-caption-text\">Photo de l&rsquo;article de La D\u00e9p\u00eache du Midi<\/p><\/div>\n<ul>\n<li>Article d&rsquo;Albi Mag n\u00b0 172. A t\u00e9l\u00e9charger <a href=\"http:\/\/www.mairie-albi.fr\/publications\/pdf\/AM172.pdf\">ici<\/a>, voir page 25.<\/li>\n<\/ul>\n<div id=\"attachment_4607\" style=\"width: 341px\" class=\"wp-caption aligncenter\"><a href=\"http:\/\/blogs.univ-jfc.fr\/projetlaperouse\/wp-content\/uploads\/sites\/9\/2014\/05\/albi-mag.jpg\"><img aria-describedby=\"caption-attachment-4607\" loading=\"lazy\" class=\" wp-image-4607  \" alt=\"Photo de l'article d'Albi Mag n\u00b0 172, p. 25.\" src=\"http:\/\/blogs.univ-jfc.fr\/projetlaperouse\/wp-content\/uploads\/sites\/9\/2014\/05\/albi-mag.jpg\" width=\"331\" height=\"230\" srcset=\"https:\/\/blogs.univ-jfc.fr\/projetlaperouse\/wp-content\/uploads\/sites\/9\/2014\/05\/albi-mag.jpg 517w, https:\/\/blogs.univ-jfc.fr\/projetlaperouse\/wp-content\/uploads\/sites\/9\/2014\/05\/albi-mag-430x300.jpg 430w\" sizes=\"(max-width: 331px) 100vw, 331px\" \/><\/a><p id=\"caption-attachment-4607\" class=\"wp-caption-text\">Photo de l&rsquo;article d&rsquo;Albi Mag n\u00b0 172, p. 25.<\/p><\/div>\n<p>&nbsp;<\/p>\n<p>&nbsp;<\/p>\n","protected":false},"excerpt":{"rendered":"<p>Article de la D\u00e9p\u00eache du Midi : pr\u00e9sentation de la page web par les \u00e9tudiants. A lire ici Article d&rsquo;Albi Mag n\u00b0 172. A t\u00e9l\u00e9charger ici, voir page 25. &nbsp; &nbsp;<\/p>\n","protected":false},"author":20,"featured_media":4658,"parent":406,"menu_order":2,"comment_status":"closed","ping_status":"open","template":"","meta":[],"_links":{"self":[{"href":"https:\/\/blogs.univ-jfc.fr\/projetlaperouse\/wp-json\/wp\/v2\/pages\/4601"}],"collection":[{"href":"https:\/\/blogs.univ-jfc.fr\/projetlaperouse\/wp-json\/wp\/v2\/pages"}],"about":[{"href":"https:\/\/blogs.univ-jfc.fr\/projetlaperouse\/wp-json\/wp\/v2\/types\/page"}],"author":[{"embeddable":true,"href":"https:\/\/blogs.univ-jfc.fr\/projetlaperouse\/wp-json\/wp\/v2\/users\/20"}],"replies":[{"embeddable":true,"href":"https:\/\/blogs.univ-jfc.fr\/projetlaperouse\/wp-json\/wp\/v2\/comments?post=4601"}],"version-history":[{"count":5,"href":"https:\/\/blogs.univ-jfc.fr\/projetlaperouse\/wp-json\/wp\/v2\/pages\/4601\/revisions"}],"predecessor-version":[{"id":4659,"href":"https:\/\/blogs.univ-jfc.fr\/projetlaperouse\/wp-json\/wp\/v2\/pages\/4601\/revisions\/4659"}],"up":[{"embeddable":true,"href":"https:\/\/blogs.univ-jfc.fr\/projetlaperouse\/wp-json\/wp\/v2\/pages\/406"}],"wp:featuredmedia":[{"embeddable":true,"href":"https:\/\/blogs.univ-jfc.fr\/projetlaperouse\/wp-json\/wp\/v2\/media\/4658"}],"wp:attachment":[{"href":"https:\/\/blogs.univ-jfc.fr\/projetlaperouse\/wp-json\/wp\/v2\/media?parent=4601"}],"curies":[{"name":"wp","href":"https:\/\/api.w.org\/{rel}","templated":true}]}}