{"id":25,"date":"2022-07-06T15:23:18","date_gmt":"2022-07-06T13:23:18","guid":{"rendered":"https:\/\/blogs.univ-jfc.fr\/raes\/?page_id=25"},"modified":"2022-08-24T15:18:39","modified_gmt":"2022-08-24T13:18:39","slug":"mobileprint","status":"publish","type":"page","link":"https:\/\/blogs.univ-jfc.fr\/raes\/mobileprint\/","title":{"rendered":"MobilePrint"},"content":{"rendered":"\n<p>Ce projet est une version smartphone Android du premier projet HoloPrint, qui a aussi pour objectif d&rsquo;accompagner et former une personne \u00e0 l&rsquo;utilisation d&rsquo;une imprimante 3D.<\/p>\n\n\n\n<p>Tout le monde ne poss\u00e8de pas encore de casque de r\u00e9alit\u00e9 mixte \u00e0 la maison et encore moins sur soi, et c&rsquo;est ainsi qu&rsquo;interviennent les smartphones, et de ce fait la raison de cette version mobile du projet: rendre le projet HoloPrint plus accessible pour tout le monde.<\/p>\n\n\n\n<p>Le but \u00e9tait donc d&rsquo;imaginer une application \u00ab\u00a0compagnon\u00a0\u00bb d&rsquo;utilisation d&rsquo;une imprimante 3D, dans sa poche, d\u00e9ployable \u00e0 tout moment.<br>D\u00e8s que l&rsquo;on souhaite utiliser la machine ou bien que l&rsquo;on ait oubli\u00e9 comment faire, il suffirait de sortir son t\u00e9l\u00e9phone, scanner la machine, et suivre les instructions que l&rsquo;on souhaite : Imprimer, Changer de mat\u00e9riau, Maintenance, etc.<\/p>\n\n\n\n<figure class=\"wp-block-embed is-type-video is-provider-youtube wp-block-embed-youtube wp-embed-aspect-16-9 wp-has-aspect-ratio\"><div class=\"wp-block-embed__wrapper\">\n<iframe title=\"Compagnon portable pour imprimante 3D en R\u00e9alit\u00e9 Augment\u00e9e\" width=\"584\" height=\"329\" src=\"https:\/\/www.youtube.com\/embed\/iGQtupEXyr8?feature=oembed\" frameborder=\"0\" allow=\"accelerometer; autoplay; clipboard-write; encrypted-media; gyroscope; picture-in-picture\" allowfullscreen><\/iframe>\n<\/div><\/figure>\n","protected":false},"excerpt":{"rendered":"<p>Ce projet est une version smartphone Android du premier projet HoloPrint, qui a aussi pour objectif d&rsquo;accompagner et former une personne \u00e0 l&rsquo;utilisation d&rsquo;une imprimante 3D. Tout le monde ne poss\u00e8de pas encore de casque de r\u00e9alit\u00e9 mixte \u00e0 la &hellip; <a href=\"https:\/\/blogs.univ-jfc.fr\/raes\/mobileprint\/\">Lire la suite <span class=\"meta-nav\">&rarr;<\/span><\/a><\/p>\n","protected":false},"author":882,"featured_media":0,"parent":0,"menu_order":3,"comment_status":"closed","ping_status":"closed","template":"","meta":[],"_links":{"self":[{"href":"https:\/\/blogs.univ-jfc.fr\/raes\/wp-json\/wp\/v2\/pages\/25"}],"collection":[{"href":"https:\/\/blogs.univ-jfc.fr\/raes\/wp-json\/wp\/v2\/pages"}],"about":[{"href":"https:\/\/blogs.univ-jfc.fr\/raes\/wp-json\/wp\/v2\/types\/page"}],"author":[{"embeddable":true,"href":"https:\/\/blogs.univ-jfc.fr\/raes\/wp-json\/wp\/v2\/users\/882"}],"replies":[{"embeddable":true,"href":"https:\/\/blogs.univ-jfc.fr\/raes\/wp-json\/wp\/v2\/comments?post=25"}],"version-history":[{"count":6,"href":"https:\/\/blogs.univ-jfc.fr\/raes\/wp-json\/wp\/v2\/pages\/25\/revisions"}],"predecessor-version":[{"id":77,"href":"https:\/\/blogs.univ-jfc.fr\/raes\/wp-json\/wp\/v2\/pages\/25\/revisions\/77"}],"wp:attachment":[{"href":"https:\/\/blogs.univ-jfc.fr\/raes\/wp-json\/wp\/v2\/media?parent=25"}],"curies":[{"name":"wp","href":"https:\/\/api.w.org\/{rel}","templated":true}]}}