{"id":194,"date":"2015-03-09T14:27:56","date_gmt":"2015-03-09T13:27:56","guid":{"rendered":"http:\/\/blogs.univ-jfc.fr\/socio\/?page_id=194"},"modified":"2015-03-09T14:42:11","modified_gmt":"2015-03-09T13:42:11","slug":"la-serendipite-comme-grille-de-lecture-des-itineraires-touristiques","status":"publish","type":"page","link":"https:\/\/blogs.univ-jfc.fr\/socio\/la-serendipite-comme-grille-de-lecture-des-itineraires-touristiques\/","title":{"rendered":"La \u00ab\u00a0s\u00e9rendipit\u00e9\u00a0\u00bb comme grille de lecture des itin\u00e9raires touristiques"},"content":{"rendered":"<h6 style=\"text-align: justify\">Poster rendant compte d&rsquo;une recherche en cours sur le dessin des parcours touristiques et l&rsquo;influence des applications mobiles sur leur red\u00e9finition.<\/h6>\n<p>&nbsp;<\/p>\n<p style=\"text-align: justify\"><a href=\"http:\/\/blogs.univ-jfc.fr\/socio\/wp-content\/uploads\/sites\/23\/2015\/03\/Poster-Calvignac_Smolinski_Panzoli_Nuit-des-chercheurs-3.pdf\">Poster Calvignac_Smolinski_Panzoli_Nuit des chercheurs (3)<\/a><\/p>\n<h6 style=\"text-align: justify\">Cette enqu\u00eate s&rsquo;inscrit dans le cadre d&rsquo;un partenariat entre les fili\u00e8res de sociologie et d&rsquo;informatique du CUFR J-F Champollion d&rsquo;Albi.<\/h6>\n<h6 style=\"text-align: justify\">Une application mobile permettant de d\u00e9couvrir l&rsquo;aire touristique albigeoise a \u00e9t\u00e9 cr\u00e9\u00e9e par deux \u00e9tudiants en Informatique encadr\u00e9s par leur enseignant: David Panzoli (MCF). Cette application est au c\u0153ur d&rsquo;un protocole d&rsquo;enqu\u00eate visant \u00e0 mieux comprendre l&rsquo;orientation touristique en ville.\u00a0[Projet financ\u00e9 par le LabEx SMS].<\/h6>\n","protected":false},"excerpt":{"rendered":"<p>Poster rendant compte d&rsquo;une recherche en cours sur le dessin des parcours touristiques et l&rsquo;influence des applications mobiles sur leur red\u00e9finition. &nbsp; Poster Calvignac_Smolinski_Panzoli_Nuit des chercheurs (3) Cette enqu\u00eate s&rsquo;inscrit dans le cadre d&rsquo;un partenariat entre les fili\u00e8res de sociologie &hellip; <a href=\"https:\/\/blogs.univ-jfc.fr\/socio\/la-serendipite-comme-grille-de-lecture-des-itineraires-touristiques\/\">Lire la suite <span class=\"meta-nav\">&rarr;<\/span><\/a><\/p>\n","protected":false},"author":26,"featured_media":0,"parent":0,"menu_order":0,"comment_status":"closed","ping_status":"closed","template":"","meta":[],"_links":{"self":[{"href":"https:\/\/blogs.univ-jfc.fr\/socio\/wp-json\/wp\/v2\/pages\/194"}],"collection":[{"href":"https:\/\/blogs.univ-jfc.fr\/socio\/wp-json\/wp\/v2\/pages"}],"about":[{"href":"https:\/\/blogs.univ-jfc.fr\/socio\/wp-json\/wp\/v2\/types\/page"}],"author":[{"embeddable":true,"href":"https:\/\/blogs.univ-jfc.fr\/socio\/wp-json\/wp\/v2\/users\/26"}],"replies":[{"embeddable":true,"href":"https:\/\/blogs.univ-jfc.fr\/socio\/wp-json\/wp\/v2\/comments?post=194"}],"version-history":[{"count":4,"href":"https:\/\/blogs.univ-jfc.fr\/socio\/wp-json\/wp\/v2\/pages\/194\/revisions"}],"predecessor-version":[{"id":201,"href":"https:\/\/blogs.univ-jfc.fr\/socio\/wp-json\/wp\/v2\/pages\/194\/revisions\/201"}],"wp:attachment":[{"href":"https:\/\/blogs.univ-jfc.fr\/socio\/wp-json\/wp\/v2\/media?parent=194"}],"curies":[{"name":"wp","href":"https:\/\/api.w.org\/{rel}","templated":true}]}}