{"id":1035,"date":"2019-04-17T06:56:43","date_gmt":"2019-04-17T05:56:43","guid":{"rendered":"http:\/\/blogs.univ-jfc.fr\/studium\/?page_id=1035"},"modified":"2023-07-10T09:22:41","modified_gmt":"2023-07-10T08:22:41","slug":"duffau-martie-therese","status":"publish","type":"page","link":"https:\/\/blogs.univ-jfc.fr\/studium\/les-membres\/duffau-martie-therese\/","title":{"rendered":"DUFFAU Marie-Th\u00e9r\u00e8se"},"content":{"rendered":"<p><img loading=\"lazy\" class=\" wp-image-1466 aligncenter\" src=\"http:\/\/blogs.univ-jfc.fr\/universitas\/wp-content\/uploads\/sites\/73\/2019\/03\/duffau.jpg\" alt=\"\" width=\"144\" height=\"202\"><\/p>\n<p>Historienne, chercheure CNRS, laboratoire Framespa (UMR 5136).<\/p>\n<p>Courriel : <span class=\"GCSDBRWBBQC\"><a class=\"GCSDBRWBAVB\"><span class=\"GCSDBRWBDPC\">marie-therese.duffau@univ-tlse2.fr<\/span><\/a><\/span><\/p>\n<p><strong>Publications<\/strong><\/p>\n<p><strong><em>Ouvrage<\/em><\/strong><\/p>\n<p class=\"a-size-medium s-inline s-access-title a-text-normal\"><em>Bruno de Solages : Biographie d&rsquo;un intellectuel engag\u00e9 (1895-1983)<\/em>,Paris, Pierre T\u00e9qui Editeur, 2014, 560 p.<img loading=\"lazy\" class=\"wp-image-188 aligncenter\" src=\"http:\/\/blogs.univ-jfc.fr\/universitas\/wp-content\/uploads\/sites\/73\/2019\/02\/41rTxCR3goL._UY250_.jpg\" alt=\"\" width=\"148\" height=\"211\"><\/p>\n<p><em><strong>Articles ou chapitres de livres<br \/>\n<\/strong><\/em><\/p>\n<ul>\n<li>Marie-Th\u00e9r\u00e8se Duffau, \u00ab\u00a0Oullins et le Tiers-Ordre Enseignant\u00a0\u00bb, dans Samuel Gicquel et Fr\u00e9d\u00e9ric Le Moigne (sir.), <em>L&rsquo;Eglise dans l&rsquo;enseignement secondaire. les institutions catholique en France (XIXe-XXIe si\u00e8cles)<\/em>, Rennes, Presses Universitaires de Rennes (PUR), 2022, p. 57-65.<\/li>\n<li>Marie-Th\u00e9r\u00e8se Duffau, \u00ab&nbsp;Le pain quotidien et la part du pauvre&nbsp;\u00bb,<em> Bulletin de Litt\u00e9rature Eccl\u00e9siastique, Toulouse, Bulletin de Litt\u00e9rature eccl\u00e9siastique<\/em>, Toulouse, E. Privat&nbsp;; Paris: Lethielleux, janvier 2021.<\/li>\n<li>Marie-Th\u00e9r\u00e8se Duffau, \u00ab Bienfaisance et victimes : les r\u00e9actions \u00e0 l\u2019incendie du Bazar de la Charit\u00e9 \u00bb, dans Charles Coutel, Mireille Demaule et Olivier Rota (dir.),&nbsp;<em>La charit\u00e9, de la Bible \u00e0 nos jours<\/em>,&nbsp;<em>Revue du Nord<\/em>, HS n\u00b0 41\u2013 coll. \u00ab&nbsp;Histoire&nbsp;\u00bb, 2021.<\/li>\n<li>Marie-Th\u00e9r\u00e8se Duffau \u00ab Oullins et le tiers ordre enseignant \u00bb, Fr\u00e9d\u00e9ric Le Moigne et Samuel Gicquel (dir.), <em>Les institutions catholiques d&rsquo;enseignement secondaire en France \u00e0 l&rsquo;\u00e9poque contemporaine<\/em>. Rennes, Presses Universitaire de Rennes, 2021.<\/li>\n<li>Marie-Th\u00e9r\u00e8se Duffau, \u00ab\u00a0une \u00e9cole et des contes populaires. La Soci\u00e9t\u00e9 traditionnaliste de Comberouger\u00a0\u00bb, dans Marion Mas et Anne-Marie Mercier-Faivre, <em>Ecrire pour la jeunesse et pour les adultes<\/em>, Paris, Garnier, 2020, p. 195-208.<\/li>\n<li>Marie-Th\u00e9r\u00e8se Duffau \u00ab&nbsp;<em>Les Droits de la Jeunesse<\/em> et les mobilisations des \u00e9l\u00e8ves dans les lyc\u00e9es du Midi de la France au d\u00e9but des ann\u00e9es 1880&nbsp;\u00bb, St\u00e9phane Lembr\u00e9 et J\u00e9r\u00f4me Krop (dir.). <em>Histoire des \u00e9l\u00e8ves en France<\/em>, volume 2, Villeneuve d\u2019Ascq, Presses Universitaires du Septentrion, 2020, p. 245-264.<\/li>\n<li>Marie-Th\u00e9r\u00e8se Duffau, \u00ab&nbsp;L\u2019apostolat et sa mise en oeuvre dans le dioc\u00e8se de Toulouse (du d\u00e9but du XIXe si\u00e8cle \u00e0 la Seconde Guerre mondiale), dans Charles Coutel, Olivier ROTA (dir.), <em>Se faire ap\u00f4tre du XIXe si\u00e8cle \u00e0 nos jours<\/em>, Paris, Parole et Silence, 2019, p. 59-79.<\/li>\n<li>\u00ab\u00a0<a href=\"http:\/\/impossibilia.org\/index.php\/impossibilia\/article\/view\/284\">Milieux de vie et classes sociales : Perbosc et les lectures enfantines du XIXe si\u00e8cle<\/a>\u00ab\u00a0, Impossibilia. <em>Revista internacional des estudios literarios<\/em>, 30 mai 2019.<\/li>\n<li>R\u00e9sum\u00e9 sur <a href=\"https:\/\/sms.hypotheses.org\/267\" target=\"_blank\" rel=\"noopener noreferrer\">\u00ab Bruno de Solages (1895-1982). Biographie d\u2019un intellectuel catholique engag\u00e9 \u00bb <\/a>pour le magazine scientifique (internet) du Labex SMS (Structurations des mondes sociaux), 2013.<\/li>\n<li>\u00ab&nbsp;Bruno de Solages et Henri de Lubac&nbsp;\u00bb, <em>Bulletin de l\u2019Association Internationale Henri de Lubac<\/em>, tome&nbsp;XIII, 2011, p. 43-66, 2011.<\/li>\n<li>\u00ab&nbsp;Des \u00e9tudiants juifs r\u00e9fugi\u00e9s \u00e0 l\u2019Institut catholique de Toulouse pendant les ann\u00e9es noires&nbsp;\u00bb, <em>Diasporas, <\/em>\u00ab&nbsp;<em>Haines <\/em>\u00bb, UTM, Toulouse, n\u00b0 10, juin 2007, p.&nbsp;134-138.<\/li>\n<li>\u00ab&nbsp;L\u2019Institut Catholique de Toulouse pendant les ann\u00e9es noires (1940-1944)&nbsp;\u00bb, <em>Bulletin de Litt\u00e9rature Eccl\u00e9siastique<\/em>, ICT, Toulouse, CV\/4, octobre-d\u00e9cembre 2004, p. 353-370.<\/li>\n<li>\u00ab&nbsp;Vialatoux et M<sup>gr<\/sup> Bruno de Solages&nbsp;: engagement intellectuel et t\u00e9moignage chr\u00e9tien&nbsp;\u00bb,&nbsp; dans Emmanuel Gabellieri et Paul Moreau (dir.), <em>Humanisme et philosophie citoyenne. Joseph Vialatoux et Jean Lacroix. <\/em>Paris, Descl\u00e9e de Brouwer\/Lethielleux, p. 163-180.<\/li>\n<li>\u00ab&nbsp;Un foyer de rayonnement de l\u2019intelligence catholique&nbsp;: l\u2019Institut catholique de Toulouse sous le rectorat de Bruno de Solages&nbsp;\u00bb, communication, colloque sur Toulouse, \u00e0 l\u2019UTM, (\u00ab&nbsp;Toulouse, une m\u00e9tropole m\u00e9ridionale&nbsp;: vingt si\u00e8cles de vie urbaine&nbsp;\u00bb, 58<sup>e<\/sup> Congr\u00e8s de la F\u00e9d\u00e9ration historique de Midi-Pyr\u00e9n\u00e9es, du 14 au 16 juin 2007).&nbsp; dans B.&nbsp;Suau, J.-P. Amalric et J.-M. Olivier (\u00e9ds.), <em>Toulouse, une m\u00e9tropole m\u00e9ridionale&nbsp;: vingt si\u00e8cles de vie urbaine, <\/em> \u00ab&nbsp;M\u00e9ridiennes&nbsp;\u00bb, F\u00e9d\u00e9ration historique de Midi-Pyr\u00e9n\u00e9es, 2009, vol. 2, p. 639-650.<\/li>\n<li>\u00ab&nbsp;M<sup>gr<\/sup> Sali\u00e8ge chancelier de l\u2019Institut catholique [de Toulouse]&nbsp;\u00bb, <em>Bulletin de Litt\u00e9rature Eccl\u00e9siastique<\/em>, ICT, Toulouse, CVIII\/1, janvier-mars 2007, p. 127-146<em>.<\/em><\/li>\n<li>\u00ab&nbsp;Le Mensonge chez Vladimir Jank\u00e9l\u00e9vitch&nbsp;\u00bb (Borne, Jank\u00e9l\u00e9vitch (\u00ab Andr\u00e9 Dumez \u00bb) et Le Mensonge raciste \u00bb), dans H. Lethierry (dir.), <em>Agir avec Jank\u00e9l\u00e9vitch. Col\u00e8re et mensonges<\/em>, Chronique sociale, coll. Savoir penser, Lyon, 2013, p. 97-103.<\/li>\n<li>La Philosophie de M<sup>gr<\/sup> Bruno de Solages\u00bb, <em>Recueil de publications de la Soci\u00e9t\u00e9 toulousaine de philosophie<\/em>, 2010-2011, p.&nbsp;17-39.<\/li>\n<li>\u00ab&nbsp;L\u2019action de Bruno de Solages \u00e0 Toulouse et l\u2019enseignement de Pie XI&nbsp;\u00bb, J. Pr\u00e9votat (dir.), <em>Pie XI et la France&nbsp;: l\u2019apport des archives du pontificat de Pie&nbsp;XI \u00e0 la connaissance des rapports entre le Saint-Si\u00e8ge et la France<\/em>, coll. de l\u2019\u00c9cole fran\u00e7aise de Rome (EFR) 438, Rome, EFR, 2010, p. 403-420.<\/li>\n<li>Jank\u00e9l\u00e9vitch \u00e0 Toulouse : clandestinit\u00e9 et r\u00e9sistance \u00bb, dans <em>Vladimir Jank\u00e9l\u00e9vitch <\/em>(actes),<em> Bulletin de Litt\u00e9rature Eccl\u00e9siastique<\/em>, ICT, Toulouse, CVII\/2, avril-juin 2006, p. 225-236.<\/li>\n<\/ul>\n","protected":false},"excerpt":{"rendered":"<p>Historienne, chercheure CNRS, laboratoire Framespa (UMR 5136). Courriel : marie-therese.duffau@univ-tlse2.fr Publications Ouvrage Bruno de Solages : Biographie d&rsquo;un intellectuel engag\u00e9 (1895-1983),Paris, Pierre T\u00e9qui Editeur, 2014, 560 p. Articles ou chapitres de livres Marie-Th\u00e9r\u00e8se Duffau, \u00ab\u00a0Oullins et le Tiers-Ordre Enseignant\u00a0\u00bb, dans Samuel Gicquel et Fr\u00e9d\u00e9ric Le Moigne (sir.), L&rsquo;Eglise dans l&rsquo;enseignement secondaire. les institutions catholique en &hellip; <a href=\"https:\/\/blogs.univ-jfc.fr\/studium\/les-membres\/duffau-martie-therese\/\" class=\"more-link\">Continuer la lecture de <span class=\"screen-reader-text\">DUFFAU Marie-Th\u00e9r\u00e8se<\/span> <span class=\"meta-nav\">&rarr;<\/span><\/a><\/p>\n","protected":false},"author":19,"featured_media":0,"parent":10,"menu_order":9,"comment_status":"closed","ping_status":"closed","template":"","meta":[],"_links":{"self":[{"href":"https:\/\/blogs.univ-jfc.fr\/studium\/wp-json\/wp\/v2\/pages\/1035"}],"collection":[{"href":"https:\/\/blogs.univ-jfc.fr\/studium\/wp-json\/wp\/v2\/pages"}],"about":[{"href":"https:\/\/blogs.univ-jfc.fr\/studium\/wp-json\/wp\/v2\/types\/page"}],"author":[{"embeddable":true,"href":"https:\/\/blogs.univ-jfc.fr\/studium\/wp-json\/wp\/v2\/users\/19"}],"replies":[{"embeddable":true,"href":"https:\/\/blogs.univ-jfc.fr\/studium\/wp-json\/wp\/v2\/comments?post=1035"}],"version-history":[{"count":9,"href":"https:\/\/blogs.univ-jfc.fr\/studium\/wp-json\/wp\/v2\/pages\/1035\/revisions"}],"predecessor-version":[{"id":2461,"href":"https:\/\/blogs.univ-jfc.fr\/studium\/wp-json\/wp\/v2\/pages\/1035\/revisions\/2461"}],"up":[{"embeddable":true,"href":"https:\/\/blogs.univ-jfc.fr\/studium\/wp-json\/wp\/v2\/pages\/10"}],"wp:attachment":[{"href":"https:\/\/blogs.univ-jfc.fr\/studium\/wp-json\/wp\/v2\/media?parent=1035"}],"curies":[{"name":"wp","href":"https:\/\/api.w.org\/{rel}","templated":true}]}}