{"id":1742,"date":"2020-09-29T09:47:07","date_gmt":"2020-09-29T08:47:07","guid":{"rendered":"http:\/\/blogs.univ-jfc.fr\/studium\/?page_id=1742"},"modified":"2020-09-29T13:54:17","modified_gmt":"2020-09-29T12:54:17","slug":"collet-pauline-doctorante","status":"publish","type":"page","link":"https:\/\/blogs.univ-jfc.fr\/studium\/les-membres\/collet-pauline-doctorante\/","title":{"rendered":"COLLET, Pauline (Doctorante)"},"content":{"rendered":"<p style=\"text-align: justify\"><a href=\"http:\/\/blogs.univ-jfc.fr\/studium\/wp-content\/uploads\/sites\/44\/2020\/09\/IMG-6993.jpg\"><img loading=\"lazy\" class=\"alignright  wp-image-1749\" src=\"http:\/\/blogs.univ-jfc.fr\/studium\/wp-content\/uploads\/sites\/44\/2020\/09\/IMG-6993-225x300.jpg\" alt=\"\" width=\"171\" height=\"228\" srcset=\"https:\/\/blogs.univ-jfc.fr\/studium\/wp-content\/uploads\/sites\/44\/2020\/09\/IMG-6993-225x300.jpg 225w, https:\/\/blogs.univ-jfc.fr\/studium\/wp-content\/uploads\/sites\/44\/2020\/09\/IMG-6993.jpg 480w\" sizes=\"(max-width: 171px) 100vw, 171px\" \/><\/a><\/p>\n<p style=\"text-align: justify\">Doctorante en histoire contemporaine.<\/p>\n<p style=\"text-align: justify\">Sujet de th\u00e8se : Construire l&rsquo;universit\u00e9 de Toulouse. Etude de l\u2019\u00e9volution de l\u2019universit\u00e9 \u00e0 travers l\u2019\u00e9volution des b\u00e2timents de la fin du XIX<sup>e<\/sup> si\u00e8cle \u00e0 nos jours, sous la co-direction de Jean-Michel Minovez (GEODE) et de Caroline Barrera (Framespa)<\/p>\n<p>Contact : <span class=\"GCSDBRWBDQC\"><a class=\"GCSDBRWBFVB\"><span class=\"GCSDBRWBMPC\">pauline.collet94@gmail.com<\/span><\/a><\/span><\/p>\n<h5><span style=\"color: #b80d0d\">Mots-clefs<\/span> : universit\u00e9s, gouvernance, architecture<\/h5>\n<h5><span style=\"color: #b80d0d\">Chantiers <\/span>: Sciences studies (chantier 3)<\/h5>\n<h6><strong>&gt; Les institutions scientifiques ; le b\u00e2ti et le patrimoine universitaire<\/strong><\/h6>\n<h4>\u00a0<span style=\"color: #b80d0d\">Bibliographie<\/span><\/h4>\n<p>COLLET Pauline, <em>L\u2019histoire d\u2019une utopie. La construction de l\u2019Universit\u00e9 Toulouse-Le Mirail entre 1965 et 1971<\/em>, m\u00e9moire de M2 sous la direction de J.-M. Minovez, Universit\u00e9 Toulouse Jean Jaur\u00e8s, 2020, 225 p.<\/p>\n","protected":false},"excerpt":{"rendered":"<p>Doctorante en histoire contemporaine. Sujet de th\u00e8se : Construire l&rsquo;universit\u00e9 de Toulouse. Etude de l\u2019\u00e9volution de l\u2019universit\u00e9 \u00e0 travers l\u2019\u00e9volution des b\u00e2timents de la fin du XIXe si\u00e8cle \u00e0 nos jours, sous la co-direction de Jean-Michel Minovez (GEODE) et de Caroline Barrera (Framespa) Contact : pauline.collet94@gmail.com Mots-clefs : universit\u00e9s, gouvernance, architecture Chantiers : Sciences studies &hellip; <a href=\"https:\/\/blogs.univ-jfc.fr\/studium\/les-membres\/collet-pauline-doctorante\/\" class=\"more-link\">Continuer la lecture de <span class=\"screen-reader-text\">COLLET, Pauline (Doctorante)<\/span> <span class=\"meta-nav\">&rarr;<\/span><\/a><\/p>\n","protected":false},"author":19,"featured_media":0,"parent":10,"menu_order":10,"comment_status":"closed","ping_status":"closed","template":"","meta":[],"_links":{"self":[{"href":"https:\/\/blogs.univ-jfc.fr\/studium\/wp-json\/wp\/v2\/pages\/1742"}],"collection":[{"href":"https:\/\/blogs.univ-jfc.fr\/studium\/wp-json\/wp\/v2\/pages"}],"about":[{"href":"https:\/\/blogs.univ-jfc.fr\/studium\/wp-json\/wp\/v2\/types\/page"}],"author":[{"embeddable":true,"href":"https:\/\/blogs.univ-jfc.fr\/studium\/wp-json\/wp\/v2\/users\/19"}],"replies":[{"embeddable":true,"href":"https:\/\/blogs.univ-jfc.fr\/studium\/wp-json\/wp\/v2\/comments?post=1742"}],"version-history":[{"count":6,"href":"https:\/\/blogs.univ-jfc.fr\/studium\/wp-json\/wp\/v2\/pages\/1742\/revisions"}],"predecessor-version":[{"id":1751,"href":"https:\/\/blogs.univ-jfc.fr\/studium\/wp-json\/wp\/v2\/pages\/1742\/revisions\/1751"}],"up":[{"embeddable":true,"href":"https:\/\/blogs.univ-jfc.fr\/studium\/wp-json\/wp\/v2\/pages\/10"}],"wp:attachment":[{"href":"https:\/\/blogs.univ-jfc.fr\/studium\/wp-json\/wp\/v2\/media?parent=1742"}],"curies":[{"name":"wp","href":"https:\/\/api.w.org\/{rel}","templated":true}]}}