{"id":2475,"date":"2024-03-04T15:24:07","date_gmt":"2024-03-04T14:24:07","guid":{"rendered":"http:\/\/blogs.univ-jfc.fr\/studium\/?page_id=2475"},"modified":"2025-09-02T17:03:29","modified_gmt":"2025-09-02T16:03:29","slug":"planning-des-activites-scientifiques-2024-2025","status":"publish","type":"page","link":"https:\/\/blogs.univ-jfc.fr\/studium\/planning-des-activites-scientifiques-2024-2025\/","title":{"rendered":"Manifestations scientifiques 2025-2026"},"content":{"rendered":"\n<h4><span class=\"has-inline-color has-yellow-color\">24 octobre 2025 \u2013 14h-16h : S\u00e9minaire Universitas &#8211; Biblioth\u00e8que d&rsquo;\u00e9tudes m\u00e9ridionales &#8211; 56 rue du Taur<\/span><\/h4>\n\n\n\n<h6>Steffy le Foll : La fondation du LAAS : du Laboratoire de G\u00e9nie \u00e9lectrique au Laboratoire d\u2019automatique et de ses applications spatiales<\/h6>\n\n\n\n<h4><span class=\"has-inline-color has-yellow-color\">19 novembre 2025 &#8211; S\u00e9minaire Studium &#8211; 14h-17h &#8211; Maison de la recherche &#8211; Campus de Toulouse jean Jaur\u00e8s &#8211; Salle E412.<\/span> <span class=\"has-inline-color has-yellow-color\">La mise en m\u00e9moire l\u00e9gendaire de la Grande Guerre, organis\u00e9e par Alexandre Lafon et Jacques Cantier<\/span><\/h4>\n\n\n\n<h6>14h : Introduction<\/h6>\n\n\n\n<h6>14h10 : Joffre : les objets d&rsquo;un culte populaire, Alexandre Lafon<\/h6>\n\n\n\n<h6>14h50 : Le mythe cin\u00e9matographique P\u00e9tain, Cl\u00e9ment Puget<\/h6>\n\n\n\n<h6>16h : Images de la captivit\u00e9 de guerre : du t\u00e9moignage \u00e0 la fiction, Jacques cantier<\/h6>\n\n\n\n<h6>16h50 : Conclusions<\/h6>\n\n\n\n<h4><span class=\"has-inline-color has-yellow-color\">28 novembre 2025 \u2013 14h-16h : S\u00e9minaire Universitas &#8211; Biblioth\u00e8que d&rsquo;\u00e9tudes m\u00e9ridionales &#8211; 56 rue du Taur<\/span><\/h4>\n\n\n\n<h6>Fran\u00e7ois Charru : La fondation de l\u2019institut \u00e9lectrotechnique de Toulouse<\/h6>\n\n\n\n<h4><span class=\"has-inline-color has-yellow-color\">23 janvier 2026 \u2013 14h-16h : S\u00e9minaire Universitas &#8211; Biblioth\u00e8que d&rsquo;\u00e9tudes m\u00e9ridionales &#8211; 56 rue du Taur<\/span><\/h4>\n\n\n\n<h6>Pauline Collet \u2013 <strong>La fondation du campus de la facult\u00e9 des sciences de Toulouse \u00e0 Rangueil : un \u00ab&nbsp;projet pilote&nbsp;\u00bb<\/strong> [En distanciel. Demander le lien \u00e0 : caroline.barrera@univ-jfc.fr]<\/h6>\n\n\n\n<h4><span class=\"has-inline-color has-yellow-color\">13 mars 2026 \u2013 14h-16h : S\u00e9minaire Universitas &#8211; Biblioth\u00e8que d&rsquo;\u00e9tudes m\u00e9ridionales &#8211; 56 rue du Taur<\/span><\/h4>\n\n\n\n<h6>Serge Vaucelle \u2013 <strong>la fondation de l\u2019Institut r\u00e9gional d\u2019\u00e9ducation physique et sportive de Toulouse en 1929.<\/strong><\/h6>\n\n\n\n<h4><span class=\"has-inline-color has-yellow-color\">16 avril 2026 &#8211; Journ\u00e9e d&rsquo;hommage \u00e0 R\u00e9my Cazals, organis\u00e9e par Alexandre Lafon<\/span> <span class=\"has-inline-color has-yellow-color\">et Fran\u00e7ois Bouloc.<\/span><\/h4>\n\n\n\n<p><\/p>\n","protected":false},"excerpt":{"rendered":"<p>24 octobre 2025 \u2013 14h-16h : S\u00e9minaire Universitas &#8211; Biblioth\u00e8que d&rsquo;\u00e9tudes m\u00e9ridionales &#8211; 56 rue du Taur Steffy le Foll : La fondation du LAAS : du Laboratoire de G\u00e9nie \u00e9lectrique au Laboratoire d\u2019automatique et de ses applications spatiales 19 novembre 2025 &#8211; S\u00e9minaire Studium &#8211; 14h-17h &#8211; Maison de la recherche &#8211; Campus de &hellip; <a href=\"https:\/\/blogs.univ-jfc.fr\/studium\/planning-des-activites-scientifiques-2024-2025\/\" class=\"more-link\">Continuer la lecture de <span class=\"screen-reader-text\">Manifestations scientifiques 2025-2026<\/span> <span class=\"meta-nav\">&rarr;<\/span><\/a><\/p>\n","protected":false},"author":19,"featured_media":0,"parent":0,"menu_order":0,"comment_status":"closed","ping_status":"closed","template":"","meta":[],"_links":{"self":[{"href":"https:\/\/blogs.univ-jfc.fr\/studium\/wp-json\/wp\/v2\/pages\/2475"}],"collection":[{"href":"https:\/\/blogs.univ-jfc.fr\/studium\/wp-json\/wp\/v2\/pages"}],"about":[{"href":"https:\/\/blogs.univ-jfc.fr\/studium\/wp-json\/wp\/v2\/types\/page"}],"author":[{"embeddable":true,"href":"https:\/\/blogs.univ-jfc.fr\/studium\/wp-json\/wp\/v2\/users\/19"}],"replies":[{"embeddable":true,"href":"https:\/\/blogs.univ-jfc.fr\/studium\/wp-json\/wp\/v2\/comments?post=2475"}],"version-history":[{"count":28,"href":"https:\/\/blogs.univ-jfc.fr\/studium\/wp-json\/wp\/v2\/pages\/2475\/revisions"}],"predecessor-version":[{"id":2546,"href":"https:\/\/blogs.univ-jfc.fr\/studium\/wp-json\/wp\/v2\/pages\/2475\/revisions\/2546"}],"wp:attachment":[{"href":"https:\/\/blogs.univ-jfc.fr\/studium\/wp-json\/wp\/v2\/media?parent=2475"}],"curies":[{"name":"wp","href":"https:\/\/api.w.org\/{rel}","templated":true}]}}