{"id":35,"date":"2015-04-03T12:58:39","date_gmt":"2015-04-03T11:58:39","guid":{"rendered":"http:\/\/blogs.univ-jfc.fr\/studium\/?page_id=35"},"modified":"2020-02-06T11:13:48","modified_gmt":"2020-02-06T10:13:48","slug":"bouzigue-jean-yves","status":"publish","type":"page","link":"https:\/\/blogs.univ-jfc.fr\/studium\/les-membres\/bouzigue-jean-yves\/","title":{"rendered":"BOUSIGUE Jean-Yves"},"content":{"rendered":"<p>&nbsp;<\/p>\n<p><a href=\"http:\/\/blogs.univ-jfc.fr\/studium\/wp-content\/uploads\/sites\/44\/2015\/04\/photo_dr_bousigue.png\"><img loading=\"lazy\" class=\" wp-image-154 aligncenter\" src=\"http:\/\/blogs.univ-jfc.fr\/studium\/wp-content\/uploads\/sites\/44\/2015\/04\/photo_dr_bousigue.png\" alt=\"photo_dr_bousigue\" width=\"146\" height=\"211\" \/><\/a><\/p>\n<p>Neurochirurgien, historien, membre associ\u00e9 du laboratoire FRAMESPA.<\/p>\n<p><a href=\"http:\/\/framespa.univ-tlse2.fr\/actualites\/pratique\/annuaire\/bousigue-jean-yves-146650.kjsp?RH=annuaire_framespa\">Pr\u00e9sentation <\/a><\/p>\n<p>Courriel : <a>jybousigue@gmail.com<\/a><\/p>\n<h5><span style=\"color: #800000\">Mots-clefs :<\/span><\/h5>\n<p>M\u00e9decine, recherche m\u00e9dicale, facult\u00e9s de m\u00e9decine, enseignement de la m\u00e9decine, sciences v\u00e9t\u00e9rinaires, p\u00e9dagogie universitaire.<\/p>\n<h5><span style=\"color: #800000\">Chantiers :<\/span><\/h5>\n<p>chantier 1 : <a href=\"http:\/\/blogs.univ-jfc.fr\/studium\/les-projets\/histoire-de-luniversite-de-toulouse\/\">histoire des institutions scientifiques<\/a> ; chantier 2 : <a href=\"http:\/\/blogs.univ-jfc.fr\/studium\/wp-admin\/post.php?post=109&amp;action=edit\">savoirs, contenus, gens de savoir.<\/a><\/p>\n<h5><span style=\"color: #800000\"><strong>Bibliographie<\/strong><\/span><\/h5>\n<p style=\"text-align: justify\"><strong>Ouvrages<\/strong><\/p>\n<p style=\"text-align: justify\">Anastasia MEIDANI, Jean-Yves BOUSIGUE (dir.), <em>Vivre la mort<\/em>, Toulouse, <a href=\"http:\/\/pum.univ-tlse2.fr\/~Vivre-la-mort~.html\" target=\"_blank\" rel=\"noopener noreferrer\">PUM<\/a>, 2020, 208 p.<\/p>\n<p style=\"text-align: justify\">Jean-Yves BOUSIGUE, <em>La chirurgie en France au XVIIIe : r\u00e9seaux acad\u00e9miques, construction \u00a0des savoirs, nouvelles formations, ascension sociale<\/em>, m\u00e9moire de DEA, 1985, sous la direction de B. Benassar.<\/p>\n<p style=\"text-align: justify\"><strong>Articles ou chapitres de livres<\/strong><\/p>\n<p>\u2013 \u00ab\u00a0La recherche en sciences de la sant\u00e9 (XIXe-XXe si\u00e8cles)\u00a0\u00bb (avec Caroline Barrera), dans <a href=\"https:\/\/www.edimip.com\/catalogue\/ouvrages\/histoire-de-luniversite-de-toulouse-vol-3-lepoque-contemporaine-xixe-xxie-siecle\/\"><em>Histoire de l\u2019universit\u00e9 de Toulouse<\/em>, vol. 3 <em>L\u2019\u00e9poque contemporaine (XIXe-XXIe si\u00e8cle)<\/em><\/a>, Portet-sur-Garonne, \u00e9dition midi-pyr\u00e9n\u00e9ennes\/Universit\u00e9 f\u00e9d\u00e9rale Toulouse-Midi-Pyr\u00e9n\u00e9es, 2019, p. 381-406.<\/p>\n<p>\u2013 \u00ab\u00a0Les sciences v\u00e9t\u00e9rinaires \u00e0 Toulouse (1928-2014\u00a0\u00bb (avec Caroline Barrera), dans <a href=\"https:\/\/www.edimip.com\/catalogue\/ouvrages\/histoire-de-luniversite-de-toulouse-vol-3-lepoque-contemporaine-xixe-xxie-siecle\/\"><em>Histoire de l\u2019universit\u00e9 de Toulouse<\/em>, vol. 3 <em>L\u2019\u00e9poque contemporaine (XIXe-XXIe si\u00e8cle)<\/em><\/a>, Portet-sur-Garonne, \u00e9dition midi-pyr\u00e9n\u00e9ennes\/Universit\u00e9 f\u00e9d\u00e9rale Toulouse-Midi-Pyr\u00e9n\u00e9es, 2019, p. 441-446.<\/p>\n","protected":false},"excerpt":{"rendered":"<p>&nbsp; Neurochirurgien, historien, membre associ\u00e9 du laboratoire FRAMESPA. Pr\u00e9sentation Courriel : jybousigue@gmail.com Mots-clefs : M\u00e9decine, recherche m\u00e9dicale, facult\u00e9s de m\u00e9decine, enseignement de la m\u00e9decine, sciences v\u00e9t\u00e9rinaires, p\u00e9dagogie universitaire. Chantiers : chantier 1 : histoire des institutions scientifiques ; chantier 2 : savoirs, contenus, gens de savoir. Bibliographie Ouvrages Anastasia MEIDANI, Jean-Yves BOUSIGUE (dir.), Vivre la &hellip; <a href=\"https:\/\/blogs.univ-jfc.fr\/studium\/les-membres\/bouzigue-jean-yves\/\" class=\"more-link\">Continuer la lecture de <span class=\"screen-reader-text\">BOUSIGUE Jean-Yves<\/span> <span class=\"meta-nav\">&rarr;<\/span><\/a><\/p>\n","protected":false},"author":19,"featured_media":0,"parent":10,"menu_order":6,"comment_status":"closed","ping_status":"closed","template":"","meta":[],"_links":{"self":[{"href":"https:\/\/blogs.univ-jfc.fr\/studium\/wp-json\/wp\/v2\/pages\/35"}],"collection":[{"href":"https:\/\/blogs.univ-jfc.fr\/studium\/wp-json\/wp\/v2\/pages"}],"about":[{"href":"https:\/\/blogs.univ-jfc.fr\/studium\/wp-json\/wp\/v2\/types\/page"}],"author":[{"embeddable":true,"href":"https:\/\/blogs.univ-jfc.fr\/studium\/wp-json\/wp\/v2\/users\/19"}],"replies":[{"embeddable":true,"href":"https:\/\/blogs.univ-jfc.fr\/studium\/wp-json\/wp\/v2\/comments?post=35"}],"version-history":[{"count":12,"href":"https:\/\/blogs.univ-jfc.fr\/studium\/wp-json\/wp\/v2\/pages\/35\/revisions"}],"predecessor-version":[{"id":1678,"href":"https:\/\/blogs.univ-jfc.fr\/studium\/wp-json\/wp\/v2\/pages\/35\/revisions\/1678"}],"up":[{"embeddable":true,"href":"https:\/\/blogs.univ-jfc.fr\/studium\/wp-json\/wp\/v2\/pages\/10"}],"wp:attachment":[{"href":"https:\/\/blogs.univ-jfc.fr\/studium\/wp-json\/wp\/v2\/media?parent=35"}],"curies":[{"name":"wp","href":"https:\/\/api.w.org\/{rel}","templated":true}]}}