{"id":37,"date":"2015-04-03T12:59:17","date_gmt":"2015-04-03T11:59:17","guid":{"rendered":"http:\/\/blogs.univ-jfc.fr\/studium\/?page_id=37"},"modified":"2019-12-14T10:26:30","modified_gmt":"2019-12-14T09:26:30","slug":"cantier-jacques","status":"publish","type":"page","link":"https:\/\/blogs.univ-jfc.fr\/studium\/les-membres\/cantier-jacques\/","title":{"rendered":"CANTIER Jacques"},"content":{"rendered":"<p>&nbsp;<\/p>\n<p><a href=\"http:\/\/blogs.univ-jfc.fr\/studium\/wp-content\/uploads\/sites\/44\/2015\/04\/cantier_jacques.jpg\"><img loading=\"lazy\" class=\" wp-image-171 aligncenter\" src=\"http:\/\/blogs.univ-jfc.fr\/studium\/wp-content\/uploads\/sites\/44\/2015\/04\/cantier_jacques.jpg\" alt=\"cantier_jacques\" width=\"151\" height=\"114\" \/><\/a><\/p>\n<p>Professeur d&rsquo;histoire contemporaine \u00e0 l&rsquo;Universit\u00e9 de Toulouse 2 Jean Jaur\u00e8s, membre permanent du laboratoire Framespa.<\/p>\n<p><a href=\"http:\/\/framespa.univ-tlse2.fr\/actualites\/pratique\/annuaire\/cantier-jacques-55046.kjsp?RH=annuaire_framespa\" target=\"_blank\" rel=\"noopener noreferrer\">Pr\u00e9sentation<\/a><\/p>\n<p><span style=\"color: #800000\"><strong>Mots-clef : <\/strong><\/span>Culture, \u00e9dition, livres, biblioth\u00e8ques.<\/p>\n<h5><span style=\"color: #800000\">Chantiers :<\/span><\/h5>\n<p>Chantier 4 :\u00a0<a href=\"http:\/\/blogs.univ-jfc.fr\/studium\/les-projets\/chantier-4-bibliotheques-patrimoines-de-leducation-et-diffusions-culturelles\/\">Biblioth\u00e8ques, patrimoines de l\u2019\u00e9ducation et diffusions culturelles.<\/a><\/p>\n<h5><span style=\"color: #800000\">Bibliographie<\/span><\/h5>\n<p><b>Ouvrages ou direction de dossiers<br \/>\n<\/b><\/p>\n<p style=\"text-align: justify\">&#8211; Dossier sp\u00e9cial de revue les <em>Cahiers de Framespa, <\/em>sous la direction de Jacques cantier, <a href=\"https:\/\/journals.openedition.org\/framespa\/6546\"><span class=\"number\">32<span class=\"period\">\u00a0|\u00a02019, <\/span><\/span><span class=\"title\">El\u00e8ves et \u00e9tudiants en r\u00e9volte : contestations et r\u00e9gulations au sein de l\u2019ordre scolaire et universitaire, novembre 2019.<\/span><\/a><\/p>\n<p style=\"text-align: justify\">&#8211; <em>Lire sous l&rsquo;Occupation<\/em>, Paris, CNRS, 2018, 381 p.<\/p>\n<p style=\"text-align: justify\"><a href=\"http:\/\/blogs.univ-jfc.fr\/studium\/wp-content\/uploads\/sites\/44\/2019\/05\/Lire-sous-lOccupation.jpg\"><img loading=\"lazy\" class=\"size-full wp-image-1232 aligncenter\" src=\"http:\/\/blogs.univ-jfc.fr\/studium\/wp-content\/uploads\/sites\/44\/2019\/05\/Lire-sous-lOccupation.jpg\" alt=\"\" width=\"173\" height=\"291\" \/><\/a><\/p>\n<p style=\"text-align: justify\">&#8211; <i>Histoire culturelle de la France au Vingti\u00e8me si\u00e8cle<\/i> Paris, Elipses, 2011.<a href=\"http:\/\/blogs.univ-jfc.fr\/studium\/wp-content\/uploads\/sites\/44\/2015\/04\/Jacques-2.jpg\"><img loading=\"lazy\" class=\" wp-image-170 aligncenter\" src=\"http:\/\/blogs.univ-jfc.fr\/studium\/wp-content\/uploads\/sites\/44\/2015\/04\/Jacques-2-225x300.jpg\" alt=\"Jacques 2\" width=\"176\" height=\"234\" srcset=\"https:\/\/blogs.univ-jfc.fr\/studium\/wp-content\/uploads\/sites\/44\/2015\/04\/Jacques-2-225x300.jpg 225w, https:\/\/blogs.univ-jfc.fr\/studium\/wp-content\/uploads\/sites\/44\/2015\/04\/Jacques-2.jpg 376w\" sizes=\"(max-width: 176px) 100vw, 176px\" \/><\/a><\/p>\n<p>&#8211; <i>L&rsquo;Alg\u00e9rie sous le r\u00e9gime de Vichy<\/i>, Paris, Odile Jacob, 2002.<a href=\"http:\/\/blogs.univ-jfc.fr\/studium\/wp-content\/uploads\/sites\/44\/2015\/04\/Jacques-3_.jpg\"><img loading=\"lazy\" class=\" wp-image-172 aligncenter\" src=\"http:\/\/blogs.univ-jfc.fr\/studium\/wp-content\/uploads\/sites\/44\/2015\/04\/Jacques-3_-194x300.jpg\" alt=\"Jacques 3_\" width=\"184\" height=\"284\" srcset=\"https:\/\/blogs.univ-jfc.fr\/studium\/wp-content\/uploads\/sites\/44\/2015\/04\/Jacques-3_-194x300.jpg 194w, https:\/\/blogs.univ-jfc.fr\/studium\/wp-content\/uploads\/sites\/44\/2015\/04\/Jacques-3_.jpg 224w\" sizes=\"(max-width: 184px) 100vw, 184px\" \/><\/a><b>Direction scientifique d&rsquo;ouvrage<br \/>\n<\/b><\/p>\n<p style=\"text-align: justify\"><b>&#8211; <\/b>Jacques Cantier, Eric Jennings (dir.) <i>L&rsquo;Empire colonial sous Vichy<\/i><br \/>\nParis, Odile Jacob, 2004.<a href=\"http:\/\/blogs.univ-jfc.fr\/studium\/wp-content\/uploads\/sites\/44\/2015\/04\/Jacques-5.jpg\"><img loading=\"lazy\" class=\"wp-image-173 aligncenter\" src=\"http:\/\/blogs.univ-jfc.fr\/studium\/wp-content\/uploads\/sites\/44\/2015\/04\/Jacques-5-195x300.jpg\" alt=\"Jacques 5\" width=\"178\" height=\"274\" srcset=\"https:\/\/blogs.univ-jfc.fr\/studium\/wp-content\/uploads\/sites\/44\/2015\/04\/Jacques-5-195x300.jpg 195w, https:\/\/blogs.univ-jfc.fr\/studium\/wp-content\/uploads\/sites\/44\/2015\/04\/Jacques-5.jpg 225w\" sizes=\"(max-width: 178px) 100vw, 178px\" \/><\/a><\/p>\n<p>&nbsp;<\/p>\n<p><b>Articles ou Chapitres d\u2019ouvrages<\/b><\/p>\n<p style=\"text-align: justify\">&#8211; Jacques Cantier, \u00ab\u00a0Les biblioth\u00e8ques universitaires (XIXe-XXIe si\u00e8cle)\u00a0\u00bb, dans <a href=\"https:\/\/www.edimip.com\/catalogue\/ouvrages\/histoire-de-luniversite-de-toulouse-vol-3-lepoque-contemporaine-xixe-xxie-siecle\/\"><em>Histoire de l&rsquo;universit\u00e9 de Toulouse<\/em>, vol. 3 <em>L&rsquo;\u00e9poque contemporaine (XIXe-XXIe si\u00e8cle)<\/em><\/a>, Portet-sur-Garonne, \u00e9dition midi-pyr\u00e9n\u00e9ennes\/Universit\u00e9 f\u00e9d\u00e9rale Toulouse-Midi-Pyr\u00e9n\u00e9es, 2019, p. 217-224.<\/p>\n<p style=\"text-align: justify\"><b>&#8211; <\/b>\u00ab Histoire et historiens de l&rsquo;Alg\u00e9rie &#8211; Une tentative de synth\u00e8se sur l&rsquo;histoire coloniale au tournant des ann\u00e9es trente \u00bb dans <i>D\u00e9coloniser l&rsquo;histoire Des histoires coloniales aux histoires nationales en Am\u00e9rique latine et en Afrique<\/i>, sous la direction de Colette ZYTNICKI et de Sophie ECKERT-DULUCQ, Paris, publication de la Soci\u00e9t\u00e9 Fran\u00e7aise d&rsquo;Histoire d&rsquo;Outre-Mer, 2003.<\/p>\n<p style=\"text-align: left\">&#8211; Jacques <span class=\"familyName\">Cantier<\/span>, \u00ab\u00a0Introduction au dossier \u00ab <a href=\"https:\/\/journals.openedition.org\/framespa\/6570\" target=\"_blank\" rel=\"noopener noreferrer\">El\u00e8ves et \u00e9tudiants en r\u00e9volte\u00a0: contestations et r\u00e9gulations au sein de l\u2019ordre scolaire et universitaire<\/a> \u00bb\u00a0\u00bb, <em>Les Cahiers de Framespa<\/em> [En ligne], 32\u00a0|\u00a02019.<\/p>\n<p style=\"text-align: left\">&#8211; Jacques <span class=\"familyName\">Cantier<\/span>, \u00ab\u00a0<a href=\"https:\/\/journals.openedition.org\/framespa\/6776\" target=\"_blank\" rel=\"noopener noreferrer\">22\u00a0mars\u00a01968\u00a0: une journ\u00e9e particuli\u00e8re \u00e0 Nanterre. Retour sur le roman <em>Derri\u00e8re la vitre<\/em> de Robert\u00a0Merle<\/a>\u00a0\u00bb, <em>Les Cahiers de Framespa<\/em> [En ligne], 32\u00a0|\u00a02019<\/p>\n<p>&nbsp;<\/p>\n<p>&nbsp;<\/p>\n","protected":false},"excerpt":{"rendered":"<p>&nbsp; Professeur d&rsquo;histoire contemporaine \u00e0 l&rsquo;Universit\u00e9 de Toulouse 2 Jean Jaur\u00e8s, membre permanent du laboratoire Framespa. Pr\u00e9sentation Mots-clef : Culture, \u00e9dition, livres, biblioth\u00e8ques. Chantiers : Chantier 4 :\u00a0Biblioth\u00e8ques, patrimoines de l\u2019\u00e9ducation et diffusions culturelles. Bibliographie Ouvrages ou direction de dossiers &#8211; Dossier sp\u00e9cial de revue les Cahiers de Framespa, sous la direction de Jacques cantier, &hellip; <a href=\"https:\/\/blogs.univ-jfc.fr\/studium\/les-membres\/cantier-jacques\/\" class=\"more-link\">Continuer la lecture de <span class=\"screen-reader-text\">CANTIER Jacques<\/span> <span class=\"meta-nav\">&rarr;<\/span><\/a><\/p>\n","protected":false},"author":19,"featured_media":0,"parent":10,"menu_order":7,"comment_status":"closed","ping_status":"closed","template":"","meta":[],"_links":{"self":[{"href":"https:\/\/blogs.univ-jfc.fr\/studium\/wp-json\/wp\/v2\/pages\/37"}],"collection":[{"href":"https:\/\/blogs.univ-jfc.fr\/studium\/wp-json\/wp\/v2\/pages"}],"about":[{"href":"https:\/\/blogs.univ-jfc.fr\/studium\/wp-json\/wp\/v2\/types\/page"}],"author":[{"embeddable":true,"href":"https:\/\/blogs.univ-jfc.fr\/studium\/wp-json\/wp\/v2\/users\/19"}],"replies":[{"embeddable":true,"href":"https:\/\/blogs.univ-jfc.fr\/studium\/wp-json\/wp\/v2\/comments?post=37"}],"version-history":[{"count":14,"href":"https:\/\/blogs.univ-jfc.fr\/studium\/wp-json\/wp\/v2\/pages\/37\/revisions"}],"predecessor-version":[{"id":1598,"href":"https:\/\/blogs.univ-jfc.fr\/studium\/wp-json\/wp\/v2\/pages\/37\/revisions\/1598"}],"up":[{"embeddable":true,"href":"https:\/\/blogs.univ-jfc.fr\/studium\/wp-json\/wp\/v2\/pages\/10"}],"wp:attachment":[{"href":"https:\/\/blogs.univ-jfc.fr\/studium\/wp-json\/wp\/v2\/media?parent=37"}],"curies":[{"name":"wp","href":"https:\/\/api.w.org\/{rel}","templated":true}]}}