{"id":648,"date":"2018-02-24T17:05:57","date_gmt":"2018-02-24T16:05:57","guid":{"rendered":"http:\/\/blogs.univ-jfc.fr\/studium\/?page_id=648"},"modified":"2019-04-16T07:56:53","modified_gmt":"2019-04-16T06:56:53","slug":"seminaire-du-23-fevrier-2018","status":"publish","type":"page","link":"https:\/\/blogs.univ-jfc.fr\/studium\/galerie-photographique\/seminaire-du-23-fevrier-2018\/","title":{"rendered":"S\u00e9minaire STATUT DU CORPS \/ FORMATION DE LA JEUNESSE, BEM, 23.02.2018"},"content":{"rendered":"<p>Le s\u00e9minaire Studium du 23 f\u00e9vrier 2018 \u00ab\u00a0Le statut du corps dans la formation de la jeunesse (Fin XVIIIe-d\u00e9but XXe si\u00e8cle)\u00a0\u00bb a port\u00e9 sp\u00e9cifiquement sur les exercices du corps et la formation de la jeunesse. Il s&rsquo;est tenu \u00e0 la Biblioth\u00e8que d&rsquo;\u00e9tudes m\u00e9ridionales, au 56 de la rue du Taur \u00e0 Toulouse.<\/p>\n<p>Organisation scientifique : Olivier Hoibian.<\/p>\n<p>PROGRAMME :\u00a0 <a href=\"http:\/\/blogs.univ-jfc.fr\/studium\/wp-content\/uploads\/sites\/44\/2018\/02\/SEMINAIRE-STUDIUM-23.02.2018.pdf\">SEMINAIRE STUDIUM 23.02.2018<\/a><\/p>\n<p style=\"text-align: center\"><a href=\"http:\/\/blogs.univ-jfc.fr\/studium\/wp-content\/uploads\/sites\/44\/2018\/02\/Monique-Foissac.jpg\"><img loading=\"lazy\" class=\"size-medium wp-image-646 aligncenter\" src=\"http:\/\/blogs.univ-jfc.fr\/studium\/wp-content\/uploads\/sites\/44\/2018\/02\/Monique-Foissac-300x225.jpg\" alt=\"\" width=\"300\" height=\"225\" srcset=\"https:\/\/blogs.univ-jfc.fr\/studium\/wp-content\/uploads\/sites\/44\/2018\/02\/Monique-Foissac-300x225.jpg 300w, https:\/\/blogs.univ-jfc.fr\/studium\/wp-content\/uploads\/sites\/44\/2018\/02\/Monique-Foissac-768x576.jpg 768w, https:\/\/blogs.univ-jfc.fr\/studium\/wp-content\/uploads\/sites\/44\/2018\/02\/Monique-Foissac-1024x768.jpg 1024w\" sizes=\"(max-width: 300px) 100vw, 300px\" \/><\/a>Monique Foissac, biblioth\u00e9caire de la BEM.<\/p>\n<p>&nbsp;<\/p>\n<p style=\"text-align: center\"><a href=\"http:\/\/blogs.univ-jfc.fr\/studium\/wp-content\/uploads\/sites\/44\/2018\/02\/Caro.jpg\"><img loading=\"lazy\" class=\"size-medium wp-image-652 aligncenter\" src=\"http:\/\/blogs.univ-jfc.fr\/studium\/wp-content\/uploads\/sites\/44\/2018\/02\/Caro-300x225.jpg\" alt=\"\" width=\"300\" height=\"225\" srcset=\"https:\/\/blogs.univ-jfc.fr\/studium\/wp-content\/uploads\/sites\/44\/2018\/02\/Caro-300x225.jpg 300w, https:\/\/blogs.univ-jfc.fr\/studium\/wp-content\/uploads\/sites\/44\/2018\/02\/Caro-768x576.jpg 768w, https:\/\/blogs.univ-jfc.fr\/studium\/wp-content\/uploads\/sites\/44\/2018\/02\/Caro-1024x768.jpg 1024w\" sizes=\"(max-width: 300px) 100vw, 300px\" \/><\/a>Caroline Barrera, Jean-Yves Bousigue, Fabrice Auger.<\/p>\n<p>&nbsp;<\/p>\n<p style=\"text-align: center\"><a href=\"http:\/\/blogs.univ-jfc.fr\/studium\/wp-content\/uploads\/sites\/44\/2018\/02\/JY-FA-SV.jpg\"><img loading=\"lazy\" class=\"aligncenter wp-image-642 size-medium\" src=\"http:\/\/blogs.univ-jfc.fr\/studium\/wp-content\/uploads\/sites\/44\/2018\/02\/JY-FA-SV-300x225.jpg\" alt=\"\" width=\"300\" height=\"225\" srcset=\"https:\/\/blogs.univ-jfc.fr\/studium\/wp-content\/uploads\/sites\/44\/2018\/02\/JY-FA-SV-300x225.jpg 300w, https:\/\/blogs.univ-jfc.fr\/studium\/wp-content\/uploads\/sites\/44\/2018\/02\/JY-FA-SV-768x576.jpg 768w, https:\/\/blogs.univ-jfc.fr\/studium\/wp-content\/uploads\/sites\/44\/2018\/02\/JY-FA-SV-1024x768.jpg 1024w\" sizes=\"(max-width: 300px) 100vw, 300px\" \/><\/a>Jean-Yves Bousigue, Fabrice Auger, Serge Vaucelle.<\/p>\n<p><a href=\"http:\/\/blogs.univ-jfc.fr\/studium\/wp-content\/uploads\/sites\/44\/2018\/02\/Vue-ensemble.jpg\"><img loading=\"lazy\" class=\"aligncenter wp-image-659 size-medium\" src=\"http:\/\/blogs.univ-jfc.fr\/studium\/wp-content\/uploads\/sites\/44\/2018\/02\/Vue-ensemble-300x225.jpg\" alt=\"\" width=\"300\" height=\"225\" srcset=\"https:\/\/blogs.univ-jfc.fr\/studium\/wp-content\/uploads\/sites\/44\/2018\/02\/Vue-ensemble-300x225.jpg 300w, https:\/\/blogs.univ-jfc.fr\/studium\/wp-content\/uploads\/sites\/44\/2018\/02\/Vue-ensemble-768x576.jpg 768w, https:\/\/blogs.univ-jfc.fr\/studium\/wp-content\/uploads\/sites\/44\/2018\/02\/Vue-ensemble-1024x768.jpg 1024w\" sizes=\"(max-width: 300px) 100vw, 300px\" \/><\/a><\/p>\n<p style=\"text-align: center\"><strong><a href=\"http:\/\/blogs.univ-jfc.fr\/studium\/wp-content\/uploads\/sites\/44\/2018\/02\/Alexa-Cra\u00efs.jpg\"><img loading=\"lazy\" class=\"size-medium wp-image-639 aligncenter\" src=\"http:\/\/blogs.univ-jfc.fr\/studium\/wp-content\/uploads\/sites\/44\/2018\/02\/Alexa-Cra\u00efs-300x225.jpg\" alt=\"\" width=\"300\" height=\"225\" srcset=\"https:\/\/blogs.univ-jfc.fr\/studium\/wp-content\/uploads\/sites\/44\/2018\/02\/Alexa-Cra\u00efs-300x225.jpg 300w, https:\/\/blogs.univ-jfc.fr\/studium\/wp-content\/uploads\/sites\/44\/2018\/02\/Alexa-Cra\u00efs-768x576.jpg 768w, https:\/\/blogs.univ-jfc.fr\/studium\/wp-content\/uploads\/sites\/44\/2018\/02\/Alexa-Cra\u00efs-1024x768.jpg 1024w\" sizes=\"(max-width: 300px) 100vw, 300px\" \/><\/a><\/strong>La germaniste Alexa Cra\u00efs (Universit\u00e9 de Toulouse Jean Jaur\u00e8s) a pr\u00e9sent\u00e9 ses travaux sur Le mouvement des philanthropistes et l&rsquo;\u00e9ducation corporelle en Allemagne.<strong><br \/>\n<\/strong><\/p>\n<p>&nbsp;<\/p>\n<p style=\"text-align: center\"><a href=\"http:\/\/blogs.univ-jfc.fr\/studium\/wp-content\/uploads\/sites\/44\/2018\/02\/Guy-Astoul.jpg\"><img loading=\"lazy\" class=\"size-medium wp-image-641 aligncenter\" src=\"http:\/\/blogs.univ-jfc.fr\/studium\/wp-content\/uploads\/sites\/44\/2018\/02\/Guy-Astoul-300x225.jpg\" alt=\"\" width=\"300\" height=\"225\" srcset=\"https:\/\/blogs.univ-jfc.fr\/studium\/wp-content\/uploads\/sites\/44\/2018\/02\/Guy-Astoul-300x225.jpg 300w, https:\/\/blogs.univ-jfc.fr\/studium\/wp-content\/uploads\/sites\/44\/2018\/02\/Guy-Astoul-768x576.jpg 768w, https:\/\/blogs.univ-jfc.fr\/studium\/wp-content\/uploads\/sites\/44\/2018\/02\/Guy-Astoul-1024x768.jpg 1024w\" sizes=\"(max-width: 300px) 100vw, 300px\" \/><\/a>Le moderniste Guy Astoul (Framespa)\u00a0 a pr\u00e9sent\u00e9 ses travaux sur Les exercices du corps dans les maisons d&rsquo;\u00e9ducation au XVIIIe si\u00e8cle.<\/p>\n<p>&nbsp;<\/p>\n<p style=\"text-align: center\"><a href=\"http:\/\/blogs.univ-jfc.fr\/studium\/wp-content\/uploads\/sites\/44\/2018\/02\/Michel-Manson.jpg\"><img loading=\"lazy\" class=\"size-medium wp-image-645 aligncenter\" src=\"http:\/\/blogs.univ-jfc.fr\/studium\/wp-content\/uploads\/sites\/44\/2018\/02\/Michel-Manson-300x225.jpg\" alt=\"\" width=\"300\" height=\"225\" srcset=\"https:\/\/blogs.univ-jfc.fr\/studium\/wp-content\/uploads\/sites\/44\/2018\/02\/Michel-Manson-300x225.jpg 300w, https:\/\/blogs.univ-jfc.fr\/studium\/wp-content\/uploads\/sites\/44\/2018\/02\/Michel-Manson-768x576.jpg 768w, https:\/\/blogs.univ-jfc.fr\/studium\/wp-content\/uploads\/sites\/44\/2018\/02\/Michel-Manson-1024x768.jpg 1024w\" sizes=\"(max-width: 300px) 100vw, 300px\" \/><\/a>L&rsquo;historien du sport Michel Manson (Universit\u00e9 Paul Sabatier) a pr\u00e9sent\u00e9 ses travaux sur les jeux physiques et les jeux d&rsquo;adresse des enfants : du jeu libre \u00e0 une \u00e9ducation physique informelle (1750-1830)<\/p>\n<p>&nbsp;<\/p>\n<p style=\"text-align: center\"><a href=\"http:\/\/blogs.univ-jfc.fr\/studium\/wp-content\/uploads\/sites\/44\/2018\/02\/Michel-Manson-et-OH.jpg\"><img loading=\"lazy\" class=\"size-medium wp-image-644 aligncenter\" src=\"http:\/\/blogs.univ-jfc.fr\/studium\/wp-content\/uploads\/sites\/44\/2018\/02\/Michel-Manson-et-OH-300x225.jpg\" alt=\"\" width=\"300\" height=\"225\" srcset=\"https:\/\/blogs.univ-jfc.fr\/studium\/wp-content\/uploads\/sites\/44\/2018\/02\/Michel-Manson-et-OH-300x225.jpg 300w, https:\/\/blogs.univ-jfc.fr\/studium\/wp-content\/uploads\/sites\/44\/2018\/02\/Michel-Manson-et-OH-768x576.jpg 768w, https:\/\/blogs.univ-jfc.fr\/studium\/wp-content\/uploads\/sites\/44\/2018\/02\/Michel-Manson-et-OH-1024x768.jpg 1024w\" sizes=\"(max-width: 300px) 100vw, 300px\" \/><\/a>Michel Manson et Olivier Hoibian.<\/p>\n<p style=\"text-align: center\"><a href=\"http:\/\/blogs.univ-jfc.fr\/studium\/wp-content\/uploads\/sites\/44\/2018\/02\/Olivier.jpg\"><img loading=\"lazy\" class=\"size-medium wp-image-647 aligncenter\" src=\"http:\/\/blogs.univ-jfc.fr\/studium\/wp-content\/uploads\/sites\/44\/2018\/02\/Olivier-300x225.jpg\" alt=\"\" width=\"300\" height=\"225\" srcset=\"https:\/\/blogs.univ-jfc.fr\/studium\/wp-content\/uploads\/sites\/44\/2018\/02\/Olivier-300x225.jpg 300w, https:\/\/blogs.univ-jfc.fr\/studium\/wp-content\/uploads\/sites\/44\/2018\/02\/Olivier-768x576.jpg 768w, https:\/\/blogs.univ-jfc.fr\/studium\/wp-content\/uploads\/sites\/44\/2018\/02\/Olivier-1024x768.jpg 1024w\" sizes=\"(max-width: 300px) 100vw, 300px\" \/><\/a>L&rsquo;historien du sport, Olivier Hoibian (Universit\u00e9 Paul Sabatier-Framespa) a pr\u00e9sent\u00e9 ses travaux sur Les \u00ab\u00a0caravanes scolaires\u00a0\u00bb du Club alpin fran\u00e7ais : un projet d&rsquo;\u00e9ducation globale (1874-1914) ?<\/p>\n<p>&nbsp;<\/p>\n<p style=\"text-align: center\"><a href=\"http:\/\/blogs.univ-jfc.fr\/studium\/wp-content\/uploads\/sites\/44\/2018\/02\/Didier-Foucault.jpg\"><img loading=\"lazy\" class=\"size-medium wp-image-640 aligncenter\" src=\"http:\/\/blogs.univ-jfc.fr\/studium\/wp-content\/uploads\/sites\/44\/2018\/02\/Didier-Foucault-300x225.jpg\" alt=\"\" width=\"300\" height=\"225\" srcset=\"https:\/\/blogs.univ-jfc.fr\/studium\/wp-content\/uploads\/sites\/44\/2018\/02\/Didier-Foucault-300x225.jpg 300w, https:\/\/blogs.univ-jfc.fr\/studium\/wp-content\/uploads\/sites\/44\/2018\/02\/Didier-Foucault-768x576.jpg 768w, https:\/\/blogs.univ-jfc.fr\/studium\/wp-content\/uploads\/sites\/44\/2018\/02\/Didier-Foucault-1024x768.jpg 1024w\" sizes=\"(max-width: 300px) 100vw, 300px\" \/><\/a>Didier Foucault.<\/p>\n<p>&nbsp;<\/p>\n<p>&nbsp;<\/p>\n","protected":false},"excerpt":{"rendered":"<p>Le s\u00e9minaire Studium du 23 f\u00e9vrier 2018 \u00ab\u00a0Le statut du corps dans la formation de la jeunesse (Fin XVIIIe-d\u00e9but XXe si\u00e8cle)\u00a0\u00bb a port\u00e9 sp\u00e9cifiquement sur les exercices du corps et la formation de la jeunesse. Il s&rsquo;est tenu \u00e0 la Biblioth\u00e8que d&rsquo;\u00e9tudes m\u00e9ridionales, au 56 de la rue du Taur \u00e0 Toulouse. Organisation scientifique : &hellip; <a href=\"https:\/\/blogs.univ-jfc.fr\/studium\/galerie-photographique\/seminaire-du-23-fevrier-2018\/\" class=\"more-link\">Continuer la lecture de <span class=\"screen-reader-text\">S\u00e9minaire STATUT DU CORPS \/ FORMATION DE LA JEUNESSE, BEM, 23.02.2018<\/span> <span class=\"meta-nav\">&rarr;<\/span><\/a><\/p>\n","protected":false},"author":19,"featured_media":0,"parent":632,"menu_order":3,"comment_status":"closed","ping_status":"closed","template":"","meta":[],"_links":{"self":[{"href":"https:\/\/blogs.univ-jfc.fr\/studium\/wp-json\/wp\/v2\/pages\/648"}],"collection":[{"href":"https:\/\/blogs.univ-jfc.fr\/studium\/wp-json\/wp\/v2\/pages"}],"about":[{"href":"https:\/\/blogs.univ-jfc.fr\/studium\/wp-json\/wp\/v2\/types\/page"}],"author":[{"embeddable":true,"href":"https:\/\/blogs.univ-jfc.fr\/studium\/wp-json\/wp\/v2\/users\/19"}],"replies":[{"embeddable":true,"href":"https:\/\/blogs.univ-jfc.fr\/studium\/wp-json\/wp\/v2\/comments?post=648"}],"version-history":[{"count":14,"href":"https:\/\/blogs.univ-jfc.fr\/studium\/wp-json\/wp\/v2\/pages\/648\/revisions"}],"predecessor-version":[{"id":811,"href":"https:\/\/blogs.univ-jfc.fr\/studium\/wp-json\/wp\/v2\/pages\/648\/revisions\/811"}],"up":[{"embeddable":true,"href":"https:\/\/blogs.univ-jfc.fr\/studium\/wp-json\/wp\/v2\/pages\/632"}],"wp:attachment":[{"href":"https:\/\/blogs.univ-jfc.fr\/studium\/wp-json\/wp\/v2\/media?parent=648"}],"curies":[{"name":"wp","href":"https:\/\/api.w.org\/{rel}","templated":true}]}}