{"id":665,"date":"2018-02-24T17:47:17","date_gmt":"2018-02-24T16:47:17","guid":{"rendered":"http:\/\/blogs.univ-jfc.fr\/studium\/?page_id=665"},"modified":"2019-04-16T07:55:51","modified_gmt":"2019-04-16T06:55:51","slug":"seminaire-du-20-mai-2017","status":"publish","type":"page","link":"https:\/\/blogs.univ-jfc.fr\/studium\/galerie-photographique\/seminaire-du-20-mai-2017\/","title":{"rendered":"S\u00e9minaire P\u00c9DAGOGIES, BEM, 20 mai 2017"},"content":{"rendered":"<p>&nbsp;<\/p>\n<p>Le s\u00e9minaire Studium du 20 mai 2017 s&rsquo;est tenu \u00e0 la Biblioth\u00e8que d&rsquo;\u00e9tudes m\u00e9ridionales au 56 de la rue du Taur \u00e0 Toulouse. Troisi\u00e8me volet des s\u00e9minaires consacr\u00e9s \u00e0 la p\u00e9dagogie dans l&rsquo;enseignement secondaire et sup\u00e9rieur.<\/p>\n<p>Organisation scientifique : Caroline Barrera et Jean-Yves Bousigue.<\/p>\n<p style=\"text-align: center\"><a href=\"http:\/\/blogs.univ-jfc.fr\/studium\/wp-content\/uploads\/sites\/44\/2018\/02\/IMG_20170520_112529594.jpg\"><img loading=\"lazy\" class=\"size-medium wp-image-671 aligncenter\" src=\"http:\/\/blogs.univ-jfc.fr\/studium\/wp-content\/uploads\/sites\/44\/2018\/02\/IMG_20170520_112529594-169x300.jpg\" alt=\"\" width=\"169\" height=\"300\" srcset=\"https:\/\/blogs.univ-jfc.fr\/studium\/wp-content\/uploads\/sites\/44\/2018\/02\/IMG_20170520_112529594-169x300.jpg 169w, https:\/\/blogs.univ-jfc.fr\/studium\/wp-content\/uploads\/sites\/44\/2018\/02\/IMG_20170520_112529594-768x1365.jpg 768w, https:\/\/blogs.univ-jfc.fr\/studium\/wp-content\/uploads\/sites\/44\/2018\/02\/IMG_20170520_112529594-576x1024.jpg 576w, https:\/\/blogs.univ-jfc.fr\/studium\/wp-content\/uploads\/sites\/44\/2018\/02\/IMG_20170520_112529594.jpg 918w\" sizes=\"(max-width: 169px) 100vw, 169px\" \/><\/a>L&rsquo;historienne moderniste V\u00e9ronique Castagnet (Esp\u00e9 Toulouse-Midi-Pyr\u00e9n\u00e9es &#8211; Framespa) est intervenue sur \u00ab\u00a0L\u2019effervescence p\u00e9dagogique dans les coll\u00e8ges parisiens au xvi<sup>e<\/sup>\u00a0si\u00e8cle\u00a0\u00bb.<\/p>\n<p style=\"text-align: center\"><a href=\"http:\/\/blogs.univ-jfc.fr\/studium\/wp-content\/uploads\/sites\/44\/2018\/02\/IMG_20170520_092920641.jpg\"><img loading=\"lazy\" class=\"size-medium wp-image-670 aligncenter\" src=\"http:\/\/blogs.univ-jfc.fr\/studium\/wp-content\/uploads\/sites\/44\/2018\/02\/IMG_20170520_092920641-169x300.jpg\" alt=\"\" width=\"169\" height=\"300\" srcset=\"https:\/\/blogs.univ-jfc.fr\/studium\/wp-content\/uploads\/sites\/44\/2018\/02\/IMG_20170520_092920641-169x300.jpg 169w, https:\/\/blogs.univ-jfc.fr\/studium\/wp-content\/uploads\/sites\/44\/2018\/02\/IMG_20170520_092920641-768x1365.jpg 768w, https:\/\/blogs.univ-jfc.fr\/studium\/wp-content\/uploads\/sites\/44\/2018\/02\/IMG_20170520_092920641-576x1024.jpg 576w, https:\/\/blogs.univ-jfc.fr\/studium\/wp-content\/uploads\/sites\/44\/2018\/02\/IMG_20170520_092920641.jpg 918w\" sizes=\"(max-width: 169px) 100vw, 169px\" \/><\/a>L&rsquo;historien du sport Serge Vaucelle (Universit\u00e9 Paul sabatier &#8211; Framespa) est intervenu sur \u00ab\u00a0La plus grande utilit\u00e9 publique\u00a0\u00bb. Education sportive et pratiques p\u00e9dagogiques au Coll\u00e8ge de Sor\u00e8ze (1759-1854)\u00a0\u00bb<\/p>\n<p style=\"text-align: center\"><a href=\"http:\/\/blogs.univ-jfc.fr\/studium\/wp-content\/uploads\/sites\/44\/2018\/02\/IMG_20170520_101643173_HDR.jpg\"><img loading=\"lazy\" class=\"size-medium wp-image-674 aligncenter\" src=\"http:\/\/blogs.univ-jfc.fr\/studium\/wp-content\/uploads\/sites\/44\/2018\/02\/IMG_20170520_101643173_HDR-169x300.jpg\" alt=\"\" width=\"169\" height=\"300\" srcset=\"https:\/\/blogs.univ-jfc.fr\/studium\/wp-content\/uploads\/sites\/44\/2018\/02\/IMG_20170520_101643173_HDR-169x300.jpg 169w, https:\/\/blogs.univ-jfc.fr\/studium\/wp-content\/uploads\/sites\/44\/2018\/02\/IMG_20170520_101643173_HDR-768x1365.jpg 768w, https:\/\/blogs.univ-jfc.fr\/studium\/wp-content\/uploads\/sites\/44\/2018\/02\/IMG_20170520_101643173_HDR-576x1024.jpg 576w, https:\/\/blogs.univ-jfc.fr\/studium\/wp-content\/uploads\/sites\/44\/2018\/02\/IMG_20170520_101643173_HDR.jpg 918w\" sizes=\"(max-width: 169px) 100vw, 169px\" \/><\/a>La sociologue Marianne Blanchard (Esp\u00e9 Toulouse Midi-Pyr\u00e9n\u00e9es) est intervenue sur \u00ab\u00a0L\u2019enseignement commercial \u00ab\u00a0prisonnier de la forme scolaire\u00a0\u00bb\u00a0?\u00a0\u00bb<\/p>\n<p>&nbsp;<\/p>\n<p>&nbsp;<\/p>\n","protected":false},"excerpt":{"rendered":"<p>&nbsp; Le s\u00e9minaire Studium du 20 mai 2017 s&rsquo;est tenu \u00e0 la Biblioth\u00e8que d&rsquo;\u00e9tudes m\u00e9ridionales au 56 de la rue du Taur \u00e0 Toulouse. Troisi\u00e8me volet des s\u00e9minaires consacr\u00e9s \u00e0 la p\u00e9dagogie dans l&rsquo;enseignement secondaire et sup\u00e9rieur. Organisation scientifique : Caroline Barrera et Jean-Yves Bousigue. L&rsquo;historienne moderniste V\u00e9ronique Castagnet (Esp\u00e9 Toulouse-Midi-Pyr\u00e9n\u00e9es &#8211; Framespa) est intervenue &hellip; <a href=\"https:\/\/blogs.univ-jfc.fr\/studium\/galerie-photographique\/seminaire-du-20-mai-2017\/\" class=\"more-link\">Continuer la lecture de <span class=\"screen-reader-text\">S\u00e9minaire P\u00c9DAGOGIES, BEM, 20 mai 2017<\/span> <span class=\"meta-nav\">&rarr;<\/span><\/a><\/p>\n","protected":false},"author":19,"featured_media":0,"parent":632,"menu_order":5,"comment_status":"closed","ping_status":"closed","template":"","meta":[],"_links":{"self":[{"href":"https:\/\/blogs.univ-jfc.fr\/studium\/wp-json\/wp\/v2\/pages\/665"}],"collection":[{"href":"https:\/\/blogs.univ-jfc.fr\/studium\/wp-json\/wp\/v2\/pages"}],"about":[{"href":"https:\/\/blogs.univ-jfc.fr\/studium\/wp-json\/wp\/v2\/types\/page"}],"author":[{"embeddable":true,"href":"https:\/\/blogs.univ-jfc.fr\/studium\/wp-json\/wp\/v2\/users\/19"}],"replies":[{"embeddable":true,"href":"https:\/\/blogs.univ-jfc.fr\/studium\/wp-json\/wp\/v2\/comments?post=665"}],"version-history":[{"count":7,"href":"https:\/\/blogs.univ-jfc.fr\/studium\/wp-json\/wp\/v2\/pages\/665\/revisions"}],"predecessor-version":[{"id":808,"href":"https:\/\/blogs.univ-jfc.fr\/studium\/wp-json\/wp\/v2\/pages\/665\/revisions\/808"}],"up":[{"embeddable":true,"href":"https:\/\/blogs.univ-jfc.fr\/studium\/wp-json\/wp\/v2\/pages\/632"}],"wp:attachment":[{"href":"https:\/\/blogs.univ-jfc.fr\/studium\/wp-json\/wp\/v2\/media?parent=665"}],"curies":[{"name":"wp","href":"https:\/\/api.w.org\/{rel}","templated":true}]}}