{"id":690,"date":"2018-02-24T18:25:23","date_gmt":"2018-02-24T17:25:23","guid":{"rendered":"http:\/\/blogs.univ-jfc.fr\/studium\/?page_id=690"},"modified":"2019-04-16T07:57:23","modified_gmt":"2019-04-16T06:57:23","slug":"seminaire-de-janvier-2017","status":"publish","type":"page","link":"https:\/\/blogs.univ-jfc.fr\/studium\/galerie-photographique\/seminaire-de-janvier-2017\/","title":{"rendered":"S\u00e9minaire P\u00c9DAGOGIES, BEM, janvier 2017"},"content":{"rendered":"<p>Le s\u00e9minaire Studium de janvier 2017\u00a0 s\u2019est tenu \u00e0 la Biblioth\u00e8que d\u2019\u00e9tudes m\u00e9ridionales au 56 de la rue du Taur \u00e0 Toulouse. Deuxi\u00e8me volet des s\u00e9minaires consacr\u00e9s \u00e0 la p\u00e9dagogie dans l\u2019enseignement secondaire et sup\u00e9rieur.<\/p>\n<p>Organisation scientifique : Caroline Barrera et Jean-Yves Bousigue.<\/p>\n<p>&nbsp;<\/p>\n<p style=\"text-align: center\"><a href=\"http:\/\/blogs.univ-jfc.fr\/studium\/wp-content\/uploads\/sites\/44\/2018\/02\/jean-Yves.jpg\"><img loading=\"lazy\" class=\"size-medium wp-image-693 aligncenter\" src=\"http:\/\/blogs.univ-jfc.fr\/studium\/wp-content\/uploads\/sites\/44\/2018\/02\/jean-Yves-169x300.jpg\" alt=\"\" width=\"169\" height=\"300\" srcset=\"https:\/\/blogs.univ-jfc.fr\/studium\/wp-content\/uploads\/sites\/44\/2018\/02\/jean-Yves-169x300.jpg 169w, https:\/\/blogs.univ-jfc.fr\/studium\/wp-content\/uploads\/sites\/44\/2018\/02\/jean-Yves-768x1365.jpg 768w, https:\/\/blogs.univ-jfc.fr\/studium\/wp-content\/uploads\/sites\/44\/2018\/02\/jean-Yves-576x1024.jpg 576w, https:\/\/blogs.univ-jfc.fr\/studium\/wp-content\/uploads\/sites\/44\/2018\/02\/jean-Yves.jpg 918w\" sizes=\"(max-width: 169px) 100vw, 169px\" \/><\/a>L&rsquo;historien de la m\u00e9decine Jean-Yves Bousigue (Framespa) est intervenu sur La clinique. Enseigner la m\u00e9decine au d\u00e9but du xix<sup>e<\/sup> si\u00e8cle.<\/p>\n","protected":false},"excerpt":{"rendered":"<p>Le s\u00e9minaire Studium de janvier 2017\u00a0 s\u2019est tenu \u00e0 la Biblioth\u00e8que d\u2019\u00e9tudes m\u00e9ridionales au 56 de la rue du Taur \u00e0 Toulouse. Deuxi\u00e8me volet des s\u00e9minaires consacr\u00e9s \u00e0 la p\u00e9dagogie dans l\u2019enseignement secondaire et sup\u00e9rieur. Organisation scientifique : Caroline Barrera et Jean-Yves Bousigue. &nbsp; L&rsquo;historien de la m\u00e9decine Jean-Yves Bousigue (Framespa) est intervenu sur La &hellip; <a href=\"https:\/\/blogs.univ-jfc.fr\/studium\/galerie-photographique\/seminaire-de-janvier-2017\/\" class=\"more-link\">Continuer la lecture de <span class=\"screen-reader-text\">S\u00e9minaire P\u00c9DAGOGIES, BEM, janvier 2017<\/span> <span class=\"meta-nav\">&rarr;<\/span><\/a><\/p>\n","protected":false},"author":19,"featured_media":0,"parent":632,"menu_order":5,"comment_status":"closed","ping_status":"closed","template":"","meta":[],"_links":{"self":[{"href":"https:\/\/blogs.univ-jfc.fr\/studium\/wp-json\/wp\/v2\/pages\/690"}],"collection":[{"href":"https:\/\/blogs.univ-jfc.fr\/studium\/wp-json\/wp\/v2\/pages"}],"about":[{"href":"https:\/\/blogs.univ-jfc.fr\/studium\/wp-json\/wp\/v2\/types\/page"}],"author":[{"embeddable":true,"href":"https:\/\/blogs.univ-jfc.fr\/studium\/wp-json\/wp\/v2\/users\/19"}],"replies":[{"embeddable":true,"href":"https:\/\/blogs.univ-jfc.fr\/studium\/wp-json\/wp\/v2\/comments?post=690"}],"version-history":[{"count":8,"href":"https:\/\/blogs.univ-jfc.fr\/studium\/wp-json\/wp\/v2\/pages\/690\/revisions"}],"predecessor-version":[{"id":807,"href":"https:\/\/blogs.univ-jfc.fr\/studium\/wp-json\/wp\/v2\/pages\/690\/revisions\/807"}],"up":[{"embeddable":true,"href":"https:\/\/blogs.univ-jfc.fr\/studium\/wp-json\/wp\/v2\/pages\/632"}],"wp:attachment":[{"href":"https:\/\/blogs.univ-jfc.fr\/studium\/wp-json\/wp\/v2\/media?parent=690"}],"curies":[{"name":"wp","href":"https:\/\/api.w.org\/{rel}","templated":true}]}}