{"id":743,"date":"2018-02-25T15:49:04","date_gmt":"2018-02-25T14:49:04","guid":{"rendered":"http:\/\/blogs.univ-jfc.fr\/studium\/?page_id=743"},"modified":"2019-04-16T07:59:20","modified_gmt":"2019-04-16T06:59:20","slug":"colloque-des-21-22-octobre-2017-soreze","status":"publish","type":"page","link":"https:\/\/blogs.univ-jfc.fr\/studium\/galerie-photographique\/colloque-des-21-22-octobre-2017-soreze\/","title":{"rendered":"Colloque ENSEIGNER LA GRANDE GUERRE, Sor\u00e8ze, 21-22.10. 2017"},"content":{"rendered":"<p>Les 21 et 22 octobre 2017 s&rsquo;est tenu \u00e0 l&rsquo;abbaye-\u00e9cole de Sor\u00e8ze un colloque intitul\u00e9 <strong>Enseigner la Grande Guerre<\/strong> co-organis\u00e9 par le Syndicat mixte de l&rsquo;abbaye-\u00e9cole de Sor\u00e8ze, le laboratoire Framespa (Universit\u00e9 Toulouse Jean Jaur\u00e8s-CNRS) et l&rsquo;INU Champollion.<\/p>\n<p>Direction scientifique : R\u00e9my Cazals et caroline Barrera.<\/p>\n<p>&nbsp;<\/p>\n<p><a href=\"http:\/\/blogs.univ-jfc.fr\/studium\/wp-content\/uploads\/sites\/44\/2018\/02\/evenementon18017.jpg\"><img loading=\"lazy\" class=\" wp-image-745 aligncenter\" src=\"http:\/\/blogs.univ-jfc.fr\/studium\/wp-content\/uploads\/sites\/44\/2018\/02\/evenementon18017-212x300.jpg\" alt=\"\" width=\"213\" height=\"302\" srcset=\"https:\/\/blogs.univ-jfc.fr\/studium\/wp-content\/uploads\/sites\/44\/2018\/02\/evenementon18017-212x300.jpg 212w, https:\/\/blogs.univ-jfc.fr\/studium\/wp-content\/uploads\/sites\/44\/2018\/02\/evenementon18017-768x1086.jpg 768w, https:\/\/blogs.univ-jfc.fr\/studium\/wp-content\/uploads\/sites\/44\/2018\/02\/evenementon18017-724x1024.jpg 724w, https:\/\/blogs.univ-jfc.fr\/studium\/wp-content\/uploads\/sites\/44\/2018\/02\/evenementon18017.jpg 1366w\" sizes=\"(max-width: 213px) 100vw, 213px\" \/><\/a><\/p>\n<h5><em>Inauguration de l&rsquo;exposition du photographe Emmanuel Delandre \u00ab\u00a0De m\u00e9moire et de paix\u00a0\u00bb<\/em><\/h5>\n<p style=\"text-align: center\"><a href=\"http:\/\/blogs.univ-jfc.fr\/studium\/wp-content\/uploads\/sites\/44\/2018\/03\/Albert-Mamy.jpg\"><img loading=\"lazy\" class=\"alignright size-medium wp-image-792\" src=\"http:\/\/blogs.univ-jfc.fr\/studium\/wp-content\/uploads\/sites\/44\/2018\/03\/Albert-Mamy-300x225.jpg\" alt=\"\" width=\"300\" height=\"225\" srcset=\"https:\/\/blogs.univ-jfc.fr\/studium\/wp-content\/uploads\/sites\/44\/2018\/03\/Albert-Mamy-300x225.jpg 300w, https:\/\/blogs.univ-jfc.fr\/studium\/wp-content\/uploads\/sites\/44\/2018\/03\/Albert-Mamy-768x576.jpg 768w, https:\/\/blogs.univ-jfc.fr\/studium\/wp-content\/uploads\/sites\/44\/2018\/03\/Albert-Mamy-1024x768.jpg 1024w, https:\/\/blogs.univ-jfc.fr\/studium\/wp-content\/uploads\/sites\/44\/2018\/03\/Albert-Mamy.jpg 1296w\" sizes=\"(max-width: 300px) 100vw, 300px\" \/><\/a><\/p>\n<p style=\"text-align: center\">De gauche \u00e0 droite : le g\u00e9n\u00e9ral Elrick Irastorza, Albert Mamy (tenant le micro), maire de Sor\u00e8ze et Mme Claudie Bonnet pr\u00e9sidente du Syndicat mixte de l&rsquo;abbaye-\u00e9cole de Sor\u00e8ze, vice-pr\u00e9sidente du Conseil g\u00e9n\u00e9ral du Tarn.<\/p>\n<p style=\"text-align: center\"><a href=\"http:\/\/blogs.univ-jfc.fr\/studium\/wp-content\/uploads\/sites\/44\/2018\/02\/Pr\u00e9sidente-SM.jpg\"><img loading=\"lazy\" class=\"size-medium wp-image-762 aligncenter\" src=\"http:\/\/blogs.univ-jfc.fr\/studium\/wp-content\/uploads\/sites\/44\/2018\/02\/Pr\u00e9sidente-SM-169x300.jpg\" alt=\"\" width=\"169\" height=\"300\" srcset=\"https:\/\/blogs.univ-jfc.fr\/studium\/wp-content\/uploads\/sites\/44\/2018\/02\/Pr\u00e9sidente-SM-169x300.jpg 169w, https:\/\/blogs.univ-jfc.fr\/studium\/wp-content\/uploads\/sites\/44\/2018\/02\/Pr\u00e9sidente-SM-768x1365.jpg 768w, https:\/\/blogs.univ-jfc.fr\/studium\/wp-content\/uploads\/sites\/44\/2018\/02\/Pr\u00e9sidente-SM-576x1024.jpg 576w, https:\/\/blogs.univ-jfc.fr\/studium\/wp-content\/uploads\/sites\/44\/2018\/02\/Pr\u00e9sidente-SM.jpg 918w\" sizes=\"(max-width: 169px) 100vw, 169px\" \/><\/a>Mme Claudie Bonnet . Le photographe Emmanuel Delandre est le 2e en partant de la gauche.<\/p>\n<p style=\"text-align: center\"><a href=\"http:\/\/blogs.univ-jfc.fr\/studium\/wp-content\/uploads\/sites\/44\/2018\/02\/Inauguration-expo.jpg\"><img loading=\"lazy\" class=\"size-medium wp-image-755 aligncenter\" src=\"http:\/\/blogs.univ-jfc.fr\/studium\/wp-content\/uploads\/sites\/44\/2018\/02\/Inauguration-expo-300x169.jpg\" alt=\"\" width=\"300\" height=\"169\" srcset=\"https:\/\/blogs.univ-jfc.fr\/studium\/wp-content\/uploads\/sites\/44\/2018\/02\/Inauguration-expo-300x169.jpg 300w, https:\/\/blogs.univ-jfc.fr\/studium\/wp-content\/uploads\/sites\/44\/2018\/02\/Inauguration-expo-768x432.jpg 768w, https:\/\/blogs.univ-jfc.fr\/studium\/wp-content\/uploads\/sites\/44\/2018\/02\/Inauguration-expo-1024x576.jpg 1024w, https:\/\/blogs.univ-jfc.fr\/studium\/wp-content\/uploads\/sites\/44\/2018\/02\/Inauguration-expo.jpg 1632w\" sizes=\"(max-width: 300px) 100vw, 300px\" \/><\/a><\/p>\n<h5 style=\"text-align: left\"><em>Le colloque<\/em><\/h5>\n<p>&nbsp;<\/p>\n<p style=\"text-align: center\"><a href=\"http:\/\/blogs.univ-jfc.fr\/studium\/wp-content\/uploads\/sites\/44\/2018\/03\/Bouloc.jpg\"><img loading=\"lazy\" class=\"size-medium wp-image-793 aligncenter\" src=\"http:\/\/blogs.univ-jfc.fr\/studium\/wp-content\/uploads\/sites\/44\/2018\/03\/Bouloc-300x225.jpg\" alt=\"\" width=\"300\" height=\"225\" srcset=\"https:\/\/blogs.univ-jfc.fr\/studium\/wp-content\/uploads\/sites\/44\/2018\/03\/Bouloc-300x225.jpg 300w, https:\/\/blogs.univ-jfc.fr\/studium\/wp-content\/uploads\/sites\/44\/2018\/03\/Bouloc-768x576.jpg 768w, https:\/\/blogs.univ-jfc.fr\/studium\/wp-content\/uploads\/sites\/44\/2018\/03\/Bouloc-1024x768.jpg 1024w, https:\/\/blogs.univ-jfc.fr\/studium\/wp-content\/uploads\/sites\/44\/2018\/03\/Bouloc.jpg 1296w\" sizes=\"(max-width: 300px) 100vw, 300px\" \/><\/a>De gauche \u00e0 droite : Fran\u00e7ois Icher, Fran\u00e7ois Bouloc, Thierry Hardier.<\/p>\n<p style=\"text-align: center\"><a href=\"http:\/\/blogs.univ-jfc.fr\/studium\/wp-content\/uploads\/sites\/44\/2018\/02\/Chanoir-Offenstadt.jpg\"><img loading=\"lazy\" class=\"size-medium wp-image-749 aligncenter\" src=\"http:\/\/blogs.univ-jfc.fr\/studium\/wp-content\/uploads\/sites\/44\/2018\/02\/Chanoir-Offenstadt-169x300.jpg\" alt=\"\" width=\"169\" height=\"300\" srcset=\"https:\/\/blogs.univ-jfc.fr\/studium\/wp-content\/uploads\/sites\/44\/2018\/02\/Chanoir-Offenstadt-169x300.jpg 169w, https:\/\/blogs.univ-jfc.fr\/studium\/wp-content\/uploads\/sites\/44\/2018\/02\/Chanoir-Offenstadt-768x1365.jpg 768w, https:\/\/blogs.univ-jfc.fr\/studium\/wp-content\/uploads\/sites\/44\/2018\/02\/Chanoir-Offenstadt-576x1024.jpg 576w, https:\/\/blogs.univ-jfc.fr\/studium\/wp-content\/uploads\/sites\/44\/2018\/02\/Chanoir-Offenstadt.jpg 918w\" sizes=\"(max-width: 169px) 100vw, 169px\" \/><\/a>De gauche \u00e0 droite : Jean le Pottier, Yoann Chanoir et Nicolas Offenstadt.<\/p>\n<p style=\"text-align: center\"><a href=\"http:\/\/blogs.univ-jfc.fr\/studium\/wp-content\/uploads\/sites\/44\/2018\/02\/caezals-2.jpg\"><img loading=\"lazy\" class=\"size-medium wp-image-747 aligncenter\" src=\"http:\/\/blogs.univ-jfc.fr\/studium\/wp-content\/uploads\/sites\/44\/2018\/02\/caezals-2-300x169.jpg\" alt=\"\" width=\"300\" height=\"169\" srcset=\"https:\/\/blogs.univ-jfc.fr\/studium\/wp-content\/uploads\/sites\/44\/2018\/02\/caezals-2-300x169.jpg 300w, https:\/\/blogs.univ-jfc.fr\/studium\/wp-content\/uploads\/sites\/44\/2018\/02\/caezals-2-768x432.jpg 768w, https:\/\/blogs.univ-jfc.fr\/studium\/wp-content\/uploads\/sites\/44\/2018\/02\/caezals-2-1024x576.jpg 1024w, https:\/\/blogs.univ-jfc.fr\/studium\/wp-content\/uploads\/sites\/44\/2018\/02\/caezals-2.jpg 1632w\" sizes=\"(max-width: 300px) 100vw, 300px\" \/><\/a>De gauche \u00e0 droite : Rapha\u00ebl Georges, Jean le Pottier, R\u00e9my Cazals.<\/p>\n<p style=\"text-align: center\"><a href=\"http:\/\/blogs.univ-jfc.fr\/studium\/wp-content\/uploads\/sites\/44\/2018\/02\/Lafon.jpg\"><img loading=\"lazy\" class=\"size-medium wp-image-757 aligncenter\" src=\"http:\/\/blogs.univ-jfc.fr\/studium\/wp-content\/uploads\/sites\/44\/2018\/02\/Lafon-300x169.jpg\" alt=\"\" width=\"300\" height=\"169\" srcset=\"https:\/\/blogs.univ-jfc.fr\/studium\/wp-content\/uploads\/sites\/44\/2018\/02\/Lafon-300x169.jpg 300w, https:\/\/blogs.univ-jfc.fr\/studium\/wp-content\/uploads\/sites\/44\/2018\/02\/Lafon-768x432.jpg 768w, https:\/\/blogs.univ-jfc.fr\/studium\/wp-content\/uploads\/sites\/44\/2018\/02\/Lafon-1024x576.jpg 1024w, https:\/\/blogs.univ-jfc.fr\/studium\/wp-content\/uploads\/sites\/44\/2018\/02\/Lafon.jpg 1632w\" sizes=\"(max-width: 300px) 100vw, 300px\" \/><\/a>De gauche \u00e0 droite : C\u00e9dric Marty, Fran\u00e7ois Icher, Alexandre Lafon.<\/p>\n<p style=\"text-align: center\"><a href=\"http:\/\/blogs.univ-jfc.fr\/studium\/wp-content\/uploads\/sites\/44\/2018\/02\/marival-lez-Naour-1.jpg\"><img loading=\"lazy\" class=\"size-medium wp-image-766 aligncenter\" src=\"http:\/\/blogs.univ-jfc.fr\/studium\/wp-content\/uploads\/sites\/44\/2018\/02\/marival-lez-Naour-1-300x169.jpg\" alt=\"\" width=\"300\" height=\"169\" srcset=\"https:\/\/blogs.univ-jfc.fr\/studium\/wp-content\/uploads\/sites\/44\/2018\/02\/marival-lez-Naour-1-300x169.jpg 300w, https:\/\/blogs.univ-jfc.fr\/studium\/wp-content\/uploads\/sites\/44\/2018\/02\/marival-lez-Naour-1-768x432.jpg 768w, https:\/\/blogs.univ-jfc.fr\/studium\/wp-content\/uploads\/sites\/44\/2018\/02\/marival-lez-Naour-1-1024x576.jpg 1024w, https:\/\/blogs.univ-jfc.fr\/studium\/wp-content\/uploads\/sites\/44\/2018\/02\/marival-lez-Naour-1.jpg 1632w\" sizes=\"(max-width: 300px) 100vw, 300px\" \/><\/a>De gauche \u00e0 droite : Jean-Yves Le Naour, Jean le Pottier, Guy Marival.<\/p>\n<h5 style=\"text-align: left\"><em>Les temps de pause<br \/>\n<\/em><\/h5>\n<p style=\"text-align: center\"><a href=\"http:\/\/blogs.univ-jfc.fr\/studium\/wp-content\/uploads\/sites\/44\/2018\/02\/Bouloc-Hardier-Marival-Rainer.jpg\"><img loading=\"lazy\" class=\"size-medium wp-image-746 aligncenter\" src=\"http:\/\/blogs.univ-jfc.fr\/studium\/wp-content\/uploads\/sites\/44\/2018\/02\/Bouloc-Hardier-Marival-Rainer-169x300.jpg\" alt=\"\" width=\"169\" height=\"300\" srcset=\"https:\/\/blogs.univ-jfc.fr\/studium\/wp-content\/uploads\/sites\/44\/2018\/02\/Bouloc-Hardier-Marival-Rainer-169x300.jpg 169w, https:\/\/blogs.univ-jfc.fr\/studium\/wp-content\/uploads\/sites\/44\/2018\/02\/Bouloc-Hardier-Marival-Rainer-768x1365.jpg 768w, https:\/\/blogs.univ-jfc.fr\/studium\/wp-content\/uploads\/sites\/44\/2018\/02\/Bouloc-Hardier-Marival-Rainer-576x1024.jpg 576w, https:\/\/blogs.univ-jfc.fr\/studium\/wp-content\/uploads\/sites\/44\/2018\/02\/Bouloc-Hardier-Marival-Rainer.jpg 918w\" sizes=\"(max-width: 169px) 100vw, 169px\" \/><\/a>De gauche \u00e0 droite : Fran\u00e7ois Bouloc, Thierry Hardier, Guy Marival, Rainer Bendick.<\/p>\n<p style=\"text-align: center\"><a href=\"http:\/\/blogs.univ-jfc.fr\/studium\/wp-content\/uploads\/sites\/44\/2018\/02\/Izatorza-1.jpg\"><img loading=\"lazy\" class=\"size-medium wp-image-768 aligncenter\" src=\"http:\/\/blogs.univ-jfc.fr\/studium\/wp-content\/uploads\/sites\/44\/2018\/02\/Izatorza-1-300x169.jpg\" alt=\"\" width=\"300\" height=\"169\" srcset=\"https:\/\/blogs.univ-jfc.fr\/studium\/wp-content\/uploads\/sites\/44\/2018\/02\/Izatorza-1-300x169.jpg 300w, https:\/\/blogs.univ-jfc.fr\/studium\/wp-content\/uploads\/sites\/44\/2018\/02\/Izatorza-1-768x432.jpg 768w, https:\/\/blogs.univ-jfc.fr\/studium\/wp-content\/uploads\/sites\/44\/2018\/02\/Izatorza-1-1024x576.jpg 1024w, https:\/\/blogs.univ-jfc.fr\/studium\/wp-content\/uploads\/sites\/44\/2018\/02\/Izatorza-1.jpg 1632w\" sizes=\"(max-width: 300px) 100vw, 300px\" \/><\/a>Le g\u00e9n\u00e9ral Irastorza avec \u00e0 sa droite Fran\u00e7ois Icher.<\/p>\n<p style=\"text-align: center\">\u00a0<a href=\"http:\/\/blogs.univ-jfc.fr\/studium\/wp-content\/uploads\/sites\/44\/2018\/02\/icher-offenstadt-1.jpg\"><img loading=\"lazy\" class=\"size-medium wp-image-769 aligncenter\" src=\"http:\/\/blogs.univ-jfc.fr\/studium\/wp-content\/uploads\/sites\/44\/2018\/02\/icher-offenstadt-1-300x169.jpg\" alt=\"\" width=\"300\" height=\"169\" srcset=\"https:\/\/blogs.univ-jfc.fr\/studium\/wp-content\/uploads\/sites\/44\/2018\/02\/icher-offenstadt-1-300x169.jpg 300w, https:\/\/blogs.univ-jfc.fr\/studium\/wp-content\/uploads\/sites\/44\/2018\/02\/icher-offenstadt-1-768x432.jpg 768w, https:\/\/blogs.univ-jfc.fr\/studium\/wp-content\/uploads\/sites\/44\/2018\/02\/icher-offenstadt-1-1024x576.jpg 1024w, https:\/\/blogs.univ-jfc.fr\/studium\/wp-content\/uploads\/sites\/44\/2018\/02\/icher-offenstadt-1.jpg 1632w\" sizes=\"(max-width: 300px) 100vw, 300px\" \/><\/a>De gauche \u00e0 droite Josph Zimet, Alexandre Lafon, Nicolas offenstadt, Fran\u00e7ois Icher.<\/p>\n<p style=\"text-align: center\"><a href=\"http:\/\/blogs.univ-jfc.fr\/studium\/wp-content\/uploads\/sites\/44\/2018\/02\/couliou-1.jpg\"><img loading=\"lazy\" class=\"size-medium wp-image-770 aligncenter\" src=\"http:\/\/blogs.univ-jfc.fr\/studium\/wp-content\/uploads\/sites\/44\/2018\/02\/couliou-1-300x169.jpg\" alt=\"\" width=\"300\" height=\"169\" srcset=\"https:\/\/blogs.univ-jfc.fr\/studium\/wp-content\/uploads\/sites\/44\/2018\/02\/couliou-1-300x169.jpg 300w, https:\/\/blogs.univ-jfc.fr\/studium\/wp-content\/uploads\/sites\/44\/2018\/02\/couliou-1-768x432.jpg 768w, https:\/\/blogs.univ-jfc.fr\/studium\/wp-content\/uploads\/sites\/44\/2018\/02\/couliou-1-1024x576.jpg 1024w, https:\/\/blogs.univ-jfc.fr\/studium\/wp-content\/uploads\/sites\/44\/2018\/02\/couliou-1.jpg 1632w\" sizes=\"(max-width: 300px) 100vw, 300px\" \/><\/a>De gauche \u00e0 droite : Fran\u00e7ois Bouloc, Guy Marival, Rainer Bendick, Benoist Couliou.<\/p>\n<h5 style=\"text-align: left\"><em>La librairie de l&rsquo;abbaye-\u00e9cole de Sor\u00e8ze<br \/>\n<\/em><\/h5>\n<p><a href=\"http:\/\/blogs.univ-jfc.fr\/studium\/wp-content\/uploads\/sites\/44\/2018\/03\/Librairie-de-Sor\u00e8ze.jpg\"><img loading=\"lazy\" class=\"alignright size-medium wp-image-795\" src=\"http:\/\/blogs.univ-jfc.fr\/studium\/wp-content\/uploads\/sites\/44\/2018\/03\/Librairie-de-Sor\u00e8ze-300x225.jpg\" alt=\"\" width=\"300\" height=\"225\" srcset=\"https:\/\/blogs.univ-jfc.fr\/studium\/wp-content\/uploads\/sites\/44\/2018\/03\/Librairie-de-Sor\u00e8ze-300x225.jpg 300w, https:\/\/blogs.univ-jfc.fr\/studium\/wp-content\/uploads\/sites\/44\/2018\/03\/Librairie-de-Sor\u00e8ze-768x576.jpg 768w, https:\/\/blogs.univ-jfc.fr\/studium\/wp-content\/uploads\/sites\/44\/2018\/03\/Librairie-de-Sor\u00e8ze-1024x768.jpg 1024w, https:\/\/blogs.univ-jfc.fr\/studium\/wp-content\/uploads\/sites\/44\/2018\/03\/Librairie-de-Sor\u00e8ze.jpg 1296w\" sizes=\"(max-width: 300px) 100vw, 300px\" \/><\/a><\/p>\n","protected":false},"excerpt":{"rendered":"<p>Les 21 et 22 octobre 2017 s&rsquo;est tenu \u00e0 l&rsquo;abbaye-\u00e9cole de Sor\u00e8ze un colloque intitul\u00e9 Enseigner la Grande Guerre co-organis\u00e9 par le Syndicat mixte de l&rsquo;abbaye-\u00e9cole de Sor\u00e8ze, le laboratoire Framespa (Universit\u00e9 Toulouse Jean Jaur\u00e8s-CNRS) et l&rsquo;INU Champollion. Direction scientifique : R\u00e9my Cazals et caroline Barrera. &nbsp; Inauguration de l&rsquo;exposition du photographe Emmanuel Delandre \u00ab\u00a0De &hellip; <a href=\"https:\/\/blogs.univ-jfc.fr\/studium\/galerie-photographique\/colloque-des-21-22-octobre-2017-soreze\/\" class=\"more-link\">Continuer la lecture de <span class=\"screen-reader-text\">Colloque ENSEIGNER LA GRANDE GUERRE, Sor\u00e8ze, 21-22.10. 2017<\/span> <span class=\"meta-nav\">&rarr;<\/span><\/a><\/p>\n","protected":false},"author":19,"featured_media":0,"parent":632,"menu_order":5,"comment_status":"closed","ping_status":"closed","template":"","meta":[],"_links":{"self":[{"href":"https:\/\/blogs.univ-jfc.fr\/studium\/wp-json\/wp\/v2\/pages\/743"}],"collection":[{"href":"https:\/\/blogs.univ-jfc.fr\/studium\/wp-json\/wp\/v2\/pages"}],"about":[{"href":"https:\/\/blogs.univ-jfc.fr\/studium\/wp-json\/wp\/v2\/types\/page"}],"author":[{"embeddable":true,"href":"https:\/\/blogs.univ-jfc.fr\/studium\/wp-json\/wp\/v2\/users\/19"}],"replies":[{"embeddable":true,"href":"https:\/\/blogs.univ-jfc.fr\/studium\/wp-json\/wp\/v2\/comments?post=743"}],"version-history":[{"count":14,"href":"https:\/\/blogs.univ-jfc.fr\/studium\/wp-json\/wp\/v2\/pages\/743\/revisions"}],"predecessor-version":[{"id":813,"href":"https:\/\/blogs.univ-jfc.fr\/studium\/wp-json\/wp\/v2\/pages\/743\/revisions\/813"}],"up":[{"embeddable":true,"href":"https:\/\/blogs.univ-jfc.fr\/studium\/wp-json\/wp\/v2\/pages\/632"}],"wp:attachment":[{"href":"https:\/\/blogs.univ-jfc.fr\/studium\/wp-json\/wp\/v2\/media?parent=743"}],"curies":[{"name":"wp","href":"https:\/\/api.w.org\/{rel}","templated":true}]}}