{"id":95,"date":"2015-04-03T14:04:03","date_gmt":"2015-04-03T13:04:03","guid":{"rendered":"http:\/\/blogs.univ-jfc.fr\/studium\/?page_id=95"},"modified":"2020-09-29T14:15:41","modified_gmt":"2020-09-29T13:15:41","slug":"les-bases-de-donnees-universitaires","status":"publish","type":"page","link":"https:\/\/blogs.univ-jfc.fr\/studium\/les-projets\/les-bases-de-donnees-universitaires\/","title":{"rendered":"Chantier 5 : Les bases de donn\u00e9es en ligne (Pool Corpus)"},"content":{"rendered":"<p>&nbsp;<\/p>\n<div>\n<p style=\"text-align: justify\">Ce chantier est men\u00e9 en \u00e9troite collaboration avec l&rsquo;axe TCF de l&rsquo;INU Champollion (Campus d&rsquo;Albi) qui met en ligne des bases de donn\u00e9es prosopographiques qui d\u00e9pasent la th\u00e9matique de Studium. <a href=\"http:\/\/blogs.univ-jfc.fr\/studium\/blogs\/les-bases-de-donnees\/\" target=\"_blank\" rel=\"noopener noreferrer\">Les bases sont accessibles en suivant ce lien<\/a> .<\/p>\n<p style=\"text-align: justify\">Les chercheurs et le grand public trouveront des donn\u00e9es brutes, sous forme de notices prosopographiques individuelles, sur les acteurs de l\u2019universit\u00e9 (\u00e9tudiants, professeurs, personnels administratifs et techniques). Les donn\u00e9es publi\u00e9es n\u2019engagent que le chercheur signataire de la notice, en aucun cas l\u2019\u00e9tablissement universitaire dans lequel l\u2019\u00e9tudiant ou l\u2019enseignant a fait son cursus ou sa carri\u00e8re.<\/p>\n<p><span style=\"color: #800000\"><strong>Membres impliqu\u00e9s.\u00e9es :<\/strong><\/span> Caroline Barrera &amp; Patrick Fert\u00e9 \u2013 Responsables scientifiques des bases universitaires.<\/p>\n<p>&nbsp;<\/p>\n<\/div>\n<h5 style=\"text-align: center\"><a href=\"https:\/\/poolcorpus.univ-jfc.fr\/femmes-de-sciences-d-occitanie-XVe-1968\" target=\"_blank\" rel=\"noopener noreferrer\">LE PROJET FEMMES DE SCIENCES D&rsquo;OCCITANIE EST D\u00c9SORMAIS LANC\u00e9<\/a><\/h5>\n","protected":false},"excerpt":{"rendered":"<p>&nbsp; Ce chantier est men\u00e9 en \u00e9troite collaboration avec l&rsquo;axe TCF de l&rsquo;INU Champollion (Campus d&rsquo;Albi) qui met en ligne des bases de donn\u00e9es prosopographiques qui d\u00e9pasent la th\u00e9matique de Studium. Les bases sont accessibles en suivant ce lien . Les chercheurs et le grand public trouveront des donn\u00e9es brutes, sous forme de notices prosopographiques &hellip; <a href=\"https:\/\/blogs.univ-jfc.fr\/studium\/les-projets\/les-bases-de-donnees-universitaires\/\" class=\"more-link\">Continuer la lecture de <span class=\"screen-reader-text\">Chantier 5 : Les bases de donn\u00e9es en ligne (Pool Corpus)<\/span> <span class=\"meta-nav\">&rarr;<\/span><\/a><\/p>\n","protected":false},"author":19,"featured_media":0,"parent":15,"menu_order":5,"comment_status":"closed","ping_status":"closed","template":"","meta":[],"_links":{"self":[{"href":"https:\/\/blogs.univ-jfc.fr\/studium\/wp-json\/wp\/v2\/pages\/95"}],"collection":[{"href":"https:\/\/blogs.univ-jfc.fr\/studium\/wp-json\/wp\/v2\/pages"}],"about":[{"href":"https:\/\/blogs.univ-jfc.fr\/studium\/wp-json\/wp\/v2\/types\/page"}],"author":[{"embeddable":true,"href":"https:\/\/blogs.univ-jfc.fr\/studium\/wp-json\/wp\/v2\/users\/19"}],"replies":[{"embeddable":true,"href":"https:\/\/blogs.univ-jfc.fr\/studium\/wp-json\/wp\/v2\/comments?post=95"}],"version-history":[{"count":10,"href":"https:\/\/blogs.univ-jfc.fr\/studium\/wp-json\/wp\/v2\/pages\/95\/revisions"}],"predecessor-version":[{"id":1761,"href":"https:\/\/blogs.univ-jfc.fr\/studium\/wp-json\/wp\/v2\/pages\/95\/revisions\/1761"}],"up":[{"embeddable":true,"href":"https:\/\/blogs.univ-jfc.fr\/studium\/wp-json\/wp\/v2\/pages\/15"}],"wp:attachment":[{"href":"https:\/\/blogs.univ-jfc.fr\/studium\/wp-json\/wp\/v2\/media?parent=95"}],"curies":[{"name":"wp","href":"https:\/\/api.w.org\/{rel}","templated":true}]}}