{"id":972,"date":"2019-04-16T05:57:56","date_gmt":"2019-04-16T04:57:56","guid":{"rendered":"http:\/\/blogs.univ-jfc.fr\/studium\/?page_id=972"},"modified":"2022-02-28T14:58:22","modified_gmt":"2022-02-28T13:58:22","slug":"lafon-alexandre-v","status":"publish","type":"page","link":"https:\/\/blogs.univ-jfc.fr\/studium\/les-membres\/lafon-alexandre-v\/","title":{"rendered":"LAFON Alexandre"},"content":{"rendered":"<p><a href=\"http:\/\/blogs.univ-jfc.fr\/studium\/wp-content\/uploads\/sites\/44\/2018\/02\/Lafon-2.jpg\"><img loading=\"lazy\" class=\"wp-image-782 aligncenter\" src=\"http:\/\/blogs.univ-jfc.fr\/studium\/wp-content\/uploads\/sites\/44\/2018\/02\/Lafon-2.jpg\" alt=\"\" width=\"155\" height=\"171\" \/><\/a>Professeur agr\u00e9g\u00e9, docteur en histoire contemporaine, charg\u00e9 de cours INU Champollion (Albi).<\/p>\n<p>Membre associ\u00e9 de Framespa.<\/p>\n<p>Contact : <span class=\"GCSDBRWBDQC\"><a class=\"GCSDBRWBFVB\"><span class=\"GCSDBRWBMPC\">al.lafon81@gmail.com<\/span><\/a><\/span><\/p>\n<p><strong>Mots-clefs :<\/strong>\u00a0 Premi\u00e8re Guerre mondiale, \u00c9ducation, usages de l&rsquo;histoire.<\/p>\n<p><strong>Chantiers Studium<\/strong> : Chantier 1 : Histoire de l&rsquo;\u00e9ducation : chantier 2 : Culture et diffusions culturelles : Chantier 4 : Guerre.<\/p>\n<p><strong>Ouvrages<\/strong><\/p>\n<p>&#8211; <em>Le centenaire \u00e0 l&rsquo;\u00e9cole. Un laboratoire p\u00e9dagogique<\/em>, Paris, mission du centenaire, 2019.<\/p>\n<p style=\"text-align: center\"><a href=\"http:\/\/blogs.univ-jfc.fr\/studium\/wp-content\/uploads\/sites\/44\/2019\/04\/D2giYmbWkAAJC1j.jpg\"><img loading=\"lazy\" class=\"size-medium wp-image-967 aligncenter\" src=\"http:\/\/blogs.univ-jfc.fr\/studium\/wp-content\/uploads\/sites\/44\/2019\/04\/D2giYmbWkAAJC1j-213x300.jpg\" alt=\"\" width=\"213\" height=\"300\" srcset=\"https:\/\/blogs.univ-jfc.fr\/studium\/wp-content\/uploads\/sites\/44\/2019\/04\/D2giYmbWkAAJC1j-213x300.jpg 213w, https:\/\/blogs.univ-jfc.fr\/studium\/wp-content\/uploads\/sites\/44\/2019\/04\/D2giYmbWkAAJC1j-768x1080.jpg 768w, https:\/\/blogs.univ-jfc.fr\/studium\/wp-content\/uploads\/sites\/44\/2019\/04\/D2giYmbWkAAJC1j-728x1024.jpg 728w, https:\/\/blogs.univ-jfc.fr\/studium\/wp-content\/uploads\/sites\/44\/2019\/04\/D2giYmbWkAAJC1j.jpg 853w\" sizes=\"(max-width: 213px) 100vw, 213px\" \/><\/a><\/p>\n<p>&#8211; <em>La France de la Premi\u00e8re Guerre mondiale<\/em>, Paris, Armand Colin, 2016.<\/p>\n<p><a href=\"http:\/\/blogs.univ-jfc.fr\/studium\/wp-content\/uploads\/sites\/44\/2019\/04\/index.jpg\"><img loading=\"lazy\" class=\"size-full wp-image-979 aligncenter\" src=\"http:\/\/blogs.univ-jfc.fr\/studium\/wp-content\/uploads\/sites\/44\/2019\/04\/index.jpg\" alt=\"\" width=\"189\" height=\"266\" \/><\/a><\/p>\n<p>&#8211; Avec Kris et Ma\u00ebl : <em>E<\/em><em>ntre Histoire et Fiction. Autour de la bande dessin\u00e9e Notre M\u00e8re la Guerre de Kris et Ma\u00ebl<\/em>, catalogue de l\u2019exposition pr\u00e9sent\u00e9e par les Archives d\u00e9partementales de l\u2019Aude, f\u00e9vrier-avril 2015, Conseil g\u00e9n\u00e9ral de l\u2019Aude, 2015.<\/p>\n<p><a href=\"http:\/\/blogs.univ-jfc.fr\/studium\/wp-content\/uploads\/sites\/44\/2019\/04\/lafon.jpg\"><img loading=\"lazy\" class=\"size-full wp-image-981 aligncenter\" src=\"http:\/\/blogs.univ-jfc.fr\/studium\/wp-content\/uploads\/sites\/44\/2019\/04\/lafon.jpg\" alt=\"\" width=\"225\" height=\"224\" srcset=\"https:\/\/blogs.univ-jfc.fr\/studium\/wp-content\/uploads\/sites\/44\/2019\/04\/lafon.jpg 225w, https:\/\/blogs.univ-jfc.fr\/studium\/wp-content\/uploads\/sites\/44\/2019\/04\/lafon-150x150.jpg 150w\" sizes=\"(max-width: 225px) 100vw, 225px\" \/><\/a><\/p>\n<p><strong>Articles<\/strong><\/p>\n<p>\u00ab\u00a0T\u00e9moigner : les sp\u00e9cificit\u00e9s de la Grande Guerre-m\u00e9moire\u00a0\u00bb, dans Pascaline Lefort, Christophe Rey (dir.), <i>Guerres et t\u00e9moignages de guerres<\/i>, Limoges, \u00e9ditions Lambert-Lucas, 2022, p. 47-66.<\/p>\n<p>&#8211;\u00a0 Alexandre Lafon, \u00ab\u00a0Changer le paradigme comm\u00e9moratif\u00a0en direction des plus jeunes\u00a0: la voie internationale suivie par les comm\u00e9morations du Centenaire de la Grande Guerre\u00a0\u00bb<b>,\u00a0<\/b><em> L&rsquo;espace politique<\/em>, num\u00e9ro sp\u00e9cial \u00ab\u00a0Comm\u00e9morer dans un monde global : g\u00e9opolitique de la comm\u00e9moration\u00a0\u00bb, <span class=\"\"> (Anne Hertzog dir.), 41 2020-2.<\/span><\/p>\n<p>-Alexandre Lafon, \u00ab\u00a0La Saison Africa 2020, une saison p\u00e9dagogique pour la jeunesse\u00a0\u00bb, dans <em>Historiens et G\u00e9ographes<\/em>, n\u00b0451 \u00ab\u00a0Climat(s)\/Gouverner\u00a0\u00bb, ao\u00fbt 2020, p. 31-33.<\/p>\n<p>-Alexandre Lafon, \u00ab\u00a0Autour des comm\u00e9morations du Chemin des Dames, d&rsquo;une guerre \u00e0 l&rsquo;autre?\u00a0\u00bb, APHG, avril 2020,\u00a0\u00a0<a href=\"https:\/\/www.aphg.fr\/Autour-des-commemorations-du-Chemin-des-Dames-d-une-guerre-a-l-autre\" target=\"_blank\" rel=\"noopener noreferrer\">https:\/\/www.aphg.fr\/Autour-des-commemorations-du-Chemin-des-Dames-d-une-guerre-a-l-autre<\/a><\/p>\n<p>&#8211; Alexandre Lafon, <a href=\"https:\/\/actualites.ecoledeslettres.fr\/education\/education-retour-au-monde-davant\/\" target=\"_blank\" rel=\"noopener noreferrer\">Education, retour au monde d&rsquo;avant ?<\/a> <em>L&rsquo;\u00e9cole des lettres<\/em>, 13.6.2020.<\/p>\n<p>&#8211; Alexandre Lafon, \u00ab\u00a0<a href=\"https:\/\/actualites.ecoledeslettres.fr\/education\/pour-un-nouveau-monde\/\" target=\"_blank\" rel=\"noopener noreferrer\">Sortie de crise, sortie de guerre\u2026 Pour un nouveau monde\u00a0?<\/a>\u00a0\u00bb , <em>L&rsquo;Ecole des lettres<\/em>, 24 avril 2020.<\/p>\n<p>&#8211; Alexandre Lafon, \u00ab\u00a0<a href=\"https:\/\/actualites.ecoledeslettres.fr\/education\/une-surchauffe-pedagogique\/\" target=\"_blank\" rel=\"noopener noreferrer\">Une surchauffe p\u00e9dagogique<\/a>\u00ab\u00a0, L&rsquo;Ecole des lettres, 17 avril 2020.<\/p>\n<p>&#8211; Alexandre Lafon, \u00ab\u00a0<em>Le Monde d\u2019hier<\/em> de Stefan Zweig. Un lire \u00e0 lire\u2026 et \u00e0 enseigner\u00a0\u00bb, dans <em>l\u2019\u00c9cole des lettres<\/em>, n\u00b0 3, janvier-f\u00e9vrier 2016, p. 71-78.<\/p>\n<p>&#8211; Alexandre Lafon, \u00ab\u00a0Soci\u00e9t\u00e9 et chose militaire dans la France d\u2019avant-guerre\u00a0\u00bb, dans COCHET Fran\u00e7ois et SAUVAGE Jean-Christophe (dir.), <em>1914, la guerre avant la guerre. Regards sur un conflit \u00e0 venir<\/em>, actes acad\u00e9miques, Paris, Riveneuve \u00e9ditions, 2015, p. 119-143.<\/p>\n<p>&#8211; Alexandre Lafon, \u00ab\u00a0Le centenaire de la Premi\u00e8re Guerre mondiale comme temps de transmission aux jeunes g\u00e9n\u00e9rations. R\u00e9flexions sur l\u2019action p\u00e9dagogique de la Mission du Centenaire \u00ab\u00a0, dans <em>Pastel, revue d\u2019histoire-g\u00e9ographie de l\u2019acad\u00e9mie de Toulouse<\/em>, n\u00b05, juin 2014.<\/p>\n<p>&#8211; Alexandre Lafon, \u00ab\u00a0B\u00e9cassine s\u2019en va en (Grande) guerre\u00a0\u00bb, dans <em>TDC, <\/em>\u00ab\u00a0Arts et litt\u00e9rature de la Grande Guerre\u00a0\u00bb, 1er f\u00e9vrier 2014, num\u00e9ro coordonn\u00e9 par Nicolas Beaupr\u00e9.<\/p>\n<p>&#8211; Alexandre Lafon, \u00ab\u00a0Autour de la pratique photographique au front. \u00c9tude de la collection d\u2019Henri Despeyri\u00e8res\u00a0\u00bb, dans <em>Annales du Midi<\/em>, juillet-septembre 2011, pp. 391-408.<\/p>\n<p>&#8211; Alexandre Lafon, \u00ab La photographie priv\u00e9e de combattants\u00a0de la Grande Guerre : perspectives de recherche autour de la camaraderie\u00a0\u00bb, dans <em>Mat\u00e9riaux pour l\u2019Histoire<\/em>, BDIC, 2008, pp. 42-50.<\/p>\n<p>&#8211; Alexandre Lafon, \u00ab\u00a0\u2018A nos morts\u2019, le monument des \u2018Enfants d\u2019Agen morts pour la patrie\u2019\u00a0\u00bb, dans <em>Revue de l\u2019Agenais<\/em>, octobre-d\u00e9cembre 2003, pp. 429-450.<\/p>\n<p><a href=\"http:\/\/alexandre.lafon.monsite-orange.fr\/page1\/\" target=\"_blank\" rel=\"noopener noreferrer\">Bibliographie compl\u00e8te<\/a>.<\/p>\n","protected":false},"excerpt":{"rendered":"<p>Professeur agr\u00e9g\u00e9, docteur en histoire contemporaine, charg\u00e9 de cours INU Champollion (Albi). Membre associ\u00e9 de Framespa. Contact : al.lafon81@gmail.com Mots-clefs :\u00a0 Premi\u00e8re Guerre mondiale, \u00c9ducation, usages de l&rsquo;histoire. Chantiers Studium : Chantier 1 : Histoire de l&rsquo;\u00e9ducation : chantier 2 : Culture et diffusions culturelles : Chantier 4 : Guerre. Ouvrages &#8211; Le centenaire \u00e0 &hellip; <a href=\"https:\/\/blogs.univ-jfc.fr\/studium\/les-membres\/lafon-alexandre-v\/\" class=\"more-link\">Continuer la lecture de <span class=\"screen-reader-text\">LAFON Alexandre<\/span> <span class=\"meta-nav\">&rarr;<\/span><\/a><\/p>\n","protected":false},"author":19,"featured_media":0,"parent":10,"menu_order":15,"comment_status":"closed","ping_status":"closed","template":"","meta":[],"_links":{"self":[{"href":"https:\/\/blogs.univ-jfc.fr\/studium\/wp-json\/wp\/v2\/pages\/972"}],"collection":[{"href":"https:\/\/blogs.univ-jfc.fr\/studium\/wp-json\/wp\/v2\/pages"}],"about":[{"href":"https:\/\/blogs.univ-jfc.fr\/studium\/wp-json\/wp\/v2\/types\/page"}],"author":[{"embeddable":true,"href":"https:\/\/blogs.univ-jfc.fr\/studium\/wp-json\/wp\/v2\/users\/19"}],"replies":[{"embeddable":true,"href":"https:\/\/blogs.univ-jfc.fr\/studium\/wp-json\/wp\/v2\/comments?post=972"}],"version-history":[{"count":26,"href":"https:\/\/blogs.univ-jfc.fr\/studium\/wp-json\/wp\/v2\/pages\/972\/revisions"}],"predecessor-version":[{"id":2349,"href":"https:\/\/blogs.univ-jfc.fr\/studium\/wp-json\/wp\/v2\/pages\/972\/revisions\/2349"}],"up":[{"embeddable":true,"href":"https:\/\/blogs.univ-jfc.fr\/studium\/wp-json\/wp\/v2\/pages\/10"}],"wp:attachment":[{"href":"https:\/\/blogs.univ-jfc.fr\/studium\/wp-json\/wp\/v2\/media?parent=972"}],"curies":[{"name":"wp","href":"https:\/\/api.w.org\/{rel}","templated":true}]}}