{"id":2,"date":"2023-12-11T12:37:53","date_gmt":"2023-12-11T11:37:53","guid":{"rendered":"https:\/\/blogs.univ-jfc.fr\/sugarfanzz\/?page_id=2"},"modified":"2024-02-01T11:49:38","modified_gmt":"2024-02-01T10:49:38","slug":"page-d-exemple","status":"publish","type":"page","link":"https:\/\/blogs.univ-jfc.fr\/sugarfanzz\/","title":{"rendered":""},"content":{"rendered":"\n<blockquote class=\"wp-block-quote\"><p>Bienvenue chez la filiale litt\u00e9raire du collectif SA\ud83c\udf6c<br>Suivez nos aventures dans le monde du sucre&nbsp;en virtuel et au format papier !<\/p><cite>Vous trouverez sur le site l&rsquo;ensemble de nos textes et t\u00e9moignages : il suffit de cliquer sur chaque titre du menu pour y acc\u00e9der.<\/cite><\/blockquote>\n\n\n\n<div class=\"wp-block-columns are-vertically-aligned-center\">\n<div class=\"wp-block-column is-vertically-aligned-center\" style=\"flex-basis:100%\">\n<figure class=\"wp-block-gallery columns-3 is-cropped\"><ul class=\"blocks-gallery-grid\"><li class=\"blocks-gallery-item\"><figure><img loading=\"lazy\" width=\"433\" height=\"577\" src=\"https:\/\/blogs.univ-jfc.fr\/sugarfanzz\/wp-content\/uploads\/sites\/128\/2024\/02\/signal-2024-02-01-113623_003-removebg-preview-2-1.png\" alt=\"\" data-id=\"107\" data-full-url=\"https:\/\/blogs.univ-jfc.fr\/sugarfanzz\/wp-content\/uploads\/sites\/128\/2024\/02\/signal-2024-02-01-113623_003-removebg-preview-2-1.png\" data-link=\"https:\/\/blogs.univ-jfc.fr\/sugarfanzz\/page-d-exemple\/signal-2024-02-01-113623_003-removebg-preview-2-1\/\" class=\"wp-image-107\" srcset=\"https:\/\/blogs.univ-jfc.fr\/sugarfanzz\/wp-content\/uploads\/sites\/128\/2024\/02\/signal-2024-02-01-113623_003-removebg-preview-2-1.png 433w, https:\/\/blogs.univ-jfc.fr\/sugarfanzz\/wp-content\/uploads\/sites\/128\/2024\/02\/signal-2024-02-01-113623_003-removebg-preview-2-1-225x300.png 225w\" sizes=\"(max-width: 433px) 100vw, 433px\" \/><\/figure><\/li><li class=\"blocks-gallery-item\"><figure><img loading=\"lazy\" width=\"768\" height=\"1024\" src=\"https:\/\/blogs.univ-jfc.fr\/sugarfanzz\/wp-content\/uploads\/sites\/128\/2024\/02\/signal-2024-02-01-113623_002-1-768x1024.jpeg\" alt=\"\" data-id=\"108\" data-full-url=\"https:\/\/blogs.univ-jfc.fr\/sugarfanzz\/wp-content\/uploads\/sites\/128\/2024\/02\/signal-2024-02-01-113623_002-1.jpeg\" data-link=\"https:\/\/blogs.univ-jfc.fr\/sugarfanzz\/page-d-exemple\/signal-2024-02-01-113623_002-1\/\" class=\"wp-image-108\" srcset=\"https:\/\/blogs.univ-jfc.fr\/sugarfanzz\/wp-content\/uploads\/sites\/128\/2024\/02\/signal-2024-02-01-113623_002-1-768x1024.jpeg 768w, https:\/\/blogs.univ-jfc.fr\/sugarfanzz\/wp-content\/uploads\/sites\/128\/2024\/02\/signal-2024-02-01-113623_002-1-225x300.jpeg 225w, https:\/\/blogs.univ-jfc.fr\/sugarfanzz\/wp-content\/uploads\/sites\/128\/2024\/02\/signal-2024-02-01-113623_002-1-1152x1536.jpeg 1152w, https:\/\/blogs.univ-jfc.fr\/sugarfanzz\/wp-content\/uploads\/sites\/128\/2024\/02\/signal-2024-02-01-113623_002-1.jpeg 1536w\" sizes=\"(max-width: 767px) 89vw, (max-width: 1000px) 54vw, (max-width: 1071px) 543px, 580px\" \/><\/figure><\/li><li class=\"blocks-gallery-item\"><figure><img loading=\"lazy\" width=\"768\" height=\"1024\" src=\"https:\/\/blogs.univ-jfc.fr\/sugarfanzz\/wp-content\/uploads\/sites\/128\/2024\/02\/image-768x1024.jpeg\" alt=\"\" data-id=\"109\" data-full-url=\"https:\/\/blogs.univ-jfc.fr\/sugarfanzz\/wp-content\/uploads\/sites\/128\/2024\/02\/image.jpeg\" data-link=\"https:\/\/blogs.univ-jfc.fr\/sugarfanzz\/page-d-exemple\/image\/\" class=\"wp-image-109\" srcset=\"https:\/\/blogs.univ-jfc.fr\/sugarfanzz\/wp-content\/uploads\/sites\/128\/2024\/02\/image-768x1024.jpeg 768w, https:\/\/blogs.univ-jfc.fr\/sugarfanzz\/wp-content\/uploads\/sites\/128\/2024\/02\/image-225x300.jpeg 225w, https:\/\/blogs.univ-jfc.fr\/sugarfanzz\/wp-content\/uploads\/sites\/128\/2024\/02\/image-1152x1536.jpeg 1152w, https:\/\/blogs.univ-jfc.fr\/sugarfanzz\/wp-content\/uploads\/sites\/128\/2024\/02\/image.jpeg 1536w\" sizes=\"(max-width: 767px) 89vw, (max-width: 1000px) 54vw, (max-width: 1071px) 543px, 580px\" \/><\/figure><\/li><\/ul><\/figure>\n\n\n\n<div class=\"wp-block-media-text alignwide is-stacked-on-mobile\"><figure class=\"wp-block-media-text__media\"><img loading=\"lazy\" width=\"620\" height=\"1024\" src=\"http:\/\/blogs.univ-jfc.fr\/sugarfanzz\/wp-content\/uploads\/sites\/128\/2024\/02\/Capture-decran-2024-02-01-a-11.32.52-620x1024.jpg\" alt=\"\" class=\"wp-image-110 size-full\" srcset=\"https:\/\/blogs.univ-jfc.fr\/sugarfanzz\/wp-content\/uploads\/sites\/128\/2024\/02\/Capture-decran-2024-02-01-a-11.32.52-620x1024.jpg 620w, https:\/\/blogs.univ-jfc.fr\/sugarfanzz\/wp-content\/uploads\/sites\/128\/2024\/02\/Capture-decran-2024-02-01-a-11.32.52-182x300.jpg 182w, https:\/\/blogs.univ-jfc.fr\/sugarfanzz\/wp-content\/uploads\/sites\/128\/2024\/02\/Capture-decran-2024-02-01-a-11.32.52-768x1269.jpg 768w, https:\/\/blogs.univ-jfc.fr\/sugarfanzz\/wp-content\/uploads\/sites\/128\/2024\/02\/Capture-decran-2024-02-01-a-11.32.52.jpg 870w\" sizes=\"(max-width: 620px) 100vw, 620px\" \/><\/figure><div class=\"wp-block-media-text__content\">\n<p style=\"font-size:25px\"><em>Glu&#8217;cause notre fanzine a \u00e9t\u00e9 distribu\u00e9 sur le campus d&rsquo;Albi, ainsi qu&rsquo;\u00e0 plusieurs reprises au cours des soir\u00e9es du march\u00e9 de No\u00ebl.<\/em><\/p>\n\n\n\n<p style=\"font-size:18px\"><em>Au total, ce sont pr\u00e8s de 1000 exemplaires qui auront \u00e9t\u00e9 pli\u00e9s, fa\u00e7onn\u00e9s et distribu\u00e9s <\/em>aux habitant\u00b7es comme aux \u00e9tudiant\u00b7es.<\/p>\n<\/div><\/div>\n<\/div>\n<\/div>\n\n\n\n<p><em>Si jamais tu en veux un toi aussi, \u00e9cris nous sur Instagram. Car tu peux aussi nous retrouver l\u00e0, et \u00e9videmment : nous suivre !<\/em><\/p>\n\n\n\r\n<div id=\"sb_instagram\"  class=\"sbi sbi_mob_col_1 sbi_tab_col_2 sbi_col_4 sbi_width_resp sbi_palette_light\" style=\"padding-bottom: 10px;\" data-feedid=\"*1\"  data-res=\"auto\" data-cols=\"4\" data-colsmobile=\"1\" data-colstablet=\"2\" data-num=\"4\" data-nummobile=\"4\" data-shortcode-atts=\"{&quot;cachetime&quot;:720}\"  data-postid=\"2\" data-locatornonce=\"508a9b37d7\" data-sbi-flags=\"favorLocal\">\r\n\t\r\n    <div id=\"sbi_images\"  style=\"padding: 5px;\">\r\n\t\t    <\/div>\r\n\r\n\t<div id=\"sbi_load\" >\r\n\r\n\t\r\n\t\t\t<span class=\"sbi_follow_btn sbi_custom\">\r\n        <a href=\"https:\/\/www.instagram.com\/sugarfanzz\/\" style=\"background: rgb(64,139,209);\" target=\"_blank\" rel=\"nofollow noopener\">\r\n            <svg class=\"svg-inline--fa fa-instagram fa-w-14\" aria-hidden=\"true\" data-fa-processed=\"\" aria-label=\"Instagram\" data-prefix=\"fab\" data-icon=\"instagram\" role=\"img\" viewBox=\"0 0 448 512\">\n\t                <path fill=\"currentColor\" d=\"M224.1 141c-63.6 0-114.9 51.3-114.9 114.9s51.3 114.9 114.9 114.9S339 319.5 339 255.9 287.7 141 224.1 141zm0 189.6c-41.1 0-74.7-33.5-74.7-74.7s33.5-74.7 74.7-74.7 74.7 33.5 74.7 74.7-33.6 74.7-74.7 74.7zm146.4-194.3c0 14.9-12 26.8-26.8 26.8-14.9 0-26.8-12-26.8-26.8s12-26.8 26.8-26.8 26.8 12 26.8 26.8zm76.1 27.2c-1.7-35.9-9.9-67.7-36.2-93.9-26.2-26.2-58-34.4-93.9-36.2-37-2.1-147.9-2.1-184.9 0-35.8 1.7-67.6 9.9-93.9 36.1s-34.4 58-36.2 93.9c-2.1 37-2.1 147.9 0 184.9 1.7 35.9 9.9 67.7 36.2 93.9s58 34.4 93.9 36.2c37 2.1 147.9 2.1 184.9 0 35.9-1.7 67.7-9.9 93.9-36.2 26.2-26.2 34.4-58 36.2-93.9 2.1-37 2.1-147.8 0-184.8zM398.8 388c-7.8 19.6-22.9 34.7-42.6 42.6-29.5 11.7-99.5 9-132.1 9s-102.7 2.6-132.1-9c-19.6-7.8-34.7-22.9-42.6-42.6-11.7-29.5-9-99.5-9-132.1s-2.6-102.7 9-132.1c7.8-19.6 22.9-34.7 42.6-42.6 29.5-11.7 99.5-9 132.1-9s102.7-2.6 132.1 9c19.6 7.8 34.7 22.9 42.6 42.6 11.7 29.5 9 99.5 9 132.1s2.7 102.7-9 132.1z\"><\/path>\n\t            <\/svg>            <span>Suivre sur Instagram<\/span>\r\n        <\/a>\r\n    <\/span>\r\n\t\r\n<\/div>\r\n\r\n\t    <span class=\"sbi_resized_image_data\" data-feed-id=\"*1\" data-resized=\"[]\">\n\t<\/span>\n\t<\/div>\r\n\r\n","protected":false},"excerpt":{"rendered":"<p>Bienvenue chez la filiale litt\u00e9raire du collectif SA\ud83c\udf6cSuivez nos aventures dans le monde du sucre&nbsp;en virtuel et au format papier ! Vous trouverez sur le site l&rsquo;ensemble de nos textes et t\u00e9moignages : il suffit de cliquer sur chaque titre du menu pour y acc\u00e9der. Si jamais tu en veux un toi aussi, \u00e9cris nous &hellip; <\/p>\n<p class=\"link-more\"><a href=\"https:\/\/blogs.univ-jfc.fr\/sugarfanzz\/\" class=\"more-link\">Continuer la lecture<span class=\"screen-reader-text\"> de &laquo;&nbsp;&nbsp;&raquo;<\/span><\/a><\/p>\n","protected":false},"author":1413,"featured_media":0,"parent":0,"menu_order":0,"comment_status":"closed","ping_status":"open","template":"","meta":[],"_links":{"self":[{"href":"https:\/\/blogs.univ-jfc.fr\/sugarfanzz\/wp-json\/wp\/v2\/pages\/2"}],"collection":[{"href":"https:\/\/blogs.univ-jfc.fr\/sugarfanzz\/wp-json\/wp\/v2\/pages"}],"about":[{"href":"https:\/\/blogs.univ-jfc.fr\/sugarfanzz\/wp-json\/wp\/v2\/types\/page"}],"author":[{"embeddable":true,"href":"https:\/\/blogs.univ-jfc.fr\/sugarfanzz\/wp-json\/wp\/v2\/users\/1413"}],"replies":[{"embeddable":true,"href":"https:\/\/blogs.univ-jfc.fr\/sugarfanzz\/wp-json\/wp\/v2\/comments?post=2"}],"version-history":[{"count":11,"href":"https:\/\/blogs.univ-jfc.fr\/sugarfanzz\/wp-json\/wp\/v2\/pages\/2\/revisions"}],"predecessor-version":[{"id":119,"href":"https:\/\/blogs.univ-jfc.fr\/sugarfanzz\/wp-json\/wp\/v2\/pages\/2\/revisions\/119"}],"wp:attachment":[{"href":"https:\/\/blogs.univ-jfc.fr\/sugarfanzz\/wp-json\/wp\/v2\/media?parent=2"}],"curies":[{"name":"wp","href":"https:\/\/api.w.org\/{rel}","templated":true}]}}