{"id":1100,"date":"2019-03-15T11:52:30","date_gmt":"2019-03-15T10:52:30","guid":{"rendered":"http:\/\/blogs.univ-jfc.fr\/universitas\/?page_id=1100"},"modified":"2019-03-22T15:53:27","modified_gmt":"2019-03-22T14:53:27","slug":"jolivet-anne-claire","status":"publish","type":"page","link":"https:\/\/blogs.univ-jfc.fr\/universitas\/chercheur-es\/jolivet-anne-claire\/","title":{"rendered":"JOLIVET, Anne-Claire"},"content":{"rendered":"<p><img loading=\"lazy\" class=\"size-full wp-image-1475 aligncenter\" src=\"http:\/\/blogs.univ-jfc.fr\/universitas\/wp-content\/uploads\/sites\/73\/2019\/03\/jolivet.jpg\" alt=\"\" width=\"200\" height=\"200\" srcset=\"https:\/\/blogs.univ-jfc.fr\/universitas\/wp-content\/uploads\/sites\/73\/2019\/03\/jolivet.jpg 200w, https:\/\/blogs.univ-jfc.fr\/universitas\/wp-content\/uploads\/sites\/73\/2019\/03\/jolivet-150x150.jpg 150w\" sizes=\"(max-width: 200px) 100vw, 200px\" \/><\/p>\n<p>R\u00e9dactrice-en-cheffe de l&rsquo;Exploreur, Universit\u00e9 f\u00e9d\u00e9rale de Toulouse.<\/p>\n<p>Doctorante du LERASS &#8211; (\u00e9quipe M\u00e9diapolis) &#8211; Projet <a href=\"https:\/\/pastel.hypotheses.org\/\">PASTEL<\/a> : Titre provisoire : <span class=\"research text-shell\">L&rsquo;h\u00e9ritage pyr\u00e9n\u00e9en de la recherche toulousaine : un objet d&rsquo;\u00e9tude convoit\u00e9 et producteur de patrimoine scientifique.<\/span><\/p>\n<p>Courriel : <span class=\"GCSDBRWBBQC\"><a class=\"GCSDBRWBAVB\"><span class=\"GCSDBRWBDPC\">anne-claire.jolivet@univ-toulouse.fr<\/span><\/a><\/span><\/p>\n<p><strong>Publications<\/strong><\/p>\n<p>Lefebvre Muriel et Jolivet Anne-Claire (dirs.), 2019, <em>Des patrimoines en action. Mise en m\u00e9moire des activit\u00e9s scientifiques 1880-2016<\/em>, Presse Universitaire du Midi. A para\u00eetre en 2019.<\/p>\n<p>Jolivet A.-C., \u00ab\u00a0Temporalit\u00e9s en tension dans les mondes scientifiques : les patrimoines en construction d\u2019un botaniste g\u00e9ographe\u00a0\u00bb dans <em>Les temps des arts et des cultures<\/em> de Bonaccorsi J., Collet L., Raichvarg D., 2017, p119. Actes du colloque de SFSIC 2016.<\/p>\n<p>Jolivet A.-C., Mazens M.-C., Le patrimoine scientifique des universit\u00e9s, une construction \u00e0 la fronti\u00e8re de plusieurs mondes. Dans : Des patrimoines et des normes (formation, pratique et perspectives). Collection du CTHDIP, Etudes d&rsquo;histoire du droit et des id\u00e9es politiques, n\u00b021\/2015.<\/p>\n<p>Lefebvre M., Jolivet A-C, Dalle-Nazebi Sophie, 2015. Les \u00e9critures ordinaires des chercheurs. Dans : Fronti\u00e8res d&rsquo;archives : Recherche, savoirs, m\u00e9moires. Editions des Archives Contemporaines.<\/p>\n<p>Mazens M.-C., Jolivet A.-C., 2015. Patrimoines scientifiques, \u00e9tat des lieux de l&rsquo;h\u00e9ritage culturel des \u00e9tablissements membres de l&rsquo;Universit\u00e9 F\u00e9d\u00e9rale Toulouse Midi-Pyr\u00e9n\u00e9es. Rapport disponible en ligne.<\/p>\n<p>Jolivet A.-C., 2013. Le patrimoine scientifique toulousain \u00e0 l\u2019\u00e9preuve. Labex SMS, mis en ligne le 22 octobre, URL : <a href=\"http:\/\/sms.hypotheses.org\/1451\">http:\/\/sms.hypotheses.org\/1451<\/a><\/p>\n<p>Jolivet A.-C., 2012. Des instruments de recherche aux vies de chercheurs. Dans le Hors-s\u00e9rie Midi-Pyr\u00e9n\u00e9es Patrimoine N\u00b0 4. Editions midi-pyr\u00e9n\u00e9ennes.<\/p>\n<p><strong>Projets en cours<\/strong><\/p>\n<p><a href=\"http:\/\/blogs.univ-jfc.fr\/universitas\/projets-en-cours\/projet-studium\/\">Projet Studium.<\/a><\/p>\n<p><a href=\"https:\/\/pastel.hypotheses.org\/\">Le projet PASTEL<\/a>.<\/p>\n","protected":false},"excerpt":{"rendered":"<p>R\u00e9dactrice-en-cheffe de l&rsquo;Exploreur, Universit\u00e9 f\u00e9d\u00e9rale de Toulouse. Doctorante du LERASS &#8211; (\u00e9quipe M\u00e9diapolis) &#8211; Projet PASTEL : Titre provisoire : L&rsquo;h\u00e9ritage pyr\u00e9n\u00e9en de la recherche toulousaine : un objet d&rsquo;\u00e9tude convoit\u00e9 et producteur de patrimoine scientifique. Courriel : anne-claire.jolivet@univ-toulouse.fr Publications Lefebvre Muriel et Jolivet Anne-Claire (dirs.), 2019, Des patrimoines en action. Mise en m\u00e9moire des &hellip; <a href=\"https:\/\/blogs.univ-jfc.fr\/universitas\/chercheur-es\/jolivet-anne-claire\/\" class=\"more-link\">Continuer la lecture de <span class=\"screen-reader-text\">JOLIVET, Anne-Claire<\/span> <span class=\"meta-nav\">&rarr;<\/span><\/a><\/p>\n","protected":false},"author":19,"featured_media":0,"parent":20,"menu_order":9,"comment_status":"closed","ping_status":"closed","template":"","meta":[],"_links":{"self":[{"href":"https:\/\/blogs.univ-jfc.fr\/universitas\/wp-json\/wp\/v2\/pages\/1100"}],"collection":[{"href":"https:\/\/blogs.univ-jfc.fr\/universitas\/wp-json\/wp\/v2\/pages"}],"about":[{"href":"https:\/\/blogs.univ-jfc.fr\/universitas\/wp-json\/wp\/v2\/types\/page"}],"author":[{"embeddable":true,"href":"https:\/\/blogs.univ-jfc.fr\/universitas\/wp-json\/wp\/v2\/users\/19"}],"replies":[{"embeddable":true,"href":"https:\/\/blogs.univ-jfc.fr\/universitas\/wp-json\/wp\/v2\/comments?post=1100"}],"version-history":[{"count":10,"href":"https:\/\/blogs.univ-jfc.fr\/universitas\/wp-json\/wp\/v2\/pages\/1100\/revisions"}],"predecessor-version":[{"id":1612,"href":"https:\/\/blogs.univ-jfc.fr\/universitas\/wp-json\/wp\/v2\/pages\/1100\/revisions\/1612"}],"up":[{"embeddable":true,"href":"https:\/\/blogs.univ-jfc.fr\/universitas\/wp-json\/wp\/v2\/pages\/20"}],"wp:attachment":[{"href":"https:\/\/blogs.univ-jfc.fr\/universitas\/wp-json\/wp\/v2\/media?parent=1100"}],"curies":[{"name":"wp","href":"https:\/\/api.w.org\/{rel}","templated":true}]}}