{"id":1251,"date":"2019-03-16T09:09:34","date_gmt":"2019-03-16T08:09:34","guid":{"rendered":"http:\/\/blogs.univ-jfc.fr\/universitas\/?page_id=1251"},"modified":"2019-03-27T17:50:04","modified_gmt":"2019-03-27T16:50:04","slug":"devaux-olivier","status":"publish","type":"page","link":"https:\/\/blogs.univ-jfc.fr\/universitas\/chercheur-es\/devaux-olivier\/","title":{"rendered":"DEVAUX, Olivier"},"content":{"rendered":"<p><img loading=\"lazy\" class=\" wp-image-1686 aligncenter\" src=\"http:\/\/blogs.univ-jfc.fr\/universitas\/wp-content\/uploads\/sites\/73\/2019\/03\/DEVAUX-Olivier-C-8-200x300.jpg\" alt=\"\" width=\"159\" height=\"239\" srcset=\"https:\/\/blogs.univ-jfc.fr\/universitas\/wp-content\/uploads\/sites\/73\/2019\/03\/DEVAUX-Olivier-C-8-200x300.jpg 200w, https:\/\/blogs.univ-jfc.fr\/universitas\/wp-content\/uploads\/sites\/73\/2019\/03\/DEVAUX-Olivier-C-8.jpg 512w\" sizes=\"(max-width: 159px) 100vw, 159px\" \/><\/p>\n<p>Professeur des Universit\u00e9s en Histoire du droit et des institutions \u00e0 l&rsquo;Universit\u00e9 de Toulouse I Capitole.<\/p>\n<p><a>Olivier.Devaux@ut-capitole.fr<\/a><\/p>\n<p><strong>Ouvrages<\/strong><\/p>\n<p>DEVAUX Olivier, GARNIER Florent, <em>Le livre d&rsquo;or de la facult\u00e9 de droit de Toulouse<\/em>, Toulouse, Presses de l&rsquo;Universit\u00e9 de Toulouse I &#8211; Capitole, 2018.<img loading=\"lazy\" class=\" wp-image-239 aligncenter\" src=\"http:\/\/blogs.univ-jfc.fr\/universitas\/wp-content\/uploads\/sites\/73\/2019\/02\/livreorcouvp1-300x264.jpg\" alt=\"\" width=\"213\" height=\"189\" \/><\/p>\n<p>&nbsp;<\/p>\n<p>DEVAUX Olivier et GARNIER Florent, <em>Ceux de la facult\u00e9. Des juristes toulousains dans la Grande Guerre<\/em>, Toulouse, Presses de l\u2019Universit\u00e9 Toulouse 1 Capitole, 2017, 572 p.<\/p>\n<p><img loading=\"lazy\" class=\" wp-image-267 aligncenter\" src=\"http:\/\/blogs.univ-jfc.fr\/universitas\/wp-content\/uploads\/sites\/73\/2019\/02\/index-1.jpg\" alt=\"\" width=\"160\" height=\"246\" \/><\/p>\n<p>&nbsp;<\/p>\n<p>DEVAUX Olivier, <em>L\u2019enseignement \u00e0 Toulouse sous la Restauration, Toulouse, Presses de l\u2018Universit\u00e9 des Sciences Sociales, 1994.<\/em><\/p>\n<p><img loading=\"lazy\" class=\"size-full wp-image-1260 aligncenter\" src=\"http:\/\/blogs.univ-jfc.fr\/universitas\/wp-content\/uploads\/sites\/73\/2019\/03\/Restauration.jpg\" alt=\"\" width=\"180\" height=\"279\" \/><\/p>\n<p>DEVAUX Olivier, <em>L\u2019enseignement \u00e0 Toulouse sous le Consulat et l\u2019Empire, <\/em>Toulouse, Presses de l\u2019Institut d\u2019\u00e9tudes politiques, 1990.<\/p>\n<p><img loading=\"lazy\" class=\"size-full wp-image-1264 aligncenter\" src=\"http:\/\/blogs.univ-jfc.fr\/universitas\/wp-content\/uploads\/sites\/73\/2019\/03\/ens-tlse.jpg\" alt=\"\" width=\"180\" height=\"269\" \/><\/p>\n<p>&nbsp;<\/p>\n<p>DEVAUX, Olivier,<i> La pique et la plume. L&rsquo;enseignement \u00e0 Toulouse pendant la R\u00e9volutio<\/i>n, Ech\u00e9-EUS, 1988, 181 p.<\/p>\n<p><img loading=\"lazy\" class=\" wp-image-1682 aligncenter\" src=\"http:\/\/blogs.univ-jfc.fr\/universitas\/wp-content\/uploads\/sites\/73\/2019\/03\/IMG_1896-179x300.jpg\" alt=\"\" width=\"166\" height=\"278\" srcset=\"https:\/\/blogs.univ-jfc.fr\/universitas\/wp-content\/uploads\/sites\/73\/2019\/03\/IMG_1896-179x300.jpg 179w, https:\/\/blogs.univ-jfc.fr\/universitas\/wp-content\/uploads\/sites\/73\/2019\/03\/IMG_1896-768x1286.jpg 768w, https:\/\/blogs.univ-jfc.fr\/universitas\/wp-content\/uploads\/sites\/73\/2019\/03\/IMG_1896-611x1024.jpg 611w, https:\/\/blogs.univ-jfc.fr\/universitas\/wp-content\/uploads\/sites\/73\/2019\/03\/IMG_1896.jpg 1105w\" sizes=\"(max-width: 166px) 100vw, 166px\" \/><\/p>\n<p><strong>Directions d&rsquo;ouvrages<\/strong><\/p>\n<p>&#8211; <i>Histoire de l&rsquo;enseignement du droit \u00e0 Toulouse<\/i> (dir. O. DEVAUX),\u00a0 EDHIP n\u00b0 11, Presses de l&rsquo;Universit\u00e9 des sciences sociales de Toulouse, 2017, 402 p.<\/p>\n<p><img loading=\"lazy\" class=\"size-full wp-image-1659 aligncenter\" src=\"http:\/\/blogs.univ-jfc.fr\/universitas\/wp-content\/uploads\/sites\/73\/2019\/03\/histoire-ens-droit.jpg\" alt=\"\" width=\"181\" height=\"279\" \/><\/p>\n<p><strong>Articles ou chapitres d&rsquo;ouvrages<\/strong><\/p>\n<p>-\u00ab\u00a0Entre la mort de l&rsquo;Universit\u00e9 et la naissance de l&rsquo;Ecole centrale : l&rsquo;institut Paganel et la difficile survie de l&rsquo;enseignement du droit \u00e0 Toulouse en 1794\u00a0\u00bb, <i>Revue d&rsquo;histoire des Facult\u00e9s de droit et de la science juridique<\/i> n\u00b0 5, 1987, p. 23-32.<\/p>\n<p>-\u00ab\u00a0Les \u00e9tudiants en droit de Toulouse sous la Restauration : l&rsquo;effervescence bonapartiste et lib\u00e9rale\u00a0\u00bb, <i>Revue d&rsquo;histoire des Facult\u00e9s de droit et de la science juridique<\/i> n\u00b0 7, 1988, p. 93-107.<\/p>\n<p>&#8211; \u00ab\u00a0Note sur quelque enseignants suspects durant la Terreur\u00a0\u00bb, <i>Revue historique,<\/i> t. CCLXXXIX\/2, PUF, 1994, p. 421-451.<\/p>\n<p>&#8211; \u00ab\u00a0Aux origines de l\u2019\u00e9cole sup\u00e9rieure de commerce de Toulouse\u00a0: 1898-1918\u00a0\u00bb, in <em>Enseignement et recherches en gestion\u00a0: \u00e9volutions et perspectives<\/em>, Toulouse\u00a0: PU des sciences sociales, 1996.<\/p>\n<p>-\u00ab\u00a0Philippe Picot de Lapeyrouse, un \u00e9l\u00e8ve de l&rsquo;\u00e9cole de Sor\u00e8ze?\u00a0\u00bb, dans actes du colloque <i>Sor\u00e8ze, l&rsquo;intelligence et la m\u00e9moire d&rsquo;un lieu<\/i>, oct. 2000, Presses de l&rsquo;Universit\u00e9 des sciences sociales de Toulouse, 2001, p. 149-163.<\/p>\n<p>-\u00ab\u00a0Un concours de chaire \u00e0 la Facult\u00e9 de droit de Toulouse en 1822 : entre rumeurs et localisme\u00a0\u00bb, <i>Revue d&rsquo;histoire des Facult\u00e9s de droit et de la science juridique<\/i> n\u00b0 23, 2003, p. 41-55 (avec A. Cabanis).<\/p>\n<p>-\u00ab\u00a0Avant Maurice Hauriou : l&rsquo;enseignement du droit public \u00e0 Toulouse du XVIIe au XIXe si\u00e8cle\u00a0\u00bb, EDHIP n\u00b0 11, <i>Histoire de l&rsquo;enseignement du droit \u00e0 Toulouse <\/i>(dir. O. Devaux), Presses de l&rsquo;Universit\u00e9 des sciences sociales de Toulouse, 2007,p. 327-375 (avec D. Espagno).<\/p>\n<p>-\u00ab\u00a0La Facult\u00e9 de droit de Toulouse : \u00e9tat des travaux et des sources\u00a0\u00bb, dans <i>Les Facult\u00e9s de droit de province au XIXe si\u00e8cle. Bilan et perspective de la recherche<\/i>, vol. 1 (dir Ph. N\u00e9lidoff), EDHIP n\u00b013, Presses de l&rsquo;Universit\u00e9 Toulouse 1 Capitole, 2009, 147-150.<\/p>\n<p>-\u00ab\u00a0M\u00e8re et fille. La Facult\u00e9 de droit de l&rsquo;Universit\u00e9 Toulouse 1 Capitole hors les murs. Les tentations du large ?\u00a0\u00bb, dans<i> Histoire, th\u00e9orie et pratique du droit. \u00c9tudes offertes \u00e0 Michel Vidal<\/i>, Presses universitaires de Bordeaux, 2010, p. 297-315 (avec A. Cabanis et Ph. Delvit).<\/p>\n<p>-\u00ab\u00a0Biographie des enseignants de la Facult\u00e9 de droit de Toulouse au XIXe si\u00e8cle\u00a0\u00bb, vol. 2 (dir. Ph. N\u00e9lidoff), EDHIP n\u00b0 15 , <i>Les Facult\u00e9s de droit de province au XIXe si\u00e8cle. Bilan et perspective de la recheche<\/i>, vol. 2, EDHIP n\u00b0 15, Presses de l&rsquo;Universit\u00e9 Toulouse 1 Capitole, 2011, p. 149-183.<\/p>\n<p>\u00ab\u00a0\u00c9tudiants africains et Facult\u00e9s de droit fran\u00e7aises (1910-2010)\u00a0\u00bb, dans <i>L&rsquo;enseignement du droit en Afrique francophone<\/i> (dir. O. devaux et B. Gueye), <em>Revue s\u00e9n\u00e9galaise de droit et science politique<\/em> (ex <em>Revue Droit s\u00e9n\u00e9galais<\/em>) n\u00b0 12, Presses UT1 Capitole, 2014, p. 35-51. (avec A. Cabanis).<\/p>\n<p>-Notice \u00ab\u00a0Albert Jean\u00a0\u00bb, dans <i>Dictionnaire historique de juristes fran\u00e7ais XIIe-XXe si\u00e8cle<\/i> (dir. P. Arabeyre, J.-L. Halp\u00e9rin et J. Krynen), Paris PUF, 2015 (2e \u00e9d.), p. 11.<br \/>\nNotice \u00ab\u00a0Mestre Achille\u00a0\u00bb, dans <i>Dictionnaire historique de juristes fran\u00e7ais XIIe-XXe si\u00e8cle <\/i>(dir. P. Arabeyre, J.-L. Halp\u00e9rin et J. Krynen), Paris PUF, 2015 (2e \u00e9d.), p. 729-730 (avec A. Cabanis).<\/p>\n<p>&#8211; \u00ab\u00a0Etudes et \u00e9tudiants boursiers toulousains au XVIIe si\u00e8cle\u00a0\u00bb, dans <i>Annales de l&rsquo;Universit\u00e9 Toulouse 1 Capitole<\/i>, t. LVII, 2016-2017, p. 139-161.<\/p>\n<p><strong>Projets en cours<\/strong><\/p>\n<p><a href=\"http:\/\/blogs.univ-jfc.fr\/universitas\/projets-en-cours\/projet-studium\/\">Projet Studium.<\/a><\/p>\n","protected":false},"excerpt":{"rendered":"<p>Professeur des Universit\u00e9s en Histoire du droit et des institutions \u00e0 l&rsquo;Universit\u00e9 de Toulouse I Capitole. Olivier.Devaux@ut-capitole.fr Ouvrages DEVAUX Olivier, GARNIER Florent, Le livre d&rsquo;or de la facult\u00e9 de droit de Toulouse, Toulouse, Presses de l&rsquo;Universit\u00e9 de Toulouse I &#8211; Capitole, 2018. &nbsp; DEVAUX Olivier et GARNIER Florent, Ceux de la facult\u00e9. Des juristes toulousains &hellip; <a href=\"https:\/\/blogs.univ-jfc.fr\/universitas\/chercheur-es\/devaux-olivier\/\" class=\"more-link\">Continuer la lecture de <span class=\"screen-reader-text\">DEVAUX, Olivier<\/span> <span class=\"meta-nav\">&rarr;<\/span><\/a><\/p>\n","protected":false},"author":19,"featured_media":0,"parent":20,"menu_order":3,"comment_status":"closed","ping_status":"closed","template":"","meta":[],"_links":{"self":[{"href":"https:\/\/blogs.univ-jfc.fr\/universitas\/wp-json\/wp\/v2\/pages\/1251"}],"collection":[{"href":"https:\/\/blogs.univ-jfc.fr\/universitas\/wp-json\/wp\/v2\/pages"}],"about":[{"href":"https:\/\/blogs.univ-jfc.fr\/universitas\/wp-json\/wp\/v2\/types\/page"}],"author":[{"embeddable":true,"href":"https:\/\/blogs.univ-jfc.fr\/universitas\/wp-json\/wp\/v2\/users\/19"}],"replies":[{"embeddable":true,"href":"https:\/\/blogs.univ-jfc.fr\/universitas\/wp-json\/wp\/v2\/comments?post=1251"}],"version-history":[{"count":19,"href":"https:\/\/blogs.univ-jfc.fr\/universitas\/wp-json\/wp\/v2\/pages\/1251\/revisions"}],"predecessor-version":[{"id":1689,"href":"https:\/\/blogs.univ-jfc.fr\/universitas\/wp-json\/wp\/v2\/pages\/1251\/revisions\/1689"}],"up":[{"embeddable":true,"href":"https:\/\/blogs.univ-jfc.fr\/universitas\/wp-json\/wp\/v2\/pages\/20"}],"wp:attachment":[{"href":"https:\/\/blogs.univ-jfc.fr\/universitas\/wp-json\/wp\/v2\/media?parent=1251"}],"curies":[{"name":"wp","href":"https:\/\/api.w.org\/{rel}","templated":true}]}}