{"id":1720,"date":"2019-04-02T12:40:48","date_gmt":"2019-04-02T10:40:48","guid":{"rendered":"http:\/\/blogs.univ-jfc.fr\/universitas\/?page_id=1720"},"modified":"2019-04-02T13:33:38","modified_gmt":"2019-04-02T11:33:38","slug":"lewezyk-janssen-anais","status":"publish","type":"page","link":"https:\/\/blogs.univ-jfc.fr\/universitas\/chercheur-es\/lewezyk-janssen-anais\/","title":{"rendered":"LEWEZYK-JANSSEN, Ana\u00efs"},"content":{"rendered":"<p>Docteure en histoire moderne de l&rsquo;Universit\u00e9 Toulouse Jean Jaur\u00e8s.<\/p>\n<p><strong>Travaux<\/strong><\/p>\n<ul>\n<li><em>Devenir m\u00e9decin dans le midi de la France au<\/em> XVIII<em><sup>e<\/sup><\/em><em>\u00a0si\u00e8cle. Du carabin au m\u00e9decin. \u00c9tude prosopographique et encadrement m\u00e9dical du Haut Languedoc<\/em>, th\u00e8se pour le doctorat d&rsquo;histoire, Universit\u00e9 de Toulouse-Jean Jaur\u00e8s (D. Foucault dir.), 2017.<\/li>\n<li><em>Les \u00e9tudiants hors les murs de l\u2019universit\u00e9 de Toulouse au XVIIIe si\u00e8cle<\/em>, m\u00e9m. Master 2 (J. Thomas dir.), UTM, oct. 2009.<\/li>\n<li>\u00a0<em>L\u2019universit\u00e9 de Toulouse en instance de r\u00e9forme\u00a0(1660-1679). L\u2019inspection des commissaires royaux de 1667<\/em>, m\u00e9m. ma\u00eetrise, UTM, sept. 2005 (P. Fert\u00e9 dir.) 0<\/li>\n<\/ul>\n","protected":false},"excerpt":{"rendered":"<p>Docteure en histoire moderne de l&rsquo;Universit\u00e9 Toulouse Jean Jaur\u00e8s. Travaux Devenir m\u00e9decin dans le midi de la France au XVIIIe\u00a0si\u00e8cle. Du carabin au m\u00e9decin. \u00c9tude prosopographique et encadrement m\u00e9dical du Haut Languedoc, th\u00e8se pour le doctorat d&rsquo;histoire, Universit\u00e9 de Toulouse-Jean Jaur\u00e8s (D. Foucault dir.), 2017. Les \u00e9tudiants hors les murs de l\u2019universit\u00e9 de Toulouse au &hellip; <a href=\"https:\/\/blogs.univ-jfc.fr\/universitas\/chercheur-es\/lewezyk-janssen-anais\/\" class=\"more-link\">Continuer la lecture de <span class=\"screen-reader-text\">LEWEZYK-JANSSEN, Ana\u00efs<\/span> <span class=\"meta-nav\">&rarr;<\/span><\/a><\/p>\n","protected":false},"author":19,"featured_media":0,"parent":20,"menu_order":12,"comment_status":"closed","ping_status":"closed","template":"","meta":[],"_links":{"self":[{"href":"https:\/\/blogs.univ-jfc.fr\/universitas\/wp-json\/wp\/v2\/pages\/1720"}],"collection":[{"href":"https:\/\/blogs.univ-jfc.fr\/universitas\/wp-json\/wp\/v2\/pages"}],"about":[{"href":"https:\/\/blogs.univ-jfc.fr\/universitas\/wp-json\/wp\/v2\/types\/page"}],"author":[{"embeddable":true,"href":"https:\/\/blogs.univ-jfc.fr\/universitas\/wp-json\/wp\/v2\/users\/19"}],"replies":[{"embeddable":true,"href":"https:\/\/blogs.univ-jfc.fr\/universitas\/wp-json\/wp\/v2\/comments?post=1720"}],"version-history":[{"count":4,"href":"https:\/\/blogs.univ-jfc.fr\/universitas\/wp-json\/wp\/v2\/pages\/1720\/revisions"}],"predecessor-version":[{"id":1727,"href":"https:\/\/blogs.univ-jfc.fr\/universitas\/wp-json\/wp\/v2\/pages\/1720\/revisions\/1727"}],"up":[{"embeddable":true,"href":"https:\/\/blogs.univ-jfc.fr\/universitas\/wp-json\/wp\/v2\/pages\/20"}],"wp:attachment":[{"href":"https:\/\/blogs.univ-jfc.fr\/universitas\/wp-json\/wp\/v2\/media?parent=1720"}],"curies":[{"name":"wp","href":"https:\/\/api.w.org\/{rel}","templated":true}]}}