{"id":1911,"date":"2019-08-28T17:09:03","date_gmt":"2019-08-28T15:09:03","guid":{"rendered":"http:\/\/blogs.univ-jfc.fr\/universitas\/?page_id=1911"},"modified":"2019-08-28T17:15:41","modified_gmt":"2019-08-28T15:15:41","slug":"projet-pool-corpus","status":"publish","type":"page","link":"https:\/\/blogs.univ-jfc.fr\/universitas\/projets-en-cours\/projet-pool-corpus\/","title":{"rendered":"Projet POOL CORPUS"},"content":{"rendered":"<section class=\"col-sm-12\">\n<div class=\"region region-content\">\n<article class=\"page full clearfix\">\n<div class=\"content\">\n<div class=\"field field--name-body field--type-text-with-summary field--label-hidden field--item\">\n<p>Le Pool Corpus est un atelier de mise en ligne de bases de donn\u00e9es historiques.<\/p>\n<p>Il est anim\u00e9 par le groupe TCF avec l&rsquo;appui de la DSIUN de l&rsquo;INU Champollion (Campus d&rsquo;Albi) et constitue l&rsquo;un des chantiers du groupe <a href=\"http:\/\/blogs.univ-jfc.fr\/studium\/\">Studium<\/a> (laboratoire Framespa, UMR 5136, Universit\u00e9 de Toulouse Jean Jaur\u00e8s \/ CNRS).<\/p>\n<p>Il comprend diff\u00e9rents types de bases, dont des bases de donn\u00e9es universitaires. Plusieurs concernent l&rsquo;histoire de l&rsquo;universit\u00e9 de Toulouse.<\/p>\n<\/div>\n<p>&nbsp;<\/p>\n<ul>\n<li>\n<h6 class=\"page-header\"><a href=\"https:\/\/poolcorpus-new.univ-jfc.fr\/cat-etrangers-epoque-moderne\" target=\"_blank\" rel=\"noopener noreferrer\">CAT (CORPUS ACADEMICUM TOLOSAE) \u2013 Les \u00e9tudiants \u00e9trangers \u00e0 Toulouse \u00e0 l\u2019\u00e9poque moderne (P. Fert\u00e9)<\/a><\/h6>\n<\/li>\n<li>\n<h6 class=\"page-header\"><a href=\"https:\/\/poolcorpus-new.univ-jfc.fr\/cat-etrangers-droit-epoque-contemporaine\" target=\"_blank\" rel=\"noopener noreferrer\">CAT (CORPUS ACADEMICUM TOLOSAE) Les \u00e9tudiants d\u2019ailleurs de la facult\u00e9 de Droit de Toulouse, 1808-1945 (C. Barrera)<\/a><\/h6>\n<\/li>\n<\/ul>\n<p>&nbsp;<\/p>\n<div class=\"field field--name-body field--type-text-with-summary field--label-hidden field--item\">\n<p>Caroline Barrera \u2013 Responsable du Pool Corpus : caroline.barrera@univ-jfc.fr (Ma\u00eetre de conf\u00e9rences en histoire contemporaine &#8211; INU Champollion \/ Laboratoire Framespa\u00a0 \/ TCF)<\/p>\n<p>Responsable technique : Marl\u00e8ne Villeneuve (DSIUN, INU Champollion)<\/p>\n<\/div>\n<\/div>\n<\/article>\n<\/div>\n<\/section>\n","protected":false},"excerpt":{"rendered":"<p>Le Pool Corpus est un atelier de mise en ligne de bases de donn\u00e9es historiques. Il est anim\u00e9 par le groupe TCF avec l&rsquo;appui de la DSIUN de l&rsquo;INU Champollion (Campus d&rsquo;Albi) et constitue l&rsquo;un des chantiers du groupe Studium (laboratoire Framespa, UMR 5136, Universit\u00e9 de Toulouse Jean Jaur\u00e8s \/ CNRS). Il comprend diff\u00e9rents types &hellip; <a href=\"https:\/\/blogs.univ-jfc.fr\/universitas\/projets-en-cours\/projet-pool-corpus\/\" class=\"more-link\">Continuer la lecture de <span class=\"screen-reader-text\">Projet POOL CORPUS<\/span> <span class=\"meta-nav\">&rarr;<\/span><\/a><\/p>\n","protected":false},"author":19,"featured_media":0,"parent":882,"menu_order":1,"comment_status":"closed","ping_status":"closed","template":"","meta":[],"_links":{"self":[{"href":"https:\/\/blogs.univ-jfc.fr\/universitas\/wp-json\/wp\/v2\/pages\/1911"}],"collection":[{"href":"https:\/\/blogs.univ-jfc.fr\/universitas\/wp-json\/wp\/v2\/pages"}],"about":[{"href":"https:\/\/blogs.univ-jfc.fr\/universitas\/wp-json\/wp\/v2\/types\/page"}],"author":[{"embeddable":true,"href":"https:\/\/blogs.univ-jfc.fr\/universitas\/wp-json\/wp\/v2\/users\/19"}],"replies":[{"embeddable":true,"href":"https:\/\/blogs.univ-jfc.fr\/universitas\/wp-json\/wp\/v2\/comments?post=1911"}],"version-history":[{"count":4,"href":"https:\/\/blogs.univ-jfc.fr\/universitas\/wp-json\/wp\/v2\/pages\/1911\/revisions"}],"predecessor-version":[{"id":1918,"href":"https:\/\/blogs.univ-jfc.fr\/universitas\/wp-json\/wp\/v2\/pages\/1911\/revisions\/1918"}],"up":[{"embeddable":true,"href":"https:\/\/blogs.univ-jfc.fr\/universitas\/wp-json\/wp\/v2\/pages\/882"}],"wp:attachment":[{"href":"https:\/\/blogs.univ-jfc.fr\/universitas\/wp-json\/wp\/v2\/media?parent=1911"}],"curies":[{"name":"wp","href":"https:\/\/api.w.org\/{rel}","templated":true}]}}