{"id":2237,"date":"2021-05-21T19:27:40","date_gmt":"2021-05-21T17:27:40","guid":{"rendered":"http:\/\/blogs.univ-jfc.fr\/universitas\/?page_id=2237"},"modified":"2021-05-24T19:50:41","modified_gmt":"2021-05-24T17:50:41","slug":"chimistes-et-pharmaciens-toulousains-jusquaux-annees-1950","status":"publish","type":"page","link":"https:\/\/blogs.univ-jfc.fr\/universitas\/chimistes-et-pharmaciens-toulousains-jusquaux-annees-1950\/","title":{"rendered":"Les titulaires d&rsquo;une chaire de chimie (1810-1968)"},"content":{"rendered":"\n<p>La liste ci-dessous recense les titulaires d&rsquo;une chaire de chimie (ou ayant le terme de chimie dans l&rsquo;intitul\u00e9) du d\u00e9but du XIXe si\u00e8cle \u00e0 1968 dans les facult\u00e9s des sciences ou de m\u00e9decine et pharmacie de Toulouse. Elle ne donne qu&rsquo;un aper\u00e7u minime de la communaut\u00e9 des chimistes toulousains.<\/p>\n\n\n\n<p><strong>M\u00e9thodologie <\/strong>: cette liste a \u00e9t\u00e9 r\u00e9alis\u00e9e \u00e0 partir des <em>Rapports annuels du Conseil des facult\u00e9s de l&rsquo;universit\u00e9 de Toulouse<\/em>, des registres des d\u00e9lib\u00e9rations des facult\u00e9s ; de la base de donn\u00e9es <a href=\"http:\/\/facultes19.ish-lyon.cnrs.fr\/\" data-type=\"URL\" data-id=\"http:\/\/facultes19.ish-lyon.cnrs.fr\/\">Les professeurs des facult\u00e9s des lettres et des sciences (1808-1880)<\/a>, de la base de donn\u00e9es sur les universitaires toulousains (non publi\u00e9e).<\/p>\n\n\n\n<p>Si vous souhaitez apporter un compl\u00e9ment ou signaler une erreur : caroline.barrera@univ-jfc.fr<\/p>\n\n\n\n<p><em>Citer cette ressource<\/em> : Caroline Barrera, \u00ab\u00a0Les titulaires d&rsquo;une chaire de chimie (1810-1968)\u00a0\u00bb, <em>Blog Universitas. Histoire de l&rsquo;universit\u00e9 de Toulouse<\/em> (en ligne) mai 2021.<\/p>\n\n\n\n<!--nextpage-->\n\n\n\n<div class=\"wp-block-buttons\">\n<div class=\"wp-block-button\"><a class=\"wp-block-button__link\"><strong>Aloy, Jules (1866-1928)<\/strong><\/a><\/div>\n<\/div>\n\n\n\n<p>P\u00e9riode universitaire toulousaine : 1891-1928<\/p>\n\n\n\n<p>\u00c9cole ou facult\u00e9 : <strong>M\u00e9decine et pharmacie<\/strong><\/p>\n\n\n\n<p>Professeur de chimie et toxicologie<\/p>\n\n\n\n<p>Membre de l&rsquo;Acad\u00e9mie de m\u00e9decine en 1922 <\/p>\n\n\n\n<p><a href=\"https:\/\/cths.fr\/an\/savant.php?id=126398\" data-type=\"URL\" data-id=\"https:\/\/cths.fr\/an\/savant.php?id=126398\">Notice en ligne<\/a><\/p>\n\n\n\n<div class=\"wp-block-buttons\">\n<div class=\"wp-block-button\"><a class=\"wp-block-button__link\"><strong>Ba\u00efsset, Antoine (1907-1992)<\/strong><\/a><\/div>\n<\/div>\n\n\n\n<p>P\u00e9riode universitaire toulousaine : 1937-&#8230;<\/p>\n\n\n\n<p>\u00c9cole ou facult\u00e9 : <strong>M\u00e9decine et pharmacie<\/strong><\/p>\n\n\n\n<p>Professeur titulaire de la chaire de physiologie appliqu\u00e9e et pharmacologie (1956)<\/p>\n\n\n\n<p>Membre de l&rsquo;Acad\u00e9mie de m\u00e9decine en 1975<\/p>\n\n\n\n<p><a href=\"https:\/\/cths.fr\/an\/savant.php?id=126293\" data-type=\"URL\" data-id=\"https:\/\/cths.fr\/an\/savant.php?id=126293\">Notice en ligne<\/a><\/p>\n\n\n\n<div class=\"wp-block-buttons\">\n<div class=\"wp-block-button\"><a class=\"wp-block-button__link\"><strong>Bedos, Pierre<\/strong><\/a><\/div>\n<\/div>\n\n\n\n<p>P\u00e9riode universitaire toulousaine : <\/p>\n\n\n\n<p>\u00c9cole ou facult\u00e9 : <strong><strong>Sciences<\/strong><\/strong><\/p>\n\n\n\n<p>Professeur de chimie (1944-1972)<\/p>\n\n\n\n<p>Notice en ligne<\/p>\n\n\n\n<div class=\"wp-block-buttons\">\n<div class=\"wp-block-button\"><a class=\"wp-block-button__link\"><strong>Blanc<\/strong><\/a><\/div>\n<\/div>\n\n\n\n<p>P\u00e9riode universitaire toulousaine : 1938-&#8230;<\/p>\n\n\n\n<p>\u00c9cole ou facult\u00e9 : <strong><strong>M\u00e9decine et pharmacie<\/strong><\/strong><\/p>\n\n\n\n<p>Professeur de chimie pharmaceutique (1951)<\/p>\n\n\n\n<p>Notice en ligne<\/p>\n\n\n\n<div class=\"wp-block-buttons\">\n<div class=\"wp-block-button\"><a class=\"wp-block-button__link\"><strong>Boisgiraud, Jean-Pierre (1793-1879)<\/strong><\/a><\/div>\n<\/div>\n\n\n\n<p>P\u00e9riode universitaire toulousaine : 1827-1853<\/p>\n\n\n\n<p>\u00c9cole ou facult\u00e9 : <strong>Sciences<\/strong><\/p>\n\n\n\n<p>Professeur de chimie (1832-1853)<\/p>\n\n\n\n<p><a href=\"http:\/\/facultes19.ish-lyon.cnrs.fr\/fiche.php?indice=112\" data-type=\"URL\" data-id=\"http:\/\/facultes19.ish-lyon.cnrs.fr\/fiche.php?indice=112\">Notice en ligne<\/a><\/p>\n\n\n\n<div class=\"wp-block-buttons\">\n<div class=\"wp-block-button\"><a class=\"wp-block-button__link\"><strong>Bourdon, Pierre<\/strong><\/a><\/div>\n<\/div>\n\n\n\n<p>P\u00e9riode universitaire toulousaine : <\/p>\n\n\n\n<p>\u00c9cole ou facult\u00e9 : <strong><strong>M\u00e9decine et pharmacie<\/strong><\/strong><\/p>\n\n\n\n<p>Professeur de chimie analytique, toxicologie et hygi\u00e8ne industrielle (1960)<\/p>\n\n\n\n<p>Doyen de la facult\u00e9 des sciences pharmaceutiques (1982-1988)<\/p>\n\n\n\n<p>Membre de l\u2019Acad\u00e9mie nationale de pharmacie.<\/p>\n\n\n\n<p>Laur\u00e9at du prix Fournier (1956), du prix Jansen de l\u2019Acad\u00e9mie de m\u00e9decine.<\/p>\n\n\n\n<p>Notice en ligne<\/p>\n\n\n\n<div class=\"wp-block-buttons\">\n<div class=\"wp-block-button\"><a class=\"wp-block-button__link\"><strong>Brustier Vincent (1887-&#8230;<\/strong>)<\/a><\/div>\n<\/div>\n\n\n\n<p>P\u00e9riode universitaire toulousaine : <\/p>\n\n\n\n<p>\u00c9cole ou facult\u00e9 : <strong><strong>M\u00e9decine et pharmacie<\/strong><\/strong><\/p>\n\n\n\n<p>Professeur de chimie et toxicologie (1938-1952), de chimie analytique, toxicologie et hygi\u00e8ne industrielle (1952-1960).<\/p>\n\n\n\n<p>Notice en ligne<\/p>\n\n\n\n<div class=\"wp-block-buttons\">\n<div class=\"wp-block-button\"><a class=\"wp-block-button__link\"><strong>Bugnard, Louis (1901-1978)<\/strong><\/a><\/div>\n<\/div>\n\n\n\n<p>P\u00e9riode universitaire toulousaine : 1930-1946<\/p>\n\n\n\n<p>\u00c9cole ou facult\u00e9 : <strong>M\u00e9decine et pharmacie<\/strong><\/p>\n\n\n\n<p>Professeur de pharmaco-dynamie (1937-1942), de physique biologique et m\u00e9dicale (1942-46)<\/p>\n\n\n\n<p><em>Directeur de l\u2019Institut national d\u2019hygi\u00e8ne (1946-1964), Professeur de biophysique m\u00e9dicale \u00e0 la Sorbonne (1963).<\/em><\/p>\n\n\n\n<p>Membre de l&rsquo;Acad\u00e9mie de m\u00e9decine en 1954<\/p>\n\n\n\n<p><a href=\"https:\/\/cths.fr\/an\/savant.php?id=3108\" data-type=\"URL\" data-id=\"https:\/\/cths.fr\/an\/savant.php?id=3108\">Notice en ligne<\/a><\/p>\n\n\n\n<div class=\"wp-block-buttons\">\n<div class=\"wp-block-button\"><a class=\"wp-block-button__link\"><strong><strong>Cathala Joseph (1892-1969)<\/strong><\/strong><\/a><\/div>\n<\/div>\n\n\n\n<p>P\u00e9riode universitaire toulousaine : 1930-1966<\/p>\n\n\n\n<p>\u00c9cole ou facult\u00e9 : <strong>Sciences<\/strong><\/p>\n\n\n\n<p>Professeur de chimie (1932-1942) puis de chimie physique et \u00e9lectrochimie (1942-1966)<\/p>\n\n\n\n<p>Fondateur-directeur de l\u2019Institut de g\u00e9nie chimique de Toulouse<\/p>\n\n\n\n<p><a href=\"https:\/\/maitron.fr\/spip.php?article179850\" data-type=\"URL\" data-id=\"https:\/\/maitron.fr\/spip.php?article179850\">Notice en ligne<\/a><\/p>\n\n\n\n<div class=\"wp-block-buttons\">\n<div class=\"wp-block-button\"><a class=\"wp-block-button__link\"><strong>Caujolle, Fernand (1901-1988)<\/strong><\/a><\/div>\n<\/div>\n\n\n\n<p>P\u00e9riode universitaire toulousaine : 1926-1972<\/p>\n\n\n\n<p>\u00c9cole ou facult\u00e9 : <strong>M\u00e9decine et pharmacie<\/strong><\/p>\n\n\n\n<p>Professeur de pharmacie (1941), de pharmacie chimique et et pharmaco-dynamie (1949)<\/p>\n\n\n\n<p>Membre de l&rsquo;Acad\u00e9mie de m\u00e9decine en 1955<\/p>\n\n\n\n<p><a href=\"https:\/\/cths.fr\/an\/savant.php?id=3167\" data-type=\"URL\" data-id=\"https:\/\/cths.fr\/an\/savant.php?id=3167\">Notice en ligne<\/a><\/p>\n\n\n\n<div class=\"wp-block-buttons\">\n<div class=\"wp-block-button\"><a class=\"wp-block-button__link\"><strong>Clarens Auguste (1873-1955)<\/strong><\/a><\/div>\n<\/div>\n\n\n\n<p>P\u00e9riode universitaire toulousaine : 1896-1940<\/p>\n\n\n\n<p>\u00c9cole ou facult\u00e9 : <strong>Sciences<\/strong><\/p>\n\n\n\n<p>Professeur de chimie agricole (1923-1940)<\/p>\n\n\n\n<p>Notice en ligne<\/p>\n\n\n\n<div class=\"wp-block-buttons\">\n<div class=\"wp-block-button\"><a class=\"wp-block-button__link\"><strong>Destrem, Alphonse (1846-1903)<\/strong><\/a><\/div>\n<\/div>\n\n\n\n<p>P\u00e9riode universitaire toulousaine : 1885-1903<\/p>\n\n\n\n<p>\u00c9cole ou facult\u00e9 : <strong>Sciences<\/strong><\/p>\n\n\n\n<p>Professeur de chimie (1892-1903)<\/p>\n\n\n\n<p>Notice en ligne<\/p>\n\n\n\n<div class=\"wp-block-buttons\">\n<div class=\"wp-block-button\"><a class=\"wp-block-button__link\"><strong>Dispan, Pierre (1773-&#8230;)<\/strong><\/a><\/div>\n<\/div>\n\n\n\n<p>P\u00e9riode universitaire toulousaine : 1809-1931<\/p>\n\n\n\n<p>\u00c9cole ou facult\u00e9 : <strong>Sciences<\/strong><\/p>\n\n\n\n<p>Professeur de chimie (1809-1831)<\/p>\n\n\n\n<p><a href=\"http:\/\/facultes19.ish-lyon.cnrs.fr\/fiche.php?indice=331\" data-type=\"URL\" data-id=\"http:\/\/facultes19.ish-lyon.cnrs.fr\/fiche.php?indice=331\">Notice en ligne<\/a><\/p>\n\n\n\n<div class=\"wp-block-buttons\">\n<div class=\"wp-block-button\"><a class=\"wp-block-button__link\"><strong>Dupuy, Edmond (1884-1904)<\/strong><\/a><\/div>\n<\/div>\n\n\n\n<p>P\u00e9riode universitaire toulousaine : <\/p>\n\n\n\n<p>\u00c9cole ou facult\u00e9 : <strong>M\u00e9decine et pharmacie<\/strong><\/p>\n\n\n\n<p>Professeur de pharmacie (1887-1904)<\/p>\n\n\n\n<p>Membre de l&rsquo;Acad\u00e9mie de m\u00e9decine en 1899<\/p>\n\n\n\n<p><a href=\"https:\/\/cths.fr\/an\/savant.php?id=127030\" data-type=\"URL\" data-id=\"https:\/\/cths.fr\/an\/savant.php?id=127030\">Notice en ligne<\/a><\/p>\n\n\n\n<div class=\"wp-block-buttons\">\n<div class=\"wp-block-button\"><a class=\"wp-block-button__link\"><strong>Fabre, Charles (1851-1933)<\/strong><\/a><\/div>\n<\/div>\n\n\n\n<p>P\u00e9riode universitaire toulousaine : 1883-1922<\/p>\n\n\n\n<p>\u00c9cole ou facult\u00e9 : <strong>Sciences<\/strong><\/p>\n\n\n\n<p>Professeur de chimie agricole et industrielle (1907-1922)<\/p>\n\n\n\n<p><a href=\"https:\/\/cths.fr\/an\/savant.php?id=107302\" data-type=\"URL\" data-id=\"https:\/\/cths.fr\/an\/savant.php?id=107302\">Notice en ligne<\/a><\/p>\n\n\n\n<div class=\"wp-block-buttons\">\n<div class=\"wp-block-button\"><a class=\"wp-block-button__link\"><strong>Filhol, Edouard (1814-1883)<\/strong><\/a><\/div>\n<\/div>\n\n\n\n<p>P\u00e9riode universitaire toulousaine : 1841-1883<\/p>\n\n\n\n<p>\u00c9cole ou facult\u00e9 : <strong>Sciences et <strong>M\u00e9decine et pharmacie<\/strong><\/strong><\/p>\n\n\n\n<p>Professeur titulaire de la premi\u00e8re chaire de chimie (1854-1883) \u00e0 la facult\u00e9 des sciences. <\/p>\n\n\n\n<p>Professeur de chimie et pharmacie (1841-1855), de pharmacie et notions de toxicologie (1855-1870), de chimie appliqu\u00e9e \u00e0 la m\u00e9decine et \u00e0 la pharmacie (1870-1883)<\/p>\n\n\n\n<p>Directeur de l\u2019\u00e9cole de m\u00e9decine (1858-1883)<\/p>\n\n\n\n<p>Membre de l&rsquo;Acad\u00e9mie de m\u00e9decine en 1860<\/p>\n\n\n\n<p><a href=\"http:\/\/cths.fr\/an\/savant.php?id=3573\" data-type=\"URL\" data-id=\"http:\/\/cths.fr\/an\/savant.php?id=3573\">Notice en ligne<\/a><\/p>\n\n\n\n<div class=\"wp-block-buttons\">\n<div class=\"wp-block-button\"><a class=\"wp-block-button__link\"><strong>Fr\u00e9bault<\/strong> <strong>Aristide (1842-1929)<\/strong><\/a><\/div>\n<\/div>\n\n\n\n<p>P\u00e9riode universitaire toulousaine : 1876-1912<\/p>\n\n\n\n<p>\u00c9cole ou facult\u00e9 : <strong><strong>M\u00e9decine et pharmacie<\/strong><\/strong><\/p>\n\n\n\n<p>Professeur de pharmacie (1878-1879), de pharmacie et de mati\u00e8re m\u00e9dicale (1879-1883), de chimie et toxicologie \u00e0 l\u2019\u00e9cole de m\u00e9decine (1883-1887), de chimie m\u00e9dicale (1887-1891), professeur de chimie et toxicologie (1891-1912)<\/p>\n\n\n\n<p>Notice en ligne<\/p>\n\n\n\n<div class=\"wp-block-buttons\">\n<div class=\"wp-block-button\"><a class=\"wp-block-button__link\"><strong><strong>Gallais, Fernand (1908-2002)<\/strong><\/strong><\/a><\/div>\n<\/div>\n\n\n\n<p>P\u00e9riode universitaire toulousaine : 1942-1978<\/p>\n\n\n\n<p>\u00c9cole ou facult\u00e9 : <strong>Sciences<\/strong><\/p>\n\n\n\n<p>Professeur \u00e0 titre personnel de chimie (1951), puis professeur des Universit\u00e9s (1973-78) Directeur de l\u2019institut de chimie (1950), puis de l\u2019ENSCT (1954)<\/p>\n\n\n\n<p>Institut : membre de l&rsquo;Acad\u00e9mie des sciences en 1966<\/p>\n\n\n\n<p>Laur\u00e9at de l\u2019Institut (prix Paul-Marguerite de la Charlonie de l\u2019Acad\u00e9mie des sciences, 1949).<\/p>\n\n\n\n<p><a href=\"https:\/\/cths.fr\/an\/savant.php?id=112174\" data-type=\"URL\" data-id=\"https:\/\/cths.fr\/an\/savant.php?id=112174\">Notice en ligne<\/a><\/p>\n\n\n\n<div class=\"wp-block-buttons\">\n<div class=\"wp-block-button\"><a class=\"wp-block-button__link\"><strong><strong>Giran, Henri (1864-1932)<\/strong><\/strong><\/a><\/div>\n<\/div>\n\n\n\n<p>P\u00e9riode universitaire toulousaine : 1908-1932<\/p>\n\n\n\n<p>\u00c9cole ou facult\u00e9 : <strong>Sciences<\/strong><\/p>\n\n\n\n<p>Professeur de chimie (1909-32)<\/p>\n\n\n\n<p>Notice en ligne<\/p>\n\n\n\n<div class=\"wp-block-buttons\">\n<div class=\"wp-block-button\"><a class=\"wp-block-button__link\"><strong>Job, Andr\u00e9 (1870-1928)<\/strong><\/a><\/div>\n<\/div>\n\n\n\n<p>P\u00e9riode universitaire toulousaine : 1903-1908<\/p>\n\n\n\n<p>\u00c9cole ou facult\u00e9 : <strong>Sciences<\/strong><\/p>\n\n\n\n<p>Professeur de chimie (1904-1908)<\/p>\n\n\n\n<p>Devient professeur au CNAM (1908), puis \u00e0 la Sorbonne (1925-1928).<\/p>\n\n\n\n<p>Institut : membre de l&rsquo;Acad\u00e9mie des sciences en 1908.<\/p>\n\n\n\n<p>Notice en ligne<\/p>\n\n\n\n<div class=\"wp-block-buttons\">\n<div class=\"wp-block-button\"><a class=\"wp-block-button__link\"><strong><strong>Lesbre, <\/strong>Michel (1908-1999)<\/strong><\/a><\/div>\n<\/div>\n\n\n\n<p>P\u00e9riode universitaire toulousaine : 1949-&#8230;<\/p>\n\n\n\n<p>\u00c9cole ou facult\u00e9 : <strong>Sciences<\/strong><\/p>\n\n\n\n<p>Professeur de chimie organique (1960)<\/p>\n\n\n\n<p>Notice en ligne<\/p>\n\n\n\n<div class=\"wp-block-buttons\">\n<div class=\"wp-block-button\"><a class=\"wp-block-button__link\"><strong>Mailhe, Alphonse (1872-1932)<\/strong><\/a><\/div>\n<\/div>\n\n\n\n<p>P\u00e9riode universitaire toulousaine : 1901-1926<\/p>\n\n\n\n<p>\u00c9cole ou facult\u00e9 : <strong>Sciences<\/strong><\/p>\n\n\n\n<p>Professeur de chimie (1919-1922), de chimie agricole et industrielle (1922-1926)<\/p>\n\n\n\n<p>Devient professeur titulaire de la chaire de chimie des combustibles \u00e0 la Sorbonne (1926).<\/p>\n\n\n\n<p>Laur\u00e9at du prix Jecker de l\u2019Institut (Ac. des sciences (1913) pour ses travaux de chimie organique.<\/p>\n\n\n\n<p>Notice en ligne<\/p>\n\n\n\n<div class=\"wp-block-buttons\">\n<div class=\"wp-block-button\"><a class=\"wp-block-button__link\"><strong>Mauret<\/strong>,<strong> Pierre<\/strong><\/a><\/div>\n<\/div>\n\n\n\n<p>P\u00e9riode universitaire toulousaine : <\/p>\n\n\n\n<p>\u00c9cole ou facult\u00e9 : <strong>Sciences<\/strong><\/p>\n\n\n\n<p>Professeur de chimie syst\u00e9matique (1963)<\/p>\n\n\n\n<p>Notice en ligne<\/p>\n\n\n\n<div class=\"wp-block-buttons\">\n<div class=\"wp-block-button\"><a class=\"wp-block-button__link\"><strong>Mignonac, Georges (1889-1993)<\/strong><\/a><\/div>\n<\/div>\n\n\n\n<p>P\u00e9riode universitaire toulousaine : 1933-1960<\/p>\n\n\n\n<p>\u00c9cole ou facult\u00e9 : <strong>Sciences<\/strong><\/p>\n\n\n\n<p>Professeur de chimie (1933-1942) puis de chimie g\u00e9n\u00e9rale (1942-1959)<\/p>\n\n\n\n<p>Directeur de l\u2019Institut de chimie de Toulouse (1936)<\/p>\n\n\n\n<p>Notice en ligne<\/p>\n\n\n\n<div class=\"wp-block-buttons\">\n<div class=\"wp-block-button\"><a class=\"wp-block-button__link\"><strong>Moog Robert (1871-&#8230;)<\/strong><\/a><\/div>\n<\/div>\n\n\n\n<p>P\u00e9riode universitaire toulousaine : 1920-1938<\/p>\n\n\n\n<p>\u00c9cole ou facult\u00e9 : <strong>M\u00e9decine et pharmacie<\/strong><\/p>\n\n\n\n<p>Professeur de chimie et de toxicologie (1928-1938)<\/p>\n\n\n\n<p>Notice en ligne<\/p>\n\n\n\n<div class=\"wp-block-buttons\">\n<div class=\"wp-block-button\"><a class=\"wp-block-button__link\"><strong>Pitet<\/strong><\/a><\/div>\n<\/div>\n\n\n\n<p>P\u00e9riode universitaire toulousaine : <\/p>\n\n\n\n<p>\u00c9cole ou facult\u00e9 : <strong>M\u00e9decine et pharmacie<\/strong><\/p>\n\n\n\n<p>Professeur de chimie analytique (1965)<\/p>\n\n\n\n<p>Notice en ligne<\/p>\n\n\n\n<div class=\"wp-block-buttons\">\n<div class=\"wp-block-button\"><a class=\"wp-block-button__link\"><strong>Quatrefages de Breau, Armand (1810-1892)<\/strong><\/a><\/div>\n<\/div>\n\n\n\n<p>P\u00e9riode universitaire toulousaine : 1835-1841<\/p>\n\n\n\n<p>\u00c9cole ou facult\u00e9 : <strong>Sciences<\/strong><\/p>\n\n\n\n<p>Professeur suppl\u00e9ant de chimie (1835)<\/p>\n\n\n\n<p><em>Professeur d\u2019anthropologie au Mus\u00e9um national d&rsquo;histoire naturelle de Paris en 1855.<\/em><\/p>\n\n\n\n<p>Membre de l&rsquo;Acad\u00e9mie de m\u00e9decine<\/p>\n\n\n\n<p><a href=\"http:\/\/cths.fr\/an\/savant.php?id=882\" data-type=\"URL\" data-id=\"http:\/\/cths.fr\/an\/savant.php?id=882\">Notice en ligne<\/a><\/p>\n\n\n\n<div class=\"wp-block-buttons\">\n<div class=\"wp-block-button\"><a class=\"wp-block-button__link\"><strong>Sabatier, Paul (1854-1941)<\/strong><\/a><\/div>\n<\/div>\n\n\n\n<p>P\u00e9riode universitaire toulousaine : 1882-1930<\/p>\n\n\n\n<p>\u00c9cole ou facult\u00e9 : <strong>Sciences<\/strong><\/p>\n\n\n\n<p>Professeur de chimie (1884-1930) <\/p>\n\n\n\n<p>Doyen de la facult\u00e9 des sciences (1905-1930)<\/p>\n\n\n\n<p>Institut : membre de l&rsquo;Acad\u00e9mie des sciences en 1901 (membre correspondant en 1901, membre libre en 1913)<\/p>\n\n\n\n<p><a href=\"https:\/\/cths.fr\/an\/savant.php?id=100147\" data-type=\"URL\" data-id=\"https:\/\/cths.fr\/an\/savant.php?id=100147\">Notice en ligne<\/a><\/p>\n\n\n\n<div class=\"wp-block-buttons\">\n<div class=\"wp-block-button\"><a class=\"wp-block-button__link\"><strong>Valdigui\u00e9, Albert (1875-1937)&nbsp;<\/strong><\/a><\/div>\n<\/div>\n\n\n\n<p>P\u00e9riode universitaire toulousaine : 1903-1937<\/p>\n\n\n\n<p>\u00c9cole ou facult\u00e9 : <strong>M\u00e9decine et pharmacie<\/strong><\/p>\n\n\n\n<p>Professeur de chimie m\u00e9dicale (1937). Il d\u00e9c\u00e8de quelques jours avant de prendre possession de sa chaire.<\/p>\n\n\n\n<p>Notice en ligne<\/p>\n\n\n\n<div class=\"wp-block-buttons\">\n<div class=\"wp-block-button\"><a class=\"wp-block-button__link\"><strong>Valdigui\u00e9, Paul<\/strong><\/a><\/div>\n<\/div>\n\n\n\n<p>P\u00e9riode universitaire toulousaine : 1931-&#8230;<\/p>\n\n\n\n<p>\u00c9cole ou facult\u00e9 : <strong><strong>M\u00e9decine et pharmacie<\/strong><\/strong><\/p>\n\n\n\n<p>Professeur de chimie biologique (1947)<\/p>\n\n\n\n<p>Notice en ligne<\/p>\n","protected":false},"excerpt":{"rendered":"<p>La liste ci-dessous recense les titulaires d&rsquo;une chaire de chimie (ou ayant le terme de chimie dans l&rsquo;intitul\u00e9) du d\u00e9but du XIXe si\u00e8cle \u00e0 1968 dans les facult\u00e9s des sciences ou de m\u00e9decine et pharmacie de Toulouse. Elle ne donne qu&rsquo;un aper\u00e7u minime de la communaut\u00e9 des chimistes toulousains. M\u00e9thodologie : cette liste a \u00e9t\u00e9 &hellip; <a href=\"https:\/\/blogs.univ-jfc.fr\/universitas\/chimistes-et-pharmaciens-toulousains-jusquaux-annees-1950\/\" class=\"more-link\">Continuer la lecture de <span class=\"screen-reader-text\">Les titulaires d&rsquo;une chaire de chimie (1810-1968)<\/span> <span class=\"meta-nav\">&rarr;<\/span><\/a><\/p>\n","protected":false},"author":19,"featured_media":0,"parent":0,"menu_order":0,"comment_status":"closed","ping_status":"closed","template":"","meta":[],"_links":{"self":[{"href":"https:\/\/blogs.univ-jfc.fr\/universitas\/wp-json\/wp\/v2\/pages\/2237"}],"collection":[{"href":"https:\/\/blogs.univ-jfc.fr\/universitas\/wp-json\/wp\/v2\/pages"}],"about":[{"href":"https:\/\/blogs.univ-jfc.fr\/universitas\/wp-json\/wp\/v2\/types\/page"}],"author":[{"embeddable":true,"href":"https:\/\/blogs.univ-jfc.fr\/universitas\/wp-json\/wp\/v2\/users\/19"}],"replies":[{"embeddable":true,"href":"https:\/\/blogs.univ-jfc.fr\/universitas\/wp-json\/wp\/v2\/comments?post=2237"}],"version-history":[{"count":13,"href":"https:\/\/blogs.univ-jfc.fr\/universitas\/wp-json\/wp\/v2\/pages\/2237\/revisions"}],"predecessor-version":[{"id":2293,"href":"https:\/\/blogs.univ-jfc.fr\/universitas\/wp-json\/wp\/v2\/pages\/2237\/revisions\/2293"}],"wp:attachment":[{"href":"https:\/\/blogs.univ-jfc.fr\/universitas\/wp-json\/wp\/v2\/media?parent=2237"}],"curies":[{"name":"wp","href":"https:\/\/api.w.org\/{rel}","templated":true}]}}