{"id":2295,"date":"2021-05-26T12:34:17","date_gmt":"2021-05-26T10:34:17","guid":{"rendered":"http:\/\/blogs.univ-jfc.fr\/universitas\/?page_id=2295"},"modified":"2021-06-03T07:23:50","modified_gmt":"2021-06-03T05:23:50","slug":"les-membres-de-lacademie-nationale-de-pharmacie","status":"publish","type":"page","link":"https:\/\/blogs.univ-jfc.fr\/universitas\/les-membres-de-lacademie-nationale-de-pharmacie\/","title":{"rendered":"Les universitaires toulousains membres de l&rsquo;Acad\u00e9mie nationale de pharmacie"},"content":{"rendered":"\n<p>La liste ci-dessous recense les universitaires toulousains, d\u2019avant 1968, membres de l\u2019Acad\u00e9mie nationale de pharmacie.<\/p>\n\n\n\n<p><strong>M\u00e9thodologie <\/strong>: elle a \u00e9t\u00e9 r\u00e9alis\u00e9e en croisant plusieurs bases de donn\u00e9es, celle de <a href=\"https:\/\/www.acadpharm.org\/qui_sommes_nous\/membre.php\" data-type=\"URL\" data-id=\"https:\/\/www.acadpharm.org\/qui_sommes_nous\/membre.php\">l&rsquo;Acad\u00e9mie nationale de pharmacie<\/a>, celle de la <a href=\"https:\/\/cths.fr\/an\/prosopographie.php\">France savante<\/a><a href=\"https:\/\/www.academie-sciences.fr\/fr\/Table\/Membres\/Liste-des-membres-depuis-la-creation-de-l-Academie-des-sciences\/\"> et<\/a> celle des universitaires toulousains (non publique).<\/p>\n\n\n\n<p>Si vous souhaitez apporter un compl\u00e9ment ou signaler une erreur : caroline.barrera@univ-jfc.fr<\/p>\n\n\n\n<p><em>Citer cette ressource<\/em> : Caroline Barrera, \u00ab&nbsp;Liste des universitaires toulousains membres de l\u2019Acad\u00e9mie nationale de pharmacie&nbsp;\u00bb, <em>Blog Universitas. Histoire de l\u2019universit\u00e9 de Toulouse<\/em> (en ligne) mai 2021.<\/p>\n\n\n\n<!--nextpage-->\n\n\n\n<div class=\"wp-block-buttons\">\n<div class=\"wp-block-button\"><a class=\"wp-block-button__link\"><strong><strong>Br\u00e6mer, <\/strong>Louis (1858-1935)<\/strong><\/a><\/div>\n<\/div>\n\n\n\n<p>P\u00e9riode universitaire toulousaine : 1885-1919<\/p>\n\n\n\n<p>\u00c9cole ou facult\u00e9 : <strong>M\u00e9decine et pharmacie<\/strong><\/p>\n\n\n\n<p>Professeur de mati\u00e8re m\u00e9dicale (1896-1919)<\/p>\n\n\n\n<p>Membre correspondant national de l&rsquo;Acad\u00e9mie de pharmacie en 1899<\/p>\n\n\n\n<p>\u00c9galement membre de l&rsquo;Acad\u00e9mie de m\u00e9decine.<\/p>\n\n\n\n<p><a href=\"https:\/\/cths.fr\/an\/savant.php?id=107333\" data-type=\"URL\" data-id=\"https:\/\/cths.fr\/an\/savant.php?id=107333\">Notice en ligne<\/a><\/p>\n\n\n\n<div class=\"wp-block-buttons\">\n<div class=\"wp-block-button\"><a class=\"wp-block-button__link\"><strong><strong>Caujolle, <\/strong>Fernand (1901-1988)<\/strong><\/a><\/div>\n<\/div>\n\n\n\n<p>P\u00e9riode universitaire toulousaine : 1926-&#8230;<\/p>\n\n\n\n<p>\u00c9cole ou facult\u00e9 : <strong>M\u00e9decine et pharmacie<\/strong><\/p>\n\n\n\n<p>Professeur de pharmacie (1941-1960), de pharmacie chimique et pharmacodynamie (1960)<\/p>\n\n\n\n<p>Membre titulaire honoraire de l&rsquo;Acad\u00e9mie de pharmacie<\/p>\n\n\n\n<p>\u00c9galement membre correspondant national pour la division de pharmacie de l&rsquo;Acad\u00e9mie de m\u00e9decine en 1955.<\/p>\n\n\n\n<p><a href=\"https:\/\/cths.fr\/an\/savant.php?id=3167\" data-type=\"URL\" data-id=\"https:\/\/cths.fr\/an\/savant.php?id=3167\">Notice en ligne<\/a><\/p>\n\n\n\n<div class=\"wp-block-buttons\">\n<div class=\"wp-block-button\"><a class=\"wp-block-button__link\"><strong>Dupuy, Edmond (1884-1904)<\/strong><\/a><\/div>\n<\/div>\n\n\n\n<p>P\u00e9riode universitaire toulousaine : <\/p>\n\n\n\n<p>\u00c9cole ou facult\u00e9 : <strong>M\u00e9decine et pharmacie<\/strong><\/p>\n\n\n\n<p>Professeur de pharmacie (1887-1904)<\/p>\n\n\n\n<p>Membre de l&rsquo;Acad\u00e9mie nationale de pharmacie, membre correspondant national en 1887<\/p>\n\n\n\n<p>\u00c9galement membre de l&rsquo;Acad\u00e9mie de m\u00e9decine en 1899<\/p>\n\n\n\n<p><a href=\"https:\/\/cths.fr\/an\/savant.php?id=127030\" data-type=\"URL\" data-id=\"https:\/\/cths.fr\/an\/savant.php?id=127030\">Notice en ligne<\/a><\/p>\n\n\n\n<div class=\"wp-block-buttons\">\n<div class=\"wp-block-button\"><a class=\"wp-block-button__link\"><strong>Filhol, Edouard (1814-1883)<\/strong><\/a><\/div>\n<\/div>\n\n\n\n<p>P\u00e9riode universitaire toulousaine : 1841-1883<\/p>\n\n\n\n<p>\u00c9cole ou facult\u00e9 : <strong>Sciences et <strong>M\u00e9decine et pharmacie<\/strong><\/strong><\/p>\n\n\n\n<p>Professeur titulaire de la premi\u00e8re chaire de chimie (1854-1883) \u00e0 la facult\u00e9 des sciences. <\/p>\n\n\n\n<p>Professeur de chimie et pharmacie (1841-1855), de pharmacie et notions de toxicologie (1855-1870), de chimie appliqu\u00e9e \u00e0 la m\u00e9decine et \u00e0 la pharmacie (1870-1883)<\/p>\n\n\n\n<p>Directeur de l\u2019\u00e9cole de m\u00e9decine (1858-1883)<\/p>\n\n\n\n<p>Membre titulaire de l&rsquo;Acad\u00e9mie nationale de pharmacie<\/p>\n\n\n\n<p>\u00c9galement membre de l&rsquo;Acad\u00e9mie de m\u00e9decine en 1860<\/p>\n\n\n\n<p><a href=\"http:\/\/cths.fr\/an\/savant.php?id=3573\" data-type=\"URL\" data-id=\"http:\/\/cths.fr\/an\/savant.php?id=3573\">Notice en ligne<\/a><\/p>\n\n\n\n<div class=\"wp-block-buttons\">\n<div class=\"wp-block-button\"><a class=\"wp-block-button__link\"><strong><strong>G\u00e9rard, <\/strong>Ernest (1863-1935)<\/strong><\/a><\/div>\n<\/div>\n\n\n\n<p>P\u00e9riode universitaire toulousaine : 1891-1901<\/p>\n\n\n\n<p>\u00c9cole ou facult\u00e9 : <strong>M\u00e9decine et pharmacie<\/strong><\/p>\n\n\n\n<p>Agr\u00e9g\u00e9 de pharmacie (1898-1901)<\/p>\n\n\n\n<p>Membre correspondant national de l&rsquo;Acad\u00e9mie de pharmacie<\/p>\n\n\n\n<p>\u00c9galement membre de l&rsquo;Acad\u00e9mie de m\u00e9decine (Correspondant national pour la division de physique et chimie m\u00e9dicales, 1919)<\/p>\n\n\n\n<p><a href=\"https:\/\/cths.fr\/an\/savant.php?id=3666\" data-type=\"URL\" data-id=\"https:\/\/cths.fr\/an\/savant.php?id=3666\">Notice en ligne<\/a><\/p>\n\n\n\n<div class=\"wp-block-buttons\">\n<div class=\"wp-block-button\"><a class=\"wp-block-button__link\"><strong>Lattes, Armand (1934-&#8230;)<\/strong><\/a><\/div>\n<\/div>\n\n\n\n<p>P\u00e9riode universitaire toulousaine : 1955-&#8230;<\/p>\n\n\n\n<p>Universit\u00e9 : Universit\u00e9 Paul Sabatier<\/p>\n\n\n\n<p>Professeur de chimie (1964-2003)<\/p>\n\n\n\n<p>Directeur de l\u2019\u00c9cole Nationale Sup\u00e9rieure de Chimie de Toulouse (1979-1987)<\/p>\n\n\n\n<p>Membre titulaire de l&rsquo;Acad\u00e9mie de pharmacie en 1995.<\/p>\n\n\n\n<p><a href=\"https:\/\/fr.linkedin.com\/in\/armand-lattes-24b66934\" data-type=\"URL\" data-id=\"https:\/\/fr.linkedin.com\/in\/armand-lattes-24b66934\">Notice en ligne<\/a><\/p>\n","protected":false},"excerpt":{"rendered":"<p>La liste ci-dessous recense les universitaires toulousains, d\u2019avant 1968, membres de l\u2019Acad\u00e9mie nationale de pharmacie. M\u00e9thodologie : elle a \u00e9t\u00e9 r\u00e9alis\u00e9e en croisant plusieurs bases de donn\u00e9es, celle de l&rsquo;Acad\u00e9mie nationale de pharmacie, celle de la France savante et celle des universitaires toulousains (non publique). Si vous souhaitez apporter un compl\u00e9ment ou signaler une erreur &hellip; <a href=\"https:\/\/blogs.univ-jfc.fr\/universitas\/les-membres-de-lacademie-nationale-de-pharmacie\/\" class=\"more-link\">Continuer la lecture de <span class=\"screen-reader-text\">Les universitaires toulousains membres de l&rsquo;Acad\u00e9mie nationale de pharmacie<\/span> <span class=\"meta-nav\">&rarr;<\/span><\/a><\/p>\n","protected":false},"author":19,"featured_media":0,"parent":0,"menu_order":0,"comment_status":"closed","ping_status":"closed","template":"","meta":[],"_links":{"self":[{"href":"https:\/\/blogs.univ-jfc.fr\/universitas\/wp-json\/wp\/v2\/pages\/2295"}],"collection":[{"href":"https:\/\/blogs.univ-jfc.fr\/universitas\/wp-json\/wp\/v2\/pages"}],"about":[{"href":"https:\/\/blogs.univ-jfc.fr\/universitas\/wp-json\/wp\/v2\/types\/page"}],"author":[{"embeddable":true,"href":"https:\/\/blogs.univ-jfc.fr\/universitas\/wp-json\/wp\/v2\/users\/19"}],"replies":[{"embeddable":true,"href":"https:\/\/blogs.univ-jfc.fr\/universitas\/wp-json\/wp\/v2\/comments?post=2295"}],"version-history":[{"count":8,"href":"https:\/\/blogs.univ-jfc.fr\/universitas\/wp-json\/wp\/v2\/pages\/2295\/revisions"}],"predecessor-version":[{"id":2328,"href":"https:\/\/blogs.univ-jfc.fr\/universitas\/wp-json\/wp\/v2\/pages\/2295\/revisions\/2328"}],"wp:attachment":[{"href":"https:\/\/blogs.univ-jfc.fr\/universitas\/wp-json\/wp\/v2\/media?parent=2295"}],"curies":[{"name":"wp","href":"https:\/\/api.w.org\/{rel}","templated":true}]}}