{"id":2678,"date":"2023-09-11T08:20:50","date_gmt":"2023-09-11T06:20:50","guid":{"rendered":"http:\/\/blogs.univ-jfc.fr\/universitas\/?page_id=2678"},"modified":"2024-07-11T08:14:04","modified_gmt":"2024-07-11T06:14:04","slug":"2024-2","status":"publish","type":"page","link":"https:\/\/blogs.univ-jfc.fr\/universitas\/2024-2\/","title":{"rendered":"2024"},"content":{"rendered":"\n<h4>19 janvier 2024 \u2013 <strong>14h-16h30 \u2013 S\u00e9minaire UNIVERSITAS : \u00ab\u00a0Former au commerce ? L&rsquo;\u00e9cole sup\u00e9rieure de commerce de Toulouse, d&rsquo;un si\u00e8cle \u00e0 l&rsquo;autre (1903-2010)\u00a0\u00bb<\/strong><\/h4>\n\n\n\n<p><strong>LIEU : Biblioth\u00e8que d\u2019\u00e9tudes m\u00e9ridionales, 56 rue du Taur, 31000 Toulouse \u2013 M\u00e9tro capitole<\/strong><\/p>\n\n\n\n<figure class=\"wp-block-image is-resized\"><a href=\"https:\/\/blogs.univ-jfc.fr\/studium\/wp-content\/uploads\/sites\/44\/2023\/05\/marianne-blanchard-e1649854876348-380x480-1.png\"><img loading=\"lazy\" src=\"https:\/\/blogs.univ-jfc.fr\/studium\/wp-content\/uploads\/sites\/44\/2023\/05\/marianne-blanchard-e1649854876348-380x480-1.png\" alt=\"\" class=\"wp-image-2436\" width=\"273\" height=\"345\" \/><\/a><figcaption><strong><span class=\"has-inline-color has-light-brown-color\">Marianne Blanchard, ma\u00eetresse de conf\u00e9rences, INSPE Toulouse<\/span><\/strong><\/figcaption><\/figure>\n\n\n\n<hr class=\"wp-block-separator\" \/>\n\n\n\n<h4>1er mars 2024 \u2013 <strong>14h-16h30 \u2013 S\u00e9minaire UNIVERSITAS<\/strong>\/CTHDIP<\/h4>\n\n\n\n<p><strong>LIEU : Biblioth\u00e8que d\u2019\u00e9tudes m\u00e9ridionales, 56 rue du Taur, 31000 Toulouse \u2013 M\u00e9tro capitole<\/strong><\/p>\n\n\n\n<figure class=\"wp-block-image\"><a href=\"https:\/\/blogs.univ-jfc.fr\/studium\/wp-content\/uploads\/sites\/44\/2023\/06\/marie-bassano.jpg\"><img src=\"https:\/\/blogs.univ-jfc.fr\/studium\/wp-content\/uploads\/sites\/44\/2023\/06\/marie-bassano.jpg\" alt=\"\" class=\"wp-image-2448\" \/><\/a><figcaption><strong><span class=\"has-inline-color has-light-brown-color\">Marie Bassano, professeure en histoire du droit \u00e0 l\u2019universit\u00e9 Toulouse capitole<\/span><\/strong><\/figcaption><\/figure>\n\n\n\n<p><\/p>\n\n\n\n<h4>7 mars 2024 \u2013 17h30-19h \u2013 S\u00e9minaire UNIVERSITAS\/ARCHAMPO \u2013 Gen\u00e8se d\u2019une universit\u00e9 : histoire de la cr\u00e9ation de l\u2019INU Champollion<\/h4>\n\n\n\n<p><strong>LIEU : Albi \u2013 Institut national universitaire Champollion \u2013 Salle JJ030 b\u00e2t. Jaur\u00e8s, RDC \u2013 Place de Verdun<\/strong><\/p>\n\n\n\n<figure class=\"wp-block-image\"><a href=\"https:\/\/blogs.univ-jfc.fr\/studium\/wp-content\/uploads\/sites\/44\/2023\/06\/chrietelle.jpg\"><img src=\"https:\/\/blogs.univ-jfc.fr\/studium\/wp-content\/uploads\/sites\/44\/2023\/06\/chrietelle.jpg\" alt=\"\" class=\"wp-image-2459\" \/><\/a><figcaption><strong><span class=\"has-inline-color has-light-brown-color\">Christelle Manifet, ma\u00eetresse de conf\u00e9rences en sociologie, Universit\u00e9 de Toulouse Jean Jaur\u00e8s<\/span><\/strong><\/figcaption><\/figure>\n\n\n\n<h4>5 septembre 2024 &#8211; Journ\u00e9e d&rsquo;\u00e9tudes &#8211; Des doyens aux pr\u00e9sidents : les gouvernants d&rsquo;universit\u00e9 en massification (1956-1975)<\/h4>\n\n\n\n<p>Lieu ENS LYON<\/p>\n\n\n\n<p>Organis\u00e9e par Pauline Collet (Framespa\/Studium) et Etienne Bordes<\/p>\n\n\n\n<p><\/p>\n\n\n\n<h4>24 et 25 octobre 2024 \u2013 <strong>Manger \u00e0 la cantine de la fin du XVIIIe si\u00e8cle au XXIe si\u00e8cle \u2013 Colloque international<\/strong><\/h4>\n\n\n\n<p>Organis\u00e9 par Sylvie Vabre (Framespa) \u2013<\/p>\n\n\n\n<p>Lieux : Jeudi 24.10 : Maison de la recherche d\u2019UT2J, E417 et vendredi 25 : Biblioth\u00e8que d\u2019\u00e9tudes m\u00e9ridionales.<\/p>\n\n\n\n<h4>8 novembre 2024 \u2013 <strong>S\u00e9minaire UNIVERSITAS<\/strong> : \u00ab&nbsp;Figures et obscurs de l\u2019Universit\u00e9 de Toulouse&nbsp;\u00bb<\/h4>\n\n\n\n<h5>\u00ab&nbsp;Des femmes \u00e0 l\u2019ombre des sciences. Les premi\u00e8res enseignantes-checheuses en math\u00e9matiques \u00e0 l\u2019universit\u00e9 de Toulouse (1916-1968)&nbsp;\u00bb, par Lila Coudi\u00e8re.<\/h5>\n\n\n\n<h5>&nbsp;\u00bb De Kaboul aux All\u00e9es, le chemin paradoxal du Pr Jean Broussy (1908-1982), par Caroline Barrera.<\/h5>\n\n\n\n<p>Biblioth\u00e8que d\u2019\u00e9tudes m\u00e9ridionales, 56 rue du Taur, Toulouse : 14h-16h30<\/p>\n\n\n\n<h4>29 novembre 2024 \u2013 <strong>S\u00e9minaire UNIVERSITAS<\/strong> : \u00ab&nbsp;Figures et obscurs de l\u2019Universit\u00e9 de Toulouse&nbsp;\u00bb<\/h4>\n\n\n\n<h5>\u00ab&nbsp;Deux ing\u00e9nieurs, un secr\u00e9taire g\u00e9n\u00e9ral, oubli\u00e9s utiles de l\u2019institut \u00e9lectrotechnique de Toulouse&nbsp;\u00bb, par Fran\u00e7ois Charru.<\/h5>\n\n\n\n<h5>\u00ab&nbsp;Deux obscures de la facult\u00e9 des lettres, \u00c9lise Dordan et Marie Champ&nbsp;\u00bb<em>, par Caroline Barrera<\/em><\/h5>\n\n\n\n<p>Biblioth\u00e8que d\u2019\u00e9tudes m\u00e9ridionales, 56 rue du Taur, Toulouse : 14h-16h30<\/p>\n","protected":false},"excerpt":{"rendered":"<p>19 janvier 2024 \u2013 14h-16h30 \u2013 S\u00e9minaire UNIVERSITAS : \u00ab\u00a0Former au commerce ? L&rsquo;\u00e9cole sup\u00e9rieure de commerce de Toulouse, d&rsquo;un si\u00e8cle \u00e0 l&rsquo;autre (1903-2010)\u00a0\u00bb LIEU : Biblioth\u00e8que d\u2019\u00e9tudes m\u00e9ridionales, 56 rue du Taur, 31000 Toulouse \u2013 M\u00e9tro capitole 1er mars 2024 \u2013 14h-16h30 \u2013 S\u00e9minaire UNIVERSITAS\/CTHDIP LIEU : Biblioth\u00e8que d\u2019\u00e9tudes m\u00e9ridionales, 56 rue du Taur, &hellip; <a href=\"https:\/\/blogs.univ-jfc.fr\/universitas\/2024-2\/\" class=\"more-link\">Continuer la lecture de <span class=\"screen-reader-text\">2024<\/span> <span class=\"meta-nav\">&rarr;<\/span><\/a><\/p>\n","protected":false},"author":19,"featured_media":0,"parent":0,"menu_order":0,"comment_status":"closed","ping_status":"closed","template":"","meta":[],"_links":{"self":[{"href":"https:\/\/blogs.univ-jfc.fr\/universitas\/wp-json\/wp\/v2\/pages\/2678"}],"collection":[{"href":"https:\/\/blogs.univ-jfc.fr\/universitas\/wp-json\/wp\/v2\/pages"}],"about":[{"href":"https:\/\/blogs.univ-jfc.fr\/universitas\/wp-json\/wp\/v2\/types\/page"}],"author":[{"embeddable":true,"href":"https:\/\/blogs.univ-jfc.fr\/universitas\/wp-json\/wp\/v2\/users\/19"}],"replies":[{"embeddable":true,"href":"https:\/\/blogs.univ-jfc.fr\/universitas\/wp-json\/wp\/v2\/comments?post=2678"}],"version-history":[{"count":6,"href":"https:\/\/blogs.univ-jfc.fr\/universitas\/wp-json\/wp\/v2\/pages\/2678\/revisions"}],"predecessor-version":[{"id":3114,"href":"https:\/\/blogs.univ-jfc.fr\/universitas\/wp-json\/wp\/v2\/pages\/2678\/revisions\/3114"}],"wp:attachment":[{"href":"https:\/\/blogs.univ-jfc.fr\/universitas\/wp-json\/wp\/v2\/media?parent=2678"}],"curies":[{"name":"wp","href":"https:\/\/api.w.org\/{rel}","templated":true}]}}