{"id":329,"date":"2019-02-14T07:31:41","date_gmt":"2019-02-14T06:31:41","guid":{"rendered":"http:\/\/blogs.univ-jfc.fr\/universitas\/?page_id=329"},"modified":"2019-03-22T15:53:46","modified_gmt":"2019-03-22T14:53:46","slug":"lamy-jerome","status":"publish","type":"page","link":"https:\/\/blogs.univ-jfc.fr\/universitas\/chercheur-es\/lamy-jerome\/","title":{"rendered":"LAMY J\u00e9r\u00f4me"},"content":{"rendered":"<p><img loading=\"lazy\" class=\" wp-image-1477 aligncenter\" src=\"http:\/\/blogs.univ-jfc.fr\/universitas\/wp-content\/uploads\/sites\/73\/2019\/03\/logo_lamy-300x300.jpg\" alt=\"\" width=\"168\" height=\"168\" srcset=\"https:\/\/blogs.univ-jfc.fr\/universitas\/wp-content\/uploads\/sites\/73\/2019\/03\/logo_lamy-300x300.jpg 300w, https:\/\/blogs.univ-jfc.fr\/universitas\/wp-content\/uploads\/sites\/73\/2019\/03\/logo_lamy-150x150.jpg 150w, https:\/\/blogs.univ-jfc.fr\/universitas\/wp-content\/uploads\/sites\/73\/2019\/03\/logo_lamy.jpg 354w\" sizes=\"(max-width: 168px) 100vw, 168px\" \/><\/p>\n<p><a href=\"http:\/\/certop.cnrs.fr\/lamy-jerome\/\" target=\"_blank\" rel=\"noopener noreferrer\">Pr\u00e9sentation<\/a><\/p>\n<p><strong>Ouvrages<\/strong><\/p>\n<p>LAMY J\u00e9r\u00f4me, <em>L\u2019observatoire de Toulouse aux XVIIIe et XIXe si\u00e8cle. Arch\u00e9ologie d\u2019un espace savant<\/em>, Rennes, PUR, XXXX.<\/p>\n<p><img loading=\"lazy\" class=\"size-medium wp-image-302 aligncenter\" src=\"http:\/\/blogs.univ-jfc.fr\/universitas\/wp-content\/uploads\/sites\/73\/2019\/02\/51aNCphTL3L._SX341_BO1204203200_-206x300.jpg\" alt=\"\" width=\"206\" height=\"300\" srcset=\"https:\/\/blogs.univ-jfc.fr\/universitas\/wp-content\/uploads\/sites\/73\/2019\/02\/51aNCphTL3L._SX341_BO1204203200_-206x300.jpg 206w, https:\/\/blogs.univ-jfc.fr\/universitas\/wp-content\/uploads\/sites\/73\/2019\/02\/51aNCphTL3L._SX341_BO1204203200_.jpg 343w\" sizes=\"(max-width: 206px) 100vw, 206px\" \/><\/p>\n<p>&nbsp;<\/p>\n<p><strong>Articles<\/strong><\/p>\n<p>LAMY J\u00e9r\u00f4me, \u00ab\u00a0La fondation du centre d&rsquo;\u00e9tude spatiale des rayonnements\u00a0\u00bb, Les savoirs en partage, hors-s\u00e9rie n\u00b0 4, de la revue <em>Midi-Pyr\u00e9n\u00e9es Patrimoine<\/em>, oct. 2012, p. 34-37.<\/p>\n<p>LAMY J\u00e9r\u00f4me, MOTARD B., 2002, \u00ab Inventaire des instruments scientifiques anciens de l\u2019Observatoire Midi-Pyr\u00e9n\u00e9es\u00bb, 1\u00e8re partie, Toulouse OMP, 303 p.<\/p>\n<p>LAMY J\u00e9r\u00f4me, 2016, \u00ab Que faire dire au patrimoine scientifique b\u00e2ti ? Mat\u00e9rialit\u00e9, m\u00e9moire et histoire. L\u2019exemple de l\u2019observatoire de Toulouse \u00bb, Atelier interdisciplinaire <em>Mat\u00e9riaux du patrimoine et patrimoine mat\u00e9riel<\/em>, \u00c9cole Polytechnique, 10 mars.<\/p>\n<p>LAMY J\u00e9rome, (ed.), 2013, <em>Midi-Pyr\u00e9n\u00e9es Patrimoine<\/em>, num\u00e9ro sp\u00e9cial \u00ab Jolimont. La colline aux \u00e9toiles \u00bb, octobre, 24 p.<\/p>\n<p>LAMY J\u00e9r\u00f4me, 2016, \u00ab Que faire dire au patrimoine scientifique b\u00e2ti ? Mat\u00e9rialit\u00e9, m\u00e9moire et histoire. L\u2019exemple de l\u2019observatoire de Toulouse \u00bb, Atelier interdisciplinaire <em>Mat\u00e9riaux du patrimoine et patrimoine mat\u00e9riel<\/em>, \u00c9cole Polytechnique, 10 mars.<\/p>\n<p>LAMY J\u00e9r\u00f4me, \u00ab\u00a0Mai 68 \u00e0 Rangueil, la contestation en mouvement\u00a0\u00bb, Les savoirs en partage, hors-s\u00e9rie n\u00b0 4, de la revue <em>Midi-Pyr\u00e9n\u00e9es Patrimoine<\/em>, oct. 2012, p. 68-75.<\/p>\n<p><strong>Projets en cours<\/strong><\/p>\n<p><a href=\"http:\/\/blogs.univ-jfc.fr\/universitas\/projets-en-cours\/projet-studium\/\">Projet Studium.<\/a><\/p>\n<p><a href=\"https:\/\/pastel.hypotheses.org\/\">Le projet PASTEL<\/a>.<\/p>\n","protected":false},"excerpt":{"rendered":"<p>Pr\u00e9sentation Ouvrages LAMY J\u00e9r\u00f4me, L\u2019observatoire de Toulouse aux XVIIIe et XIXe si\u00e8cle. Arch\u00e9ologie d\u2019un espace savant, Rennes, PUR, XXXX. &nbsp; Articles LAMY J\u00e9r\u00f4me, \u00ab\u00a0La fondation du centre d&rsquo;\u00e9tude spatiale des rayonnements\u00a0\u00bb, Les savoirs en partage, hors-s\u00e9rie n\u00b0 4, de la revue Midi-Pyr\u00e9n\u00e9es Patrimoine, oct. 2012, p. 34-37. LAMY J\u00e9r\u00f4me, MOTARD B., 2002, \u00ab Inventaire des &hellip; <a href=\"https:\/\/blogs.univ-jfc.fr\/universitas\/chercheur-es\/lamy-jerome\/\" class=\"more-link\">Continuer la lecture de <span class=\"screen-reader-text\">LAMY J\u00e9r\u00f4me<\/span> <span class=\"meta-nav\">&rarr;<\/span><\/a><\/p>\n","protected":false},"author":19,"featured_media":0,"parent":20,"menu_order":6,"comment_status":"closed","ping_status":"closed","template":"","meta":[],"_links":{"self":[{"href":"https:\/\/blogs.univ-jfc.fr\/universitas\/wp-json\/wp\/v2\/pages\/329"}],"collection":[{"href":"https:\/\/blogs.univ-jfc.fr\/universitas\/wp-json\/wp\/v2\/pages"}],"about":[{"href":"https:\/\/blogs.univ-jfc.fr\/universitas\/wp-json\/wp\/v2\/types\/page"}],"author":[{"embeddable":true,"href":"https:\/\/blogs.univ-jfc.fr\/universitas\/wp-json\/wp\/v2\/users\/19"}],"replies":[{"embeddable":true,"href":"https:\/\/blogs.univ-jfc.fr\/universitas\/wp-json\/wp\/v2\/comments?post=329"}],"version-history":[{"count":9,"href":"https:\/\/blogs.univ-jfc.fr\/universitas\/wp-json\/wp\/v2\/pages\/329\/revisions"}],"predecessor-version":[{"id":1613,"href":"https:\/\/blogs.univ-jfc.fr\/universitas\/wp-json\/wp\/v2\/pages\/329\/revisions\/1613"}],"up":[{"embeddable":true,"href":"https:\/\/blogs.univ-jfc.fr\/universitas\/wp-json\/wp\/v2\/pages\/20"}],"wp:attachment":[{"href":"https:\/\/blogs.univ-jfc.fr\/universitas\/wp-json\/wp\/v2\/media?parent=329"}],"curies":[{"name":"wp","href":"https:\/\/api.w.org\/{rel}","templated":true}]}}

LAMY Jérôme

<p><img loading="lazy" class=" wp-image-1477 aligncenter" src="http://blogs.univ-jfc.fr/universitas/wp-content/uploads/sites/73/2019/03/logo_lamy-300x300.jpg" alt="" width="168" height="168" srcset="https://blogs.univ-jfc.fr/universitas/wp-content/uploads/sites/73/2019/03/logo_lamy-300x300.jpg 300w, https://blogs.univ-jfc.fr/universitas/wp-content/uploads/sites/73/2019/03/logo_lamy-150x150.jpg 150w, https://blogs.univ-jfc.fr/universitas/wp-content/uploads/sites/73/2019/03/logo_lamy.jpg 354w" sizes="(max-width: 168px) 100vw, 168px" /></p>
<p><a href="http://certop.cnrs.fr/lamy-jerome/" target="_blank" rel="noopener noreferrer">Présentation</a></p>
<p><strong>Ouvrages</strong></p>
<p>LAMY Jérôme, <em>L’observatoire de Toulouse aux XVIIIe et XIXe siècle. Archéologie d’un espace savant</em>, Rennes, PUR, XXXX.</p>
<p><img loading="lazy" class="size-medium wp-image-302 aligncenter" src="http://blogs.univ-jfc.fr/universitas/wp-content/uploads/sites/73/2019/02/51aNCphTL3L._SX341_BO1204203200_-206x300.jpg" alt="" width="206" height="300" srcset="https://blogs.univ-jfc.fr/universitas/wp-content/uploads/sites/73/2019/02/51aNCphTL3L._SX341_BO1204203200_-206x300.jpg 206w, https://blogs.univ-jfc.fr/universitas/wp-content/uploads/sites/73/2019/02/51aNCphTL3L._SX341_BO1204203200_.jpg 343w" sizes="(max-width: 206px) 100vw, 206px" /></p>
<p>&nbsp;</p>
<p><strong>Articles</strong></p>
<p>LAMY Jérôme, « La fondation du centre d&rsquo;étude spatiale des rayonnements », Les savoirs en partage, hors-série n° 4, de la revue <em>Midi-Pyrénées Patrimoine</em>, oct. 2012, p. 34-37.</p>
<p>LAMY Jérôme, MOTARD B., 2002, « Inventaire des instruments scientifiques anciens de l’Observatoire Midi-Pyrénées», 1ère partie, Toulouse OMP, 303 p.</p>
<p>LAMY Jérôme, 2016, « Que faire dire au patrimoine scientifique bâti ? Matérialité, mémoire et histoire. L’exemple de l’observatoire de Toulouse », Atelier interdisciplinaire <em>Matériaux du patrimoine et patrimoine matériel</em>, École Polytechnique, 10 mars.</p>
<p>LAMY Jérome, (ed.), 2013, <em>Midi-Pyrénées Patrimoine</em>, numéro spécial « Jolimont. La colline aux étoiles », octobre, 24 p.</p>
<p>LAMY Jérôme, 2016, « Que faire dire au patrimoine scientifique bâti ? Matérialité, mémoire et histoire. L’exemple de l’observatoire de Toulouse », Atelier interdisciplinaire <em>Matériaux du patrimoine et patrimoine matériel</em>, École Polytechnique, 10 mars.</p>
<p>LAMY Jérôme, « Mai 68 à Rangueil, la contestation en mouvement », Les savoirs en partage, hors-série n° 4, de la revue <em>Midi-Pyrénées Patrimoine</em>, oct. 2012, p. 68-75.</p>
<p><strong>Projets en cours</strong></p>
<p><a href="http://blogs.univ-jfc.fr/universitas/projets-en-cours/projet-studium/">Projet Studium.</a></p>
<p><a href="https://pastel.hypotheses.org/">Le projet PASTEL</a>.</p>

<p>Présentation Ouvrages LAMY Jérôme, L’observatoire de Toulouse aux XVIIIe et XIXe siècle. Archéologie d’un espace savant, Rennes, PUR, XXXX. &nbsp; Articles LAMY Jérôme, « La fondation du centre d&rsquo;étude spatiale des rayonnements », Les savoirs en partage, hors-série n° 4, de la revue Midi-Pyrénées Patrimoine, oct. 2012, p. 34-37. LAMY Jérôme, MOTARD B., 2002, « Inventaire des &hellip; <a href="https://blogs.univ-jfc.fr/universitas/chercheur-es/lamy-jerome/" class="more-link">Continuer la lecture de <span class="screen-reader-text">LAMY Jérôme</span> <span class="meta-nav">&rarr;</span></a></p>
