{"id":3373,"date":"2025-12-13T11:58:19","date_gmt":"2025-12-13T10:58:19","guid":{"rendered":"http:\/\/blogs.univ-jfc.fr\/universitas\/?page_id=3373"},"modified":"2026-02-23T12:57:14","modified_gmt":"2026-02-23T11:57:14","slug":"le-temps-des-collections-encyclopediques-1841-1912","status":"publish","type":"page","link":"https:\/\/blogs.univ-jfc.fr\/universitas\/le-temps-des-collections-encyclopediques-1841-1912\/","title":{"rendered":"Le fondateur des collections encyclop\u00e9diques et ses successeurs (1841-1912)"},"content":{"rendered":"\n<p>&nbsp;Si le Cabinet min\u00e9ralogique de M Picot de Lapeyrouse a \u00e9t\u00e9 remis \u00e0 la Facult\u00e9 de Toulouse en 1823,&nbsp; <strong>\u00ab<\/strong>&nbsp;La collection de g\u00e9ologie et de pal\u00e9ontologie est une cr\u00e9ation nouvelle, qui est encore en voie de formation. Elle se compose de collections g\u00e9n\u00e9rales et de collections r\u00e9gionales.&nbsp;\u00bb [<em>Notice sur le cabinet min\u00e9ralogique et g\u00e9ologique de la Facult\u00e9 des Sciences de Toulouse, par A. Leymerie<\/em>? p. 10, 1855].<\/p>\n\n\n\n<div class=\"wp-block-media-text alignwide is-stacked-on-mobile\" style=\"grid-template-columns:41% auto\"><figure class=\"wp-block-media-text__media\"><img loading=\"lazy\" width=\"679\" height=\"962\" src=\"https:\/\/blogs.univ-jfc.fr\/universitas\/wp-content\/uploads\/sites\/73\/2025\/12\/LEYMERIE-databnfExpo-MB.jpeg\" alt=\"\" class=\"wp-image-3374 size-full\" srcset=\"https:\/\/blogs.univ-jfc.fr\/universitas\/wp-content\/uploads\/sites\/73\/2025\/12\/LEYMERIE-databnfExpo-MB.jpeg 679w, https:\/\/blogs.univ-jfc.fr\/universitas\/wp-content\/uploads\/sites\/73\/2025\/12\/LEYMERIE-databnfExpo-MB-212x300.jpeg 212w\" sizes=\"(max-width: 679px) 100vw, 679px\" \/><\/figure><div class=\"wp-block-media-text__content\">\n<p>La cr\u00e9ation en 1839 d&rsquo;une chaire de min\u00e9ralogie-g\u00e9ologie et la nomination en 1841 du g\u00e9ologue Alexandre Leymerie (1801-1878) marque un tournant d\u00e9cisif dans l&rsquo;\u00e9volution des collections toulousaines. Elles deviennent non plus un sujet de curiosit\u00e9s mais sont destin\u00e9es \u00e0 jouer \u00ab\u00a0un grand r\u00f4le dans l&rsquo;enseignement de la g\u00e9ologie et de la min\u00e9ralogie\u00a0\u00bb, d&rsquo;o\u00f9 le \u00ab\u00a0devoir tr\u00e8s essentiel d&rsquo;\u00e9tablir, de classer et de tenir sans cesse au courant des collections aussi caract\u00e9ris\u00e9es et aussi compl\u00e8tes que possible.\u00a0\u00bb<\/p>\n\n\n\n<p><em><span class=\"has-inline-color has-light-brown-color\">Portrait photographique d&rsquo;Alexandre Leymerie &#8211; Biblioth\u00e8que nationale de France<\/span><\/em><\/p>\n<\/div><\/div>\n\n\n\n<div class=\"wp-block-media-text alignwide is-stacked-on-mobile\"><figure class=\"wp-block-media-text__media\"><img loading=\"lazy\" width=\"500\" height=\"343\" src=\"https:\/\/blogs.univ-jfc.fr\/universitas\/wp-content\/uploads\/sites\/73\/2025\/12\/Screenshot-2025-12-13-at-14-59-26-Revue-de-lAcademie-de-Toulouse-.png\" alt=\"\" class=\"wp-image-3379 size-full\" srcset=\"https:\/\/blogs.univ-jfc.fr\/universitas\/wp-content\/uploads\/sites\/73\/2025\/12\/Screenshot-2025-12-13-at-14-59-26-Revue-de-lAcademie-de-Toulouse-.png 500w, https:\/\/blogs.univ-jfc.fr\/universitas\/wp-content\/uploads\/sites\/73\/2025\/12\/Screenshot-2025-12-13-at-14-59-26-Revue-de-lAcademie-de-Toulouse--300x206.png 300w\" sizes=\"(max-width: 500px) 100vw, 500px\" \/><\/figure><div class=\"wp-block-media-text__content\">\n<p>En 1855, la <em>Notice sur le cabinet min\u00e9ralogique et g\u00e9ologique de la facult\u00e9 des sciences de Toulouse<\/em>, publi\u00e9e par Leymerie fait \u00e9tat de 9 000 pi\u00e8ces dont 23 00 dans la collection g\u00e9n\u00e9rale et 4 000 provenant de collections r\u00e9gionales vari\u00e9es, pyr\u00e9n\u00e9ennes et aquitaines ou autres (Bassin parisien, Canaries, Alg\u00e9rie, etc.). En 1872, son dernier \u00e9tat des collections mentionne 10 350 pi\u00e8ces r\u00e9pertori\u00e9es, 4150 pour la min\u00e9ralogie et 6200 pour la g\u00e9ologie-pal\u00e9ontologie.<\/p>\n\n\n\n<p><span class=\"has-inline-color has-light-brown-color\"><em>Revue de l&rsquo;Acad\u00e9mie de Toulouse<\/em>, 1855, p. 153.<\/span><\/p>\n<\/div><\/div>\n\n\n\n<div class=\"wp-block-media-text alignwide is-stacked-on-mobile\"><figure class=\"wp-block-media-text__media\"><img loading=\"lazy\" width=\"1024\" height=\"729\" src=\"https:\/\/blogs.univ-jfc.fr\/universitas\/wp-content\/uploads\/sites\/73\/2025\/12\/LAKANAL-2-1024x729.jpeg\" alt=\"\" class=\"wp-image-3572 size-full\" srcset=\"https:\/\/blogs.univ-jfc.fr\/universitas\/wp-content\/uploads\/sites\/73\/2025\/12\/LAKANAL-2-1024x729.jpeg 1024w, https:\/\/blogs.univ-jfc.fr\/universitas\/wp-content\/uploads\/sites\/73\/2025\/12\/LAKANAL-2-300x214.jpeg 300w, https:\/\/blogs.univ-jfc.fr\/universitas\/wp-content\/uploads\/sites\/73\/2025\/12\/LAKANAL-2-768x547.jpeg 768w, https:\/\/blogs.univ-jfc.fr\/universitas\/wp-content\/uploads\/sites\/73\/2025\/12\/LAKANAL-2-1536x1094.jpeg 1536w, https:\/\/blogs.univ-jfc.fr\/universitas\/wp-content\/uploads\/sites\/73\/2025\/12\/LAKANAL-2.jpeg 1869w\" sizes=\"(max-width: 1024px) 100vw, 1024px\" \/><\/figure><div class=\"wp-block-media-text__content\">\n<p>La collection est alors install\u00e9e dans les locaux de la facult\u00e9 des sciences.<\/p>\n\n\n\n<p><em><span class=\"has-inline-color has-light-brown-color\">La salle des min\u00e9raux et fossiles de la facult\u00e9 des sciences de Toulouse, rue Lakanal, \u00e0 la fin du XIXe si\u00e8cle. &#8211; Clich\u00e9 BU Arsenal (UT Capitole).<\/span><\/em><\/p>\n<\/div><\/div>\n\n\n\n<figure class=\"wp-block-gallery columns-3 is-cropped\"><ul class=\"blocks-gallery-grid\"><li class=\"blocks-gallery-item\"><figure><img loading=\"lazy\" width=\"633\" height=\"629\" src=\"https:\/\/blogs.univ-jfc.fr\/universitas\/wp-content\/uploads\/sites\/73\/2025\/12\/Diapositive2-1.jpg\" alt=\"\" data-id=\"3575\" data-full-url=\"https:\/\/blogs.univ-jfc.fr\/universitas\/wp-content\/uploads\/sites\/73\/2025\/12\/Diapositive2-1.jpg\" data-link=\"https:\/\/blogs.univ-jfc.fr\/universitas\/le-temps-des-collections-encyclopediques-1841-1912\/diapositive2-1\/\" class=\"wp-image-3575\" srcset=\"https:\/\/blogs.univ-jfc.fr\/universitas\/wp-content\/uploads\/sites\/73\/2025\/12\/Diapositive2-1.jpg 633w, https:\/\/blogs.univ-jfc.fr\/universitas\/wp-content\/uploads\/sites\/73\/2025\/12\/Diapositive2-1-300x298.jpg 300w, https:\/\/blogs.univ-jfc.fr\/universitas\/wp-content\/uploads\/sites\/73\/2025\/12\/Diapositive2-1-150x150.jpg 150w\" sizes=\"(max-width: 633px) 100vw, 633px\" \/><\/figure><\/li><li class=\"blocks-gallery-item\"><figure><img loading=\"lazy\" width=\"607\" height=\"667\" src=\"https:\/\/blogs.univ-jfc.fr\/universitas\/wp-content\/uploads\/sites\/73\/2025\/12\/Diapositive3-1.jpg\" alt=\"\" data-id=\"3576\" data-full-url=\"https:\/\/blogs.univ-jfc.fr\/universitas\/wp-content\/uploads\/sites\/73\/2025\/12\/Diapositive3-1.jpg\" data-link=\"https:\/\/blogs.univ-jfc.fr\/universitas\/le-temps-des-collections-encyclopediques-1841-1912\/diapositive3-1\/\" class=\"wp-image-3576\" srcset=\"https:\/\/blogs.univ-jfc.fr\/universitas\/wp-content\/uploads\/sites\/73\/2025\/12\/Diapositive3-1.jpg 607w, https:\/\/blogs.univ-jfc.fr\/universitas\/wp-content\/uploads\/sites\/73\/2025\/12\/Diapositive3-1-273x300.jpg 273w\" sizes=\"(max-width: 607px) 100vw, 607px\" \/><\/figure><\/li><li class=\"blocks-gallery-item\"><figure><img loading=\"lazy\" width=\"618\" height=\"353\" src=\"https:\/\/blogs.univ-jfc.fr\/universitas\/wp-content\/uploads\/sites\/73\/2025\/12\/Diapositive4-1.jpg\" alt=\"\" data-id=\"3577\" data-full-url=\"https:\/\/blogs.univ-jfc.fr\/universitas\/wp-content\/uploads\/sites\/73\/2025\/12\/Diapositive4-1.jpg\" data-link=\"https:\/\/blogs.univ-jfc.fr\/universitas\/le-temps-des-collections-encyclopediques-1841-1912\/diapositive4-1\/\" class=\"wp-image-3577\" srcset=\"https:\/\/blogs.univ-jfc.fr\/universitas\/wp-content\/uploads\/sites\/73\/2025\/12\/Diapositive4-1.jpg 618w, https:\/\/blogs.univ-jfc.fr\/universitas\/wp-content\/uploads\/sites\/73\/2025\/12\/Diapositive4-1-300x171.jpg 300w\" sizes=\"(max-width: 618px) 100vw, 618px\" \/><\/figure><\/li><\/ul><\/figure>\n\n\n\n<p><em><span class=\"has-inline-color has-light-brown-color\"> \u00ab&nbsp;L\u2019\u00e9tat du cabinet de Min\u00e9ralogie et G\u00e9ologie de la facult\u00e9 des sciences de Toulouse&nbsp;\u00bb \u00e0 la date de 1872. C\u2019est le document qui a \u00e9t\u00e9 remis \u00e0 Louis Lartet par H. Ferrand le 21 juin 1881.<\/span><\/em><\/p>\n\n\n\n<div class=\"wp-block-media-text alignwide is-stacked-on-mobile\"><figure class=\"wp-block-media-text__media\"><img loading=\"lazy\" width=\"126\" height=\"200\" src=\"https:\/\/blogs.univ-jfc.fr\/universitas\/wp-content\/uploads\/sites\/73\/2025\/12\/lartet_louis_0-1.png\" alt=\"\" class=\"wp-image-3424 size-full\" \/><\/figure><div class=\"wp-block-media-text__content\">\n<p>Louis Lartet, nouveau titulaire de la chaire (1879-1899) prend officiellement la responsabilit\u00e9 des collections universitaires en 1881. Pendant pr\u00e8s de vingt ans,  il poursuit l\u2019\u0153uvre de son pr\u00e9d\u00e9cesseur, enrichissant les collections surtout par des achats importants, mais aussi par des \u00e9changes. C&rsquo;est \u00e0 lui que revient la lourde charge de d\u00e9m\u00e9nager le laboratoire de la rue Lakanal et d&rsquo;installer dans les nouveaux locaux de la facult\u00e9 des sciences, sur les all\u00e9es Saint-Michel (actuelles all\u00e9es Jules Guesde) les collections de min\u00e9ralogie et de g\u00e9ologie. Le d\u00e9m\u00e9nagement eut lieu entre 1888 et 1890, avant l&rsquo;inauguration officielle de 1891. A sa mort en 1899, ces collections occupaient  une salle d&rsquo;environ 100 m2.<\/p>\n\n\n\n<p><em><span class=\"has-inline-color has-light-brown-color\">Portrait de Louis Lartet.<\/span><\/em><\/p>\n<\/div><\/div>\n\n\n\n<div class=\"wp-block-media-text alignwide is-stacked-on-mobile\"><figure class=\"wp-block-media-text__media\"><img loading=\"lazy\" width=\"847\" height=\"1024\" src=\"https:\/\/blogs.univ-jfc.fr\/universitas\/wp-content\/uploads\/sites\/73\/2025\/12\/IMG_20181204_123144061-Copie-847x1024.jpg\" alt=\"\" class=\"wp-image-3435 size-full\" srcset=\"https:\/\/blogs.univ-jfc.fr\/universitas\/wp-content\/uploads\/sites\/73\/2025\/12\/IMG_20181204_123144061-Copie-847x1024.jpg 847w, https:\/\/blogs.univ-jfc.fr\/universitas\/wp-content\/uploads\/sites\/73\/2025\/12\/IMG_20181204_123144061-Copie-248x300.jpg 248w, https:\/\/blogs.univ-jfc.fr\/universitas\/wp-content\/uploads\/sites\/73\/2025\/12\/IMG_20181204_123144061-Copie-768x929.jpg 768w, https:\/\/blogs.univ-jfc.fr\/universitas\/wp-content\/uploads\/sites\/73\/2025\/12\/IMG_20181204_123144061-Copie.jpg 1260w\" sizes=\"(max-width: 847px) 100vw, 847px\" \/><\/figure><div class=\"wp-block-media-text__content\">\n<p><\/p>\n\n\n\n<p>En 1904, un pal\u00e9ontologue de renom, Victor-Lucien Paquier devient titulaire de la chaire de g\u00e9ologie. Comme Leymerie avant lui, il est aussi conservateur pour les sections de g\u00e9ologie et de min\u00e9ralogie au Mus\u00e9um d&rsquo;histoire naturelle de Toulouse. De sant\u00e9 fragile, souvent absent pour raisons m\u00e9dicales, il n&rsquo;occupe ces fonctions que de fa\u00e7on intermittente jusqu&rsquo;\u00e0 son d\u00e9c\u00e8s en 1911. Selon son successeur (Jacob, 1927), V. Paquier avait engag\u00e9 la r\u00e9alisation d&rsquo;une collection locale dont les \u00e9l\u00e9ments provenaient des terrains du bassin d&rsquo;Aquitaine et dont se chargeait A. Caffort, \u00ab\u00a0gar\u00e7on de laboratoire\u00a0\u00bb qui a successivement \u0153uvr\u00e9 sous les directions de Paquier, Jacob et Mengaud. <\/p>\n\n\n\n<p><em><span class=\"has-inline-color has-light-brown-color\">Portrait photographique de Victor-Lucien Paquier.<\/span><\/em><\/p>\n<\/div><\/div>\n\n\n\n<div class=\"wp-block-buttons\">\n<div class=\"wp-block-button\"><a class=\"wp-block-button__link\" href=\"https:\/\/blogs.univ-jfc.fr\/universitas\/fondation-dune-collection-la-collection-de-paleontologie-de-la-faculte-des-sciences-de-toulouse\/\"><strong>Retour \u00e0 l&rsquo;accueil<\/strong><\/a><\/div>\n\n\n\n<div class=\"wp-block-button\"><a class=\"wp-block-button__link\" href=\"https:\/\/blogs.univ-jfc.fr\/universitas\/les-collections-pyreneennes-apres-1912\/\" target=\"_blank\" rel=\"noreferrer noopener\"><strong>Poursuivre l&rsquo;exposition<\/strong><\/a><\/div>\n<\/div>\n","protected":false},"excerpt":{"rendered":"<p>&nbsp;Si le Cabinet min\u00e9ralogique de M Picot de Lapeyrouse a \u00e9t\u00e9 remis \u00e0 la Facult\u00e9 de Toulouse en 1823,&nbsp; \u00ab&nbsp;La collection de g\u00e9ologie et de pal\u00e9ontologie est une cr\u00e9ation nouvelle, qui est encore en voie de formation. Elle se compose de collections g\u00e9n\u00e9rales et de collections r\u00e9gionales.&nbsp;\u00bb [Notice sur le cabinet min\u00e9ralogique et g\u00e9ologique de &hellip; <a href=\"https:\/\/blogs.univ-jfc.fr\/universitas\/le-temps-des-collections-encyclopediques-1841-1912\/\" class=\"more-link\">Continuer la lecture de <span class=\"screen-reader-text\">Le fondateur des collections encyclop\u00e9diques et ses successeurs (1841-1912)<\/span> <span class=\"meta-nav\">&rarr;<\/span><\/a><\/p>\n","protected":false},"author":19,"featured_media":0,"parent":0,"menu_order":0,"comment_status":"closed","ping_status":"closed","template":"","meta":[],"_links":{"self":[{"href":"https:\/\/blogs.univ-jfc.fr\/universitas\/wp-json\/wp\/v2\/pages\/3373"}],"collection":[{"href":"https:\/\/blogs.univ-jfc.fr\/universitas\/wp-json\/wp\/v2\/pages"}],"about":[{"href":"https:\/\/blogs.univ-jfc.fr\/universitas\/wp-json\/wp\/v2\/types\/page"}],"author":[{"embeddable":true,"href":"https:\/\/blogs.univ-jfc.fr\/universitas\/wp-json\/wp\/v2\/users\/19"}],"replies":[{"embeddable":true,"href":"https:\/\/blogs.univ-jfc.fr\/universitas\/wp-json\/wp\/v2\/comments?post=3373"}],"version-history":[{"count":30,"href":"https:\/\/blogs.univ-jfc.fr\/universitas\/wp-json\/wp\/v2\/pages\/3373\/revisions"}],"predecessor-version":[{"id":3712,"href":"https:\/\/blogs.univ-jfc.fr\/universitas\/wp-json\/wp\/v2\/pages\/3373\/revisions\/3712"}],"wp:attachment":[{"href":"https:\/\/blogs.univ-jfc.fr\/universitas\/wp-json\/wp\/v2\/media?parent=3373"}],"curies":[{"name":"wp","href":"https:\/\/api.w.org\/{rel}","templated":true}]}}