{"id":81,"date":"2019-02-02T21:39:47","date_gmt":"2019-02-02T20:39:47","guid":{"rendered":"http:\/\/blogs.univ-jfc.fr\/universitas\/?page_id=81"},"modified":"2020-10-30T07:43:56","modified_gmt":"2020-10-30T06:43:56","slug":"ferte-patrick","status":"publish","type":"page","link":"https:\/\/blogs.univ-jfc.fr\/universitas\/chercheur-es\/ferte-patrick\/","title":{"rendered":"FERTE PATRICK"},"content":{"rendered":"<p><img loading=\"lazy\" class=\" wp-image-1465 aligncenter\" src=\"http:\/\/blogs.univ-jfc.fr\/universitas\/wp-content\/uploads\/sites\/73\/2019\/03\/fert\u00e9.jpg\" alt=\"\" width=\"166\" height=\"116\" \/><\/p>\n<p>Ma\u00eetre de conf\u00e9rences \u00e9m\u00e9rite \u00e0 l&rsquo;universit\u00e9 de Toulouse Jean Jaur\u00e8s, membre du laboratoire Framespa, \u00e9quipe Studium.<\/p>\n<p>Courriel : <span class=\"GCSDBRWBBQC\"><a class=\"GCSDBRWBAVB\"><span class=\"GCSDBRWBDPC\">pat.ferte@orange.fr<\/span><\/a><\/span><\/p>\n<p><strong>Direction d&rsquo;ouvrages<\/strong><\/p>\n<p>Caroline Barrera et Patrick Fert\u00e9 (dir.),<em> Histoire de l\u2019universit\u00e9 de Toulouse<\/em>, Portet-sur-Garonne, <a href=\"https:\/\/www.edimip.com\/categorie-produit\/ouvrages\/\" target=\"_blank\" rel=\"noopener noreferrer\">Editions midi-pyr\u00e9n\u00e9ennes<\/a> et Universit\u00e9 f\u00e9d\u00e9rale de Toulouse-Midi-Pyr\u00e9n\u00e9es, dec. 2019, vol. 1 (Moyen-Age), Vol. 2 (\u00e9poque moderne) et vol. 3 (\u00e9poque contemporaine).<\/p>\n<p><img loading=\"lazy\" class=\"size-medium wp-image-1954 alignleft\" src=\"http:\/\/blogs.univ-jfc.fr\/universitas\/wp-content\/uploads\/sites\/73\/2019\/12\/universite-couv-volume-i-710x1000-213x300.png\" alt=\"\" width=\"213\" height=\"300\" srcset=\"https:\/\/blogs.univ-jfc.fr\/universitas\/wp-content\/uploads\/sites\/73\/2019\/12\/universite-couv-volume-i-710x1000-213x300.png 213w, https:\/\/blogs.univ-jfc.fr\/universitas\/wp-content\/uploads\/sites\/73\/2019\/12\/universite-couv-volume-i-710x1000.png 710w\" sizes=\"(max-width: 213px) 100vw, 213px\" \/><\/p>\n<p><img loading=\"lazy\" class=\"size-medium wp-image-2006 aligncenter\" src=\"http:\/\/blogs.univ-jfc.fr\/universitas\/wp-content\/uploads\/sites\/73\/2020\/10\/couvhist-vol2-213x300.png\" alt=\"\" width=\"213\" height=\"300\" srcset=\"https:\/\/blogs.univ-jfc.fr\/universitas\/wp-content\/uploads\/sites\/73\/2020\/10\/couvhist-vol2-213x300.png 213w, https:\/\/blogs.univ-jfc.fr\/universitas\/wp-content\/uploads\/sites\/73\/2020\/10\/couvhist-vol2-768x1082.png 768w, https:\/\/blogs.univ-jfc.fr\/universitas\/wp-content\/uploads\/sites\/73\/2020\/10\/couvhist-vol2-727x1024.png 727w, https:\/\/blogs.univ-jfc.fr\/universitas\/wp-content\/uploads\/sites\/73\/2020\/10\/couvhist-vol2.png 792w\" sizes=\"(max-width: 213px) 100vw, 213px\" \/><\/p>\n<p><img loading=\"lazy\" class=\"size-medium wp-image-2007 aligncenter\" src=\"http:\/\/blogs.univ-jfc.fr\/universitas\/wp-content\/uploads\/sites\/73\/2020\/10\/universite-couv-volume-3-1-215x300.png\" alt=\"\" width=\"215\" height=\"300\" srcset=\"https:\/\/blogs.univ-jfc.fr\/universitas\/wp-content\/uploads\/sites\/73\/2020\/10\/universite-couv-volume-3-1-215x300.png 215w, https:\/\/blogs.univ-jfc.fr\/universitas\/wp-content\/uploads\/sites\/73\/2020\/10\/universite-couv-volume-3-1.png 490w\" sizes=\"(max-width: 215px) 100vw, 215px\" \/><\/p>\n<p><em><b>Ouvrages personnels<\/b><\/em><\/p>\n<p>Patrick Fert\u00e9 (dir.),<em> Histoire de l\u2019universit\u00e9 de Toulouse<\/em>, Portet-sur-Garonne, <a href=\"https:\/\/www.edimip.com\/categorie-produit\/ouvrages\/\" target=\"_blank\" rel=\"noopener noreferrer\">Editions midi-pyr\u00e9n\u00e9ennes<\/a> et Universit\u00e9 f\u00e9d\u00e9rale de Toulouse-Midi-Pyr\u00e9n\u00e9es, 2020, Vol. 2 (\u00e9poque moderne).<\/p>\n<p>Fert\u00e9 (Patrick)\u00a0: <em>R\u00e9pertoire des \u00c9tudiants du Midi de la France (1561-1793). Pour une prosopographie des \u00e9lites,<\/em> tome 1, <em>Dioc\u00e8ses d\u2019Albi<\/em><em>, Castres<\/em><em>, Lavaur<\/em><em>, Montauban<\/em><em>, <\/em>Toulouse, PUSST, 2002, 315 p.<\/p>\n<p>Fert\u00e9 (Patrick)\u00a0: <em>idem<\/em>, t. II, <em>Dioc\u00e8se de Cahors<\/em>, Toulouse, PUSST, 2004, 408 p.<\/p>\n<p>Fert\u00e9 (Patrick)\u00a0: <em>idem<\/em>, t. III, <em>Dioc\u00e8se de Rodez<\/em>, Toulouse, PUSST, 2006.<\/p>\n<p>Fert\u00e9 (Patrick)\u00a0: <em>idem<\/em>, t. IV, <em>Dioc\u00e8ses pyr\u00e9n\u00e9ens<\/em>, Toulouse, PU T1-Capitole, 2008.<\/p>\n<p>Fert\u00e9 (Patrick)\u00a0: <em>idem<\/em>, t.\u00a0V, <em>Bas Languedoc et Roussillon<\/em>, Toulouse, PU T1-Capitole, 2011.<\/p>\n<p>Fert\u00e9 (Patrick)\u00a0: <em>idem<\/em>, t.\u00a0VI, <em>Gascogne<\/em><em>\u00a0gersoise et Agenais<\/em>, Toulouse, PU T1-Capitole, 2013.<\/p>\n<p>Fert\u00e9 (Patrick)\u00a0: <em>idem<\/em>, t. VII, <em>Toulouse et son dioc\u00e8se<\/em>, 2015, Toulouse, PU T1-Capitole, 2015.<\/p>\n<p><img loading=\"lazy\" class=\"size-medium wp-image-1039 aligncenter\" src=\"http:\/\/blogs.univ-jfc.fr\/universitas\/wp-content\/uploads\/sites\/73\/2019\/03\/repertoire-geographique-des-etudiants-du-midi-de-la-france-1561-1793-9782915699708_0-300x300.jpg\" alt=\"\" width=\"300\" height=\"300\" srcset=\"https:\/\/blogs.univ-jfc.fr\/universitas\/wp-content\/uploads\/sites\/73\/2019\/03\/repertoire-geographique-des-etudiants-du-midi-de-la-france-1561-1793-9782915699708_0-300x300.jpg 300w, https:\/\/blogs.univ-jfc.fr\/universitas\/wp-content\/uploads\/sites\/73\/2019\/03\/repertoire-geographique-des-etudiants-du-midi-de-la-france-1561-1793-9782915699708_0-150x150.jpg 150w, https:\/\/blogs.univ-jfc.fr\/universitas\/wp-content\/uploads\/sites\/73\/2019\/03\/repertoire-geographique-des-etudiants-du-midi-de-la-france-1561-1793-9782915699708_0.jpg 500w\" sizes=\"(max-width: 300px) 100vw, 300px\" \/><\/p>\n<p>Fert\u00e9 (Patrick)\u00a0: <em>L\u2019universit\u00e9 de Toulouse aux 17<sup>e<\/sup> et 18<sup>e<\/sup> si\u00e8cles. \u00c9tude quantitative de la population \u00e9tudiante de ses trois facult\u00e9s sup\u00e9rieures<\/em>, th\u00e8se d\u2019histoire, Univ. Toulouse-Le Mirail, 1979, 2 vol. dactyl.<\/p>\n<p><em><b>Direction d\u2019un dossier de revue<\/b><\/em><\/p>\n<p>\u2013\u00a0\u00a0<b><\/b>Fert\u00e9 dir., n\u00b0 sp\u00e9cial des <i>Annales du Midi<\/i>\u00a0: <i>Les universit\u00e9s m\u00e9ridionales sous l\u2019Ancien R\u00e9gime<\/i> (t. 121, n\u00b0 268, oct.-d\u00e9c. 2009).<\/p>\n<p><b>\u00a0<em>Articles<\/em><\/b><\/p>\n<p>\u2013\u00a0\u00a0 FERT\u00c9 (P.)\u00a0: \u00ab\u00a0<a href=\"http:\/\/framespa.revues.org\/2611\">Toulouse, universit\u00e9 hispanique. Des relations universitaires franco-espagnoles du Moyen \u00c2ge \u00e0 l\u2019<i>Illustraci\u00f3n<\/i><\/a>\u00a0\u00bb, dans <i>Les Cahiers de Framespa<\/i> [revue \u00e9lectronique], 14 \u2013 2013.<\/p>\n<p>Fert\u00e9 (P.), \u00ab\u00a0Vers une \u00ab\u00a0la\u00efcisation\u00a0\u00bb de la d\u00e9cision dans l\u2019Universit\u00e9\u00a0? Les scrutins universitaires \u00e0 Toulouse\u00a0du XVI<sup>e<\/sup>\u00a0au XVIII<sup>e\u00a0<\/sup>si\u00e8cle\u00a0\u00bb, dans <em>D\u00e9cider en \u00e9ducation. Entre normes institutionnelles et pratiques des acteurs (du XV<sup>e<\/sup>\u00a0si\u00e8cle \u00e0 nos jours)<\/em>, V. Castagnet, C. Barrera dir., Villeneuve-d\u2019Ascq, Presses universitaires du Septentrion, 2019, p.\u00a087-104.<\/p>\n<p>Fert\u00e9 (Patrick)\u00a0: \u00ab\u00a0Le cardinal Georges d\u2019Armagnac, initiateur du financement publique de l\u2019universit\u00e9 de Toulouse\u00a0(1564-1565)\u00a0\u00bb, <em>\u00c9tudes aveyronnaises<\/em>, 2017, p. 7-16.<\/p>\n<p>Fert\u00e9 (Patrick)\u00a0: \u00ab\u00a0\u201c<em>Et Toulouse pour apprendre<\/em>\u201d\u00a0: la deuxi\u00e8me universit\u00e9 du royaume\u00a0\u00bb, dans <em>Nouvelle Histoire de Toulouse<\/em>, Toulouse, Privat, 2018.<\/p>\n<p>Fert\u00e9 (Patrick)\u00a0: Base de donn\u00e9es \u00ab <em>Extranei<\/em>.\u00a0Les \u00e9tudiants \u00e9trangers dans les universit\u00e9s fran\u00e7aises \u00e0 l\u2019\u00e9poque moderne\u00a0\u00bb, mise en ligne sur le site <em>pool.corpus<\/em> de l\u2019Institut national universitaire Jean-Fran\u00e7ois Champollion (Albi) www.univ-jfc.fr<\/p>\n<p>Fert\u00e9 (Patrick)\u00a0: \u00ab\u00a0Le r\u00f4le contre-productif de l\u2019universit\u00e9 dans la mission irlandaise en France (xvii<sup>e<\/sup>-xviii<sup>e <\/sup>si\u00e8cles)\u00a0\u00bb, dans Patrick Fert\u00e9, Caroline Barrera dir., <em>\u00c9tudiants de l\u2019exil. Migrations internationales et universit\u00e9s refuges (16<sup>e<\/sup> s.- 20<sup>e<\/sup> s.)<\/em>, Toulouse, Presses universitaires du Mirail, coll. \u00ab\u00a0Tempus\u00a0\u00bb, janv. 2010, p. 162-176.<\/p>\n<p>Fert\u00e9 (Patrick)\u00a0: \u00ab\u00a0The Statutes of the Irish college, Toulouse, Le s\u00e9minaire royal de Sainte Anne (1752-1754\u00a0\u00bb et \u00ab\u00a0List of superiors of the Irish college, Toulouse (1618-1793\u00a0\u00bb, <em>Archivium Hibernicum, Irish Historical Records<\/em>, t. LXIII, 2010, p. 274-284, 285-298.<\/p>\n<p>Fert\u00e9 (Patrick)\u00a0: \u00ab\u00a0La Facult\u00e9 de m\u00e9decine de Toulouse au XVIII<sup>e<\/sup> si\u00e8cle\u00a0: dans l\u2019ombre de Montpellier\u00a0\u00bb, dans <em>La m\u00e9decine et les m\u00e9decins \u00e0 Toulouse<\/em>, D. Foucault, P. Lile dir., Toulouse, Framespa, coll. \u00ab\u00a0M\u00e9ridiennes\u00a0\u00bb, 2010, p. 13-34.<\/p>\n<p>Fert\u00e9 (Patrick)\u00a0: \u00ab\u00a0L\u2019autonomie des universit\u00e9s sous l\u2019Ancien r\u00e9gime\u00a0: un bilan peu \u00e9difiant\u00a0\u00bb, <em>Annales du Midi<\/em>, n\u00b0 sp\u00e9cial \u00ab\u00a0Universit\u00e9s du Midi de la France \u00e0 l\u2019\u00e9poque moderne\u00a0\u00bb, t. 121, n\u00b0 268, oct.-d\u00e9c. 2009, p. 545-568.<\/p>\n<p>Fert\u00e9 (Patrick)\u00a0: \u00ab\u00a0\u00c9tudiants elbeuviens au long cours (XVI<sup>e<\/sup>-XVIII<sup>e <\/sup>si\u00e8cles). Toulouse, Montpellier, Avignon, Orange, Italie\u00a0\u00bb, <em>Bulletin de la Soci\u00e9t\u00e9 de l\u2019Histoire d\u2019Elbeuf<\/em>, n\u00b0 51, mai 2009, p. 3-17.<\/p>\n<p>Fert\u00e9 (Patrick)\u00a0: \u00ab\u00a0Le tropisme espagnol vers l\u2019universit\u00e9 de Toulouse et le coll\u00e8ge de Sor\u00e8ze\u00a0au 18<sup>e<\/sup> si\u00e8cle\u00a0\u00bb, dans\u00a0: <em>Transmission et diffusion des savoirs dans le sud de la France<\/em>, Coll. \u00ab\u00a0Actes des Congr\u00e8s des Soci\u00e9t\u00e9s historiques et scientifiques\u00a0\u00bb\u00a0(126<sup>e<\/sup> Congr\u00e8s national des Soci\u00e9t\u00e9s historiques et scientifiques, Toulouse), CD-ROM C.T.H.S., M.-Fr. Diot et P. Brouzeng dir., 2008.<\/p>\n<p>Fert\u00e9 (Patrick)\u00a0: \u00ab\u00a0La r\u00e9organisation des \u00e9tudes de droit par Louis xiv (1679)\u00a0: une r\u00e9forme universitaire d\u00e9natur\u00e9e et ses effets pervers\u00a0\u00bb, dans <em>Histoire de l\u2019enseignement du droit \u00e0 Toulouse<\/em>, Olivier Devaux dir., (coll. \u00ab\u00a0\u00c9tudes d\u2019histoire du droit et des id\u00e9es politiques\u00a0\u00bb, n\u00b0\u00a011), Toulouse, Presses de l\u2019Universit\u00e9 des Sciences Sociales de Toulouse, 2007, p. 55-93.<\/p>\n<p><span style=\"color: #000000\">F<\/span>ert\u00e9 (Patrick)\u00a0:\u00a0\u00ab\u00a0Docimologie et molinologie\u00a0: laxisme universitaire et scrutins d\u2019examens \u00e0 la facult\u00e9 de droit de Toulouse\u00a0(1679-1789)\u00a0\u00bb, dans\u00a0: <em>De l\u2019Antiquit\u00e9 \u00e0 nos jours\u00a0: Histoire et m\u00e9thodes de l\u2019enseignement<\/em>, Munier (Marie-Odile), dir., Albi, Centre universitaire Jean-Fran\u00e7ois Champollion, 2007, p. 87-101.<\/p>\n<p>Fert\u00e9 (Patrick)\u00a0: \u00ab\u00a0The Counter-reformation and Franco-Irish solidarity\u00a0\u00bb, p. 32-68, dans <em>Irish communities in early-modern Europe<\/em>, Thomas O\u2019Connor, Mary Ann Lyons ed., Dublin, Four Courts Press, 2006, p. 32-68.<\/p>\n<p>Fert\u00e9 (Patrick)\u00a0: \u00ab\u00a0\u00c9tudiants et professeurs irlandais dans les universit\u00e9s de Toulouse et de Cahors\u00a0(XVII<sup>e<\/sup>-XVIII<sup>e<\/sup> si\u00e8cles) : les limites de la mission irlandaise\u00a0\u00bb, dans <em>Irish communities in early-modern Europe<\/em>, Thomas O\u2019Connor, Mary Ann Lyons ed., Dublin, Four Courts Press, 2006, p. 69-84.<\/p>\n<p>Fert\u00e9 (Patrick)\u00a0: <em>\u00ab\u00a0<\/em>Prosopography of Irish clerics in the Universities of Paris and Toulouse, 1573-1792\u00a0\u00bb, <em>Archivium Hibernicum<\/em> (Maynooth, The Catholic Historical Society of Ireland), LVIII, 2004, p. 7-166.<\/p>\n<p>Fert\u00e9 (Patrick)\u00a0: \u00ab\u00a0Les \u00c9tudiants catalans \u00e0 l\u2019universit\u00e9 de Toulouse du 13<sup>e<\/sup> au 18<sup>e<\/sup> si\u00e8cle\u00a0\u00bb, dans<em> Aulas y saberes<\/em>, <em>VI Congreso Internacional de Historia de las universidades hisp\u00e1nicas<\/em>, Val\u00e8ncia, Universitat de Val\u00e8ncia, 2003, vol. I, p. 397-413.<\/p>\n<p>Fert\u00e9 (Patrick)\u00a0: \u00ab\u00a0Toulouse et son universit\u00e9, relais de la Renaissance entre Espagne\u00a0et Italie\u00a0(1430-1550)\u00a0\u00bb, dans<em> Les \u00c9changes entre les universit\u00e9s europ\u00e9ennes \u00e0 la Renaissance,<\/em> Actes du Colloque international organis\u00e9 par la Soci\u00e9t\u00e9 Fran\u00e7aise d\u2019\u00c9tude du xvi<sup>e<\/sup> si\u00e8cle et l\u2019Association Renaissance-Humanisme-R\u00e9forme, Valence, 15-18 mai 2002, p. p. M. Bideaux et M.-M. Fragonard, Gen\u00e8ve, Droz, 2003, pp. 217-230.<\/p>\n<p>Fert\u00e9 (Patrick)\u00a0: \u00ab\u00a0Dos migraciones estudiantiles desconocidas\u00a0: Toulouse y Avi\u00f1on, universidades de recambio para Catalanes y Menorquines (siglo xviii)\u00a0\u00bb dans <em>Colegios y Universidades. Del antiguo r\u00e9gimen al liberalismo<\/em> (E. Gonz\u00e1les Gonz\u00e1les, L. P\u00e9rez Puente coord.), C.E.S.U., U.N.A.M, M\u00e9xico, 2001, vol. I, p. 285-303.<\/p>\n<p>Fert\u00e9 (Patrick)\u00a0: \u00ab\u00a0La <em>natio hisp\u00e1nica<\/em> en Toulouse\u00a0: para una prosopograf\u00eda de los estudiantes espa\u00f1oles en Toulouse en los siglos xvii y xviii\u00a0\u00bb dans <em>Historia de la Educaci\u00f3n. Revista universitaria<\/em>, Salamanca, n\u00fam.19- 2000, p. 373-412.<\/p>\n<p>Fert\u00e9 (Patrick)\u00a0: \u00ab\u00a0Les \u00e9tudiants de Comminges\u00a0aux XVII<sup>e<\/sup> et XVIII<sup>e<\/sup> si\u00e8cles. Approche statistique\u00a0\u00bb, dans Actes du Congr\u00e8s de la F\u00e9d\u00e9ration des Soci\u00e9t\u00e9s Acad\u00e9miques et Savantes Pyr\u00e9n\u00e9es-Languedoc (St-Gaudens, juin 1999), <em>Les Hommes et leur patrimoine en Comminges. Identit\u00e9s, espaces, cultures, am\u00e9nagement du territoire<\/em>, Saint-Gaudens, Soci\u00e9t\u00e9 des \u00c9tudes de Comminges, 2000, p. 105-120.<\/p>\n<p>Fert\u00e9 (Patrick) et Brockliss (Laurence W. B.)\u00a0: \u00ab\u00a0Irish clerics in France in the seventeenth and eighteenth centuries\u00a0: a statistical study\u00a0\u00bb, <em>Proceedings of the Royal Irish Academy<\/em>, section C, vol 87, C9, Dublin, 1987, p. 527-572.<\/p>\n<p>Fert\u00e9 (Patrick)\u00a0: \u00ab\u00a0\u00c9tudiants du dioc\u00e8se de Tarbes\u00a0\u00e0 l\u2019universit\u00e9 de Toulouse de 1679 \u00e0 1788\u00a0\u00bb, <em>Tarbes et la Bigorre<\/em><em>, Actes du Congr\u00e8s de la FSS Languedoc-Pyr\u00e9n\u00e9es-Gascogne<\/em>, Tarbes, Soc. Acad. des Hautes-Pyr\u00e9n\u00e9es, 1978, p. 135-143.<\/p>\n<p><strong>Projet en cours<\/strong><\/p>\n<p><a href=\"http:\/\/blogs.univ-jfc.fr\/universitas\/projets-en-cours\/projet-studium\/\">Projet Studium.<\/a><\/p>\n","protected":false},"excerpt":{"rendered":"<p>Ma\u00eetre de conf\u00e9rences \u00e9m\u00e9rite \u00e0 l&rsquo;universit\u00e9 de Toulouse Jean Jaur\u00e8s, membre du laboratoire Framespa, \u00e9quipe Studium. Courriel : pat.ferte@orange.fr Direction d&rsquo;ouvrages Caroline Barrera et Patrick Fert\u00e9 (dir.), Histoire de l\u2019universit\u00e9 de Toulouse, Portet-sur-Garonne, Editions midi-pyr\u00e9n\u00e9ennes et Universit\u00e9 f\u00e9d\u00e9rale de Toulouse-Midi-Pyr\u00e9n\u00e9es, dec. 2019, vol. 1 (Moyen-Age), Vol. 2 (\u00e9poque moderne) et vol. 3 (\u00e9poque contemporaine). Ouvrages &hellip; <a href=\"https:\/\/blogs.univ-jfc.fr\/universitas\/chercheur-es\/ferte-patrick\/\" class=\"more-link\">Continuer la lecture de <span class=\"screen-reader-text\">FERTE PATRICK<\/span> <span class=\"meta-nav\">&rarr;<\/span><\/a><\/p>\n","protected":false},"author":19,"featured_media":0,"parent":20,"menu_order":2,"comment_status":"closed","ping_status":"closed","template":"","meta":[],"_links":{"self":[{"href":"https:\/\/blogs.univ-jfc.fr\/universitas\/wp-json\/wp\/v2\/pages\/81"}],"collection":[{"href":"https:\/\/blogs.univ-jfc.fr\/universitas\/wp-json\/wp\/v2\/pages"}],"about":[{"href":"https:\/\/blogs.univ-jfc.fr\/universitas\/wp-json\/wp\/v2\/types\/page"}],"author":[{"embeddable":true,"href":"https:\/\/blogs.univ-jfc.fr\/universitas\/wp-json\/wp\/v2\/users\/19"}],"replies":[{"embeddable":true,"href":"https:\/\/blogs.univ-jfc.fr\/universitas\/wp-json\/wp\/v2\/comments?post=81"}],"version-history":[{"count":19,"href":"https:\/\/blogs.univ-jfc.fr\/universitas\/wp-json\/wp\/v2\/pages\/81\/revisions"}],"predecessor-version":[{"id":2015,"href":"https:\/\/blogs.univ-jfc.fr\/universitas\/wp-json\/wp\/v2\/pages\/81\/revisions\/2015"}],"up":[{"embeddable":true,"href":"https:\/\/blogs.univ-jfc.fr\/universitas\/wp-json\/wp\/v2\/pages\/20"}],"wp:attachment":[{"href":"https:\/\/blogs.univ-jfc.fr\/universitas\/wp-json\/wp\/v2\/media?parent=81"}],"curies":[{"name":"wp","href":"https:\/\/api.w.org\/{rel}","templated":true}]}}