{"id":865,"date":"2019-03-14T05:34:29","date_gmt":"2019-03-14T04:34:29","guid":{"rendered":"http:\/\/blogs.univ-jfc.fr\/universitas\/?page_id=865"},"modified":"2025-05-16T16:09:39","modified_gmt":"2025-05-16T14:09:39","slug":"en-deux-mots-etablissements-labos-equipes","status":"publish","type":"page","link":"https:\/\/blogs.univ-jfc.fr\/universitas\/en-deux-mots-etablissements-labos-equipes\/","title":{"rendered":"S\u00c9MINAIRE UNIVERSITAS  2025-2026"},"content":{"rendered":"\n<h4><span style=\"color:#e6335a\" class=\"has-inline-color\">24 octobre 2025 \u2013 14h-16h : Steffy le Foll : La fondation du LAAS : du Laboratoire de G\u00e9nie \u00e9lectrique au Laboratoire d\u2019automatique et de ses applications spatiales<\/span><span style=\"color:#a3006f\" class=\"has-inline-color\"> <\/span><\/h4>\n\n\n\n<h6>Biblioth\u00e8que d&rsquo;\u00e9tudes m\u00e9ridionales, 56 rue du Taur<\/h6>\n\n\n\n<h4><span style=\"color:#e6335a\" class=\"has-inline-color\">28 novembre 2025 \u2013 14h-16h &#8211; Fran\u00e7ois Charru : La fondation de l&rsquo;institut \u00e9lectrotechnique de Toulouse <\/span><\/h4>\n\n\n\n<h6>Biblioth\u00e8que d&rsquo;\u00e9tudes m\u00e9ridionales, 56 rue du Taur<\/h6>\n\n\n\n<h4><span style=\"color:#e6335a\" class=\"has-inline-color\">23 janvier 2026 \u2013 14h-16h &#8211; Pauline Collet &#8211; <strong>La fondation du campus de la facult\u00e9 des sciences de Toulouse \u00e0 Rangueil : un \u00ab\u00a0projet pilote\u00a0\u00bb<\/strong><\/span> <span style=\"color:#7100a3\" class=\"has-inline-color\">[En distantiel]<\/span><\/h4>\n\n\n\n<p>Demander le lien Zoom \u00e0 caroline.barrera@univ-jfc.fr<\/p>\n\n\n\n<h4><span style=\"color:#e6335a\" class=\"has-inline-color\">13 mars 2026 \u2013 14h-16h &#8211; Serge Vaucelle &#8211; <strong>la fondation de l&rsquo;Institut r\u00e9gional d&rsquo;\u00e9ducation physique et sportive de Toulouse en 1929.<\/strong><\/span> <\/h4>\n\n\n\n<h6>Biblioth\u00e8que d\u2019\u00e9tudes m\u00e9ridionales, 56 rue du Taur, Toulouse : 14h-16h<\/h6>\n\n\n\n<p><\/p>\n","protected":false},"excerpt":{"rendered":"<p>24 octobre 2025 \u2013 14h-16h : Steffy le Foll : La fondation du LAAS : du Laboratoire de G\u00e9nie \u00e9lectrique au Laboratoire d\u2019automatique et de ses applications spatiales Biblioth\u00e8que d&rsquo;\u00e9tudes m\u00e9ridionales, 56 rue du Taur 28 novembre 2025 \u2013 14h-16h &#8211; Fran\u00e7ois Charru : La fondation de l&rsquo;institut \u00e9lectrotechnique de Toulouse Biblioth\u00e8que d&rsquo;\u00e9tudes m\u00e9ridionales, 56 &hellip; <a href=\"https:\/\/blogs.univ-jfc.fr\/universitas\/en-deux-mots-etablissements-labos-equipes\/\" class=\"more-link\">Continuer la lecture de <span class=\"screen-reader-text\">S\u00c9MINAIRE UNIVERSITAS  2025-2026<\/span> <span class=\"meta-nav\">&rarr;<\/span><\/a><\/p>\n","protected":false},"author":19,"featured_media":0,"parent":0,"menu_order":0,"comment_status":"closed","ping_status":"closed","template":"","meta":[],"_links":{"self":[{"href":"https:\/\/blogs.univ-jfc.fr\/universitas\/wp-json\/wp\/v2\/pages\/865"}],"collection":[{"href":"https:\/\/blogs.univ-jfc.fr\/universitas\/wp-json\/wp\/v2\/pages"}],"about":[{"href":"https:\/\/blogs.univ-jfc.fr\/universitas\/wp-json\/wp\/v2\/types\/page"}],"author":[{"embeddable":true,"href":"https:\/\/blogs.univ-jfc.fr\/universitas\/wp-json\/wp\/v2\/users\/19"}],"replies":[{"embeddable":true,"href":"https:\/\/blogs.univ-jfc.fr\/universitas\/wp-json\/wp\/v2\/comments?post=865"}],"version-history":[{"count":43,"href":"https:\/\/blogs.univ-jfc.fr\/universitas\/wp-json\/wp\/v2\/pages\/865\/revisions"}],"predecessor-version":[{"id":3194,"href":"https:\/\/blogs.univ-jfc.fr\/universitas\/wp-json\/wp\/v2\/pages\/865\/revisions\/3194"}],"wp:attachment":[{"href":"https:\/\/blogs.univ-jfc.fr\/universitas\/wp-json\/wp\/v2\/media?parent=865"}],"curies":[{"name":"wp","href":"https:\/\/api.w.org\/{rel}","templated":true}]}}