{"id":874,"date":"2019-03-14T05:50:17","date_gmt":"2019-03-14T04:50:17","guid":{"rendered":"http:\/\/blogs.univ-jfc.fr\/universitas\/?page_id=874"},"modified":"2019-06-21T07:56:46","modified_gmt":"2019-06-21T05:56:46","slug":"contacts","status":"publish","type":"page","link":"https:\/\/blogs.univ-jfc.fr\/universitas\/contacts\/","title":{"rendered":"Contacts"},"content":{"rendered":"<p>&nbsp;<\/p>\n<p><strong>POUR CONTRIBUER AU BLOG UNIVERSITAS<\/strong> :\u00a0 Caroline Barrera : caroline.barrera@univ-jfc.fr<\/p>\n<p><strong>ARCHIVES UNIVERSITAIRES<br \/>\n<\/strong><\/p>\n<p style=\"text-align: center\"><strong>Archives du Rectorat<\/strong><\/p>\n<p style=\"text-align: left\">Responsable de la Cellule Archives de l&rsquo;Acad\u00e9mie de Toulouse : H\u00e9l\u00e8ne Gay :\u00a0 05 36 25 75 42 \/ <span class=\"GCSDBRWBBQC\"><a class=\"GCSDBRWBAVB\"><span class=\"GCSDBRWBDPC\">helene.gay@ac-toulouse.fr<br \/>\n<\/span><\/a><\/span><\/p>\n<p style=\"text-align: center\"><strong>Universit\u00e9 Toulouse\u00a0 1 Capitole<br \/>\n<\/strong><\/p>\n<p>Charg\u00e9 de <a href=\"http:\/\/www.ut-capitole.fr\/universite\/gouvernance\/services-administratifs-et-techniques\/mission-archives-384396.kjsp?RH=INTERNET_FR\">mission archives et patrimoine<\/a> de l\u2019universit\u00e9 Toulouse 1 Capitole : Philippe Delvit :\u00a0 <a>Philippe.Delvit@ut-capitole.fr<\/a><\/p>\n<p>Responsable de la Mission Archives de l&rsquo;Universit\u00e9 Toulouse 1 Capitole : Anne Fernandez : <a>Anne.Fernandez@ut-capitole.fr<\/a> \/ 05 61 63 36 60<\/p>\n<div class=\"motif__contenu\"><a href=\"http:\/\/www.ut-capitole.fr\/universite\/gouvernance\/services-administratifs-et-techniques\/mission-archives-384396.kjsp?RH=INTERNET_FR\">Voir le site de la Mission Archives<\/a><\/div>\n<div class=\"motif__contenu\"><\/div>\n<p style=\"text-align: center\"><strong>Universit\u00e9 Toulouse\u00a0 Jean Jaur\u00e8s<\/strong><\/p>\n<p>Responsable du Service Archives de l&rsquo;Universit\u00e9 Toulouse Jean Jaur\u00e8s : Bernadette Henny-Schemid : <a>bernadette.henny-schemid@univ-lse2.fr \/\u00a0 <\/a>05 61 50 39 51<\/p>\n<p>Localisation : bureau MP 013 &#8211; UFR de Psychologie B\u00e2timent Philippe Malrieux RDC &#8211; Universit\u00e9 de Toulouse Jean Jaur\u00e8s &#8211; 5, all\u00e9es Antonio Machado &#8211; 31 058 Toulouse Cedex.<\/p>\n<p style=\"text-align: center\"><strong>Archives du SICD &#8211; Patrimoine \u00e9crit<\/strong><\/p>\n<p>Pour les archives de l&rsquo;universit\u00e9 jusqu&rsquo;au d\u00e9but du XIXe si\u00e8cle et les archives du rectorat , 1re moiti\u00e9 du XIXe si\u00e8cle, qui sont conserv\u00e9es \u00e0 la BU de l&rsquo;Arsenal :<\/p>\n<p>Marielle Mouranche, responsable des fonds anciens : <span class=\"GCSDBRWBKPC\"><span class=\"GCSDBRWBDPC\">marielle.mouranche@univ-toulouse.fr \/ <\/span><span class=\"GCSDBRWBDPC\">05 61 14 58 53<\/span><\/span><\/p>\n","protected":false},"excerpt":{"rendered":"<p>&nbsp; POUR CONTRIBUER AU BLOG UNIVERSITAS :\u00a0 Caroline Barrera : caroline.barrera@univ-jfc.fr ARCHIVES UNIVERSITAIRES Archives du Rectorat Responsable de la Cellule Archives de l&rsquo;Acad\u00e9mie de Toulouse : H\u00e9l\u00e8ne Gay :\u00a0 05 36 25 75 42 \/ helene.gay@ac-toulouse.fr Universit\u00e9 Toulouse\u00a0 1 Capitole Charg\u00e9 de mission archives et patrimoine de l\u2019universit\u00e9 Toulouse 1 Capitole : Philippe Delvit :\u00a0 &hellip; <a href=\"https:\/\/blogs.univ-jfc.fr\/universitas\/contacts\/\" class=\"more-link\">Continuer la lecture de <span class=\"screen-reader-text\">Contacts<\/span> <span class=\"meta-nav\">&rarr;<\/span><\/a><\/p>\n","protected":false},"author":19,"featured_media":0,"parent":0,"menu_order":10,"comment_status":"closed","ping_status":"closed","template":"","meta":[],"_links":{"self":[{"href":"https:\/\/blogs.univ-jfc.fr\/universitas\/wp-json\/wp\/v2\/pages\/874"}],"collection":[{"href":"https:\/\/blogs.univ-jfc.fr\/universitas\/wp-json\/wp\/v2\/pages"}],"about":[{"href":"https:\/\/blogs.univ-jfc.fr\/universitas\/wp-json\/wp\/v2\/types\/page"}],"author":[{"embeddable":true,"href":"https:\/\/blogs.univ-jfc.fr\/universitas\/wp-json\/wp\/v2\/users\/19"}],"replies":[{"embeddable":true,"href":"https:\/\/blogs.univ-jfc.fr\/universitas\/wp-json\/wp\/v2\/comments?post=874"}],"version-history":[{"count":11,"href":"https:\/\/blogs.univ-jfc.fr\/universitas\/wp-json\/wp\/v2\/pages\/874\/revisions"}],"predecessor-version":[{"id":1848,"href":"https:\/\/blogs.univ-jfc.fr\/universitas\/wp-json\/wp\/v2\/pages\/874\/revisions\/1848"}],"wp:attachment":[{"href":"https:\/\/blogs.univ-jfc.fr\/universitas\/wp-json\/wp\/v2\/media?parent=874"}],"curies":[{"name":"wp","href":"https:\/\/api.w.org\/{rel}","templated":true}]}}