{"id":885,"date":"2019-03-14T06:08:33","date_gmt":"2019-03-14T05:08:33","guid":{"rendered":"http:\/\/blogs.univ-jfc.fr\/universitas\/?page_id=885"},"modified":"2025-09-16T05:18:55","modified_gmt":"2025-09-16T03:18:55","slug":"projet-pastel","status":"publish","type":"page","link":"https:\/\/blogs.univ-jfc.fr\/universitas\/projets-en-cours\/projet-pastel\/","title":{"rendered":"Projet SET \u00ab\u00a0Des savants et des textes\u00a0\u00bb"},"content":{"rendered":"<h6>Le projet SET, \u00ab\u00a0Des savants et des textes\u00a0\u00bb, b\u00e9n\u00e9ficie d&rsquo;un financement TIRIS. Il a pour objectif de mettre en ligne un <em>Dictionnaire des universitaires toulousains 1808-1955<\/em>\u00a0 qui comprendra au moins 700 notices. Pour une partie des universitaires, il sera propos\u00e9 un acc\u00e8s direct \u00e0 une partie de leurs textes savants num\u00e9ris\u00e9s, une analyse de leur production scientifique et une connexion avec les objets et collections scientifiques.<\/h6>\n<h5>Il est pilot\u00e9 par\u00a0 Caroline Barrera (INUC-Framespa), Fran\u00e7ois Charru (UPS-IMFT), Emmanuelle Ashta (SICD) et Fr\u00e9d\u00e9rique Laval (SICD).<\/h5>\n","protected":false},"excerpt":{"rendered":"<p>Le projet SET, \u00ab\u00a0Des savants et des textes\u00a0\u00bb, b\u00e9n\u00e9ficie d&rsquo;un financement TIRIS. Il a pour objectif de mettre en ligne un Dictionnaire des universitaires toulousains 1808-1955\u00a0 qui comprendra au moins 700 notices. Pour une partie des universitaires, il sera propos\u00e9 un acc\u00e8s direct \u00e0 une partie de leurs textes savants num\u00e9ris\u00e9s, une analyse de leur &hellip; <a href=\"https:\/\/blogs.univ-jfc.fr\/universitas\/projets-en-cours\/projet-pastel\/\" class=\"more-link\">Continuer la lecture de <span class=\"screen-reader-text\">Projet SET \u00ab\u00a0Des savants et des textes\u00a0\u00bb<\/span> <span class=\"meta-nav\">&rarr;<\/span><\/a><\/p>\n","protected":false},"author":19,"featured_media":0,"parent":882,"menu_order":1,"comment_status":"closed","ping_status":"closed","template":"","meta":[],"_links":{"self":[{"href":"https:\/\/blogs.univ-jfc.fr\/universitas\/wp-json\/wp\/v2\/pages\/885"}],"collection":[{"href":"https:\/\/blogs.univ-jfc.fr\/universitas\/wp-json\/wp\/v2\/pages"}],"about":[{"href":"https:\/\/blogs.univ-jfc.fr\/universitas\/wp-json\/wp\/v2\/types\/page"}],"author":[{"embeddable":true,"href":"https:\/\/blogs.univ-jfc.fr\/universitas\/wp-json\/wp\/v2\/users\/19"}],"replies":[{"embeddable":true,"href":"https:\/\/blogs.univ-jfc.fr\/universitas\/wp-json\/wp\/v2\/comments?post=885"}],"version-history":[{"count":4,"href":"https:\/\/blogs.univ-jfc.fr\/universitas\/wp-json\/wp\/v2\/pages\/885\/revisions"}],"predecessor-version":[{"id":3208,"href":"https:\/\/blogs.univ-jfc.fr\/universitas\/wp-json\/wp\/v2\/pages\/885\/revisions\/3208"}],"up":[{"embeddable":true,"href":"https:\/\/blogs.univ-jfc.fr\/universitas\/wp-json\/wp\/v2\/pages\/882"}],"wp:attachment":[{"href":"https:\/\/blogs.univ-jfc.fr\/universitas\/wp-json\/wp\/v2\/media?parent=885"}],"curies":[{"name":"wp","href":"https:\/\/api.w.org\/{rel}","templated":true}]}}