{"id":1069,"date":"2017-03-02T10:18:37","date_gmt":"2017-03-02T09:18:37","guid":{"rendered":"http:\/\/blogs.univ-jfc.fr\/vigneetvin\/?page_id=1069"},"modified":"2017-04-19T20:22:11","modified_gmt":"2017-04-19T19:22:11","slug":"le-bio-lavenir-de-la-viticulture","status":"publish","type":"page","link":"https:\/\/blogs.univ-jfc.fr\/vigneetvin\/la-culture-de-la-vigne\/un-ecosysteme-fragile\/les-produits-phytosanitaires-en-debat-depuis-les-annees-1960\/le-bio-lavenir-de-la-viticulture\/","title":{"rendered":"Le bio, l&rsquo;avenir de la viticulture ?"},"content":{"rendered":"<p style=\"text-align: justify\">Suite aux nombreuses critiques que rencontrent les produits phytosanitaires, la viticulture biologique se pr\u00e9sente comme une alternative plus saine et respectueuse de l&rsquo;environnement.<\/p>\n<figure id=\"attachment_4664\" aria-describedby=\"caption-attachment-4664\" style=\"width: 355px\" class=\"wp-caption alignright\"><a href=\"http:\/\/blogs.univ-jfc.fr\/vigneetvin\/wp-content\/uploads\/sites\/56\/2017\/03\/vin-bio-.jpg\"><img loading=\"lazy\" class=\" wp-image-4664\" src=\"http:\/\/blogs.univ-jfc.fr\/vigneetvin\/wp-content\/uploads\/sites\/56\/2017\/03\/vin-bio--285x300.jpg\" alt=\"\" width=\"355\" height=\"374\" srcset=\"https:\/\/blogs.univ-jfc.fr\/vigneetvin\/wp-content\/uploads\/sites\/56\/2017\/03\/vin-bio--285x300.jpg 285w, https:\/\/blogs.univ-jfc.fr\/vigneetvin\/wp-content\/uploads\/sites\/56\/2017\/03\/vin-bio--768x808.jpg 768w, https:\/\/blogs.univ-jfc.fr\/vigneetvin\/wp-content\/uploads\/sites\/56\/2017\/03\/vin-bio-.jpg 810w\" sizes=\"(max-width: 355px) 100vw, 355px\" \/><\/a><figcaption id=\"caption-attachment-4664\" class=\"wp-caption-text\">Photo Andr\u00e9a Campagne &#8211; Vin issu de l&rsquo;agriculture biologique<\/figcaption><\/figure>\n<p style=\"text-align: justify\">La <a href=\"http:\/\/blogs.univ-jfc.fr\/vigneetvin\/la-culture-de-la-vigne\/un-ecosysteme-fragile\/les-produits-phytosanitaires-en-debat-depuis-les-annees-1960\/le-bio-lavenir-de-la-viticulture\/la-genese-et-le-developpement-du-bio\/\">viticulture biologique<\/a> est un syst\u00e8me de production viticole bas\u00e9 sur le respect de l&rsquo;\u00e9cosyst\u00e8me ainsi que de la sant\u00e9 humaine et animale. <a href=\"http:\/\/eur-lex.europa.eu\/LexUriServ\/LexUriServ.do?uri=OJ:L:2007:189:0001:0023:FR:PDF\">La production agricole biologique<\/a> a pour principe de privil\u00e9gier la qualit\u00e9 \u00e0 la quantit\u00e9 et de proscrire les intrants chimiques ainsi que les organismes g\u00e9n\u00e9tiquement modifi\u00e9s.<\/p>\n<p>&nbsp;<\/p>\n<p style=\"text-align: justify\">Cependant, la viticulture biologique comporte des <a href=\"http:\/\/blogs.univ-jfc.fr\/vigneetvin\/la-culture-de-la-vigne\/un-ecosysteme-fragile\/les-produits-phytosanitaires-en-debat-depuis-les-annees-1960\/le-bio-lavenir-de-la-viticulture\/les-limites-de-la-viticulture-biologique\/\">limites<\/a>.<\/p>\n","protected":false},"excerpt":{"rendered":"<p>Suite aux nombreuses critiques que rencontrent les produits phytosanitaires, la viticulture biologique se pr\u00e9sente comme une alternative plus saine et respectueuse de l&rsquo;environnement. La viticulture biologique est un syst\u00e8me de production viticole bas\u00e9 sur le respect de l&rsquo;\u00e9cosyst\u00e8me ainsi que de la sant\u00e9 humaine et animale. La production agricole biologique a pour principe de privil\u00e9gier &hellip; <a href=\"https:\/\/blogs.univ-jfc.fr\/vigneetvin\/la-culture-de-la-vigne\/un-ecosysteme-fragile\/les-produits-phytosanitaires-en-debat-depuis-les-annees-1960\/le-bio-lavenir-de-la-viticulture\/\" class=\"more-link\">Continuer la lecture de <span class=\"screen-reader-text\">Le bio, l&rsquo;avenir de la viticulture ?<\/span> <span class=\"meta-nav\">&rarr;<\/span><\/a><\/p>\n","protected":false},"author":272,"featured_media":0,"parent":99,"menu_order":0,"comment_status":"closed","ping_status":"closed","template":"","meta":[],"_links":{"self":[{"href":"https:\/\/blogs.univ-jfc.fr\/vigneetvin\/wp-json\/wp\/v2\/pages\/1069"}],"collection":[{"href":"https:\/\/blogs.univ-jfc.fr\/vigneetvin\/wp-json\/wp\/v2\/pages"}],"about":[{"href":"https:\/\/blogs.univ-jfc.fr\/vigneetvin\/wp-json\/wp\/v2\/types\/page"}],"author":[{"embeddable":true,"href":"https:\/\/blogs.univ-jfc.fr\/vigneetvin\/wp-json\/wp\/v2\/users\/272"}],"replies":[{"embeddable":true,"href":"https:\/\/blogs.univ-jfc.fr\/vigneetvin\/wp-json\/wp\/v2\/comments?post=1069"}],"version-history":[{"count":16,"href":"https:\/\/blogs.univ-jfc.fr\/vigneetvin\/wp-json\/wp\/v2\/pages\/1069\/revisions"}],"predecessor-version":[{"id":5087,"href":"https:\/\/blogs.univ-jfc.fr\/vigneetvin\/wp-json\/wp\/v2\/pages\/1069\/revisions\/5087"}],"up":[{"embeddable":true,"href":"https:\/\/blogs.univ-jfc.fr\/vigneetvin\/wp-json\/wp\/v2\/pages\/99"}],"wp:attachment":[{"href":"https:\/\/blogs.univ-jfc.fr\/vigneetvin\/wp-json\/wp\/v2\/media?parent=1069"}],"curies":[{"name":"wp","href":"https:\/\/api.w.org\/{rel}","templated":true}]}}