{"id":1675,"date":"2017-03-09T09:51:01","date_gmt":"2017-03-09T08:51:01","guid":{"rendered":"http:\/\/blogs.univ-jfc.fr\/vigneetvin\/?page_id=1675"},"modified":"2017-03-10T10:10:28","modified_gmt":"2017-03-10T09:10:28","slug":"apoplexie","status":"publish","type":"page","link":"https:\/\/blogs.univ-jfc.fr\/vigneetvin\/usages-et-consommation-du-vin-une-approche-periodique\/le-haut-moyen-age-vie-xe-siecle\/le-vin-a-egalement-un-usage-medicinal\/apoplexie\/","title":{"rendered":"Apoplexie"},"content":{"rendered":"<p align=\"justify\">Destruction des cellules de l&rsquo;organisme, ne s&rsquo;accompagnant pas d&rsquo;une obstruction du syst\u00e8me art\u00e9riel ou veineux. Elle entra\u00eene une suspension des fonctions vitales de l&rsquo;organisme, amenant le sujet \u00e0 un \u00e9tat v\u00e9g\u00e9tatif.<\/p>\n","protected":false},"excerpt":{"rendered":"<p>Destruction des cellules de l&rsquo;organisme, ne s&rsquo;accompagnant pas d&rsquo;une obstruction du syst\u00e8me art\u00e9riel ou veineux. Elle entra\u00eene une suspension des fonctions vitales de l&rsquo;organisme, amenant le sujet \u00e0 un \u00e9tat v\u00e9g\u00e9tatif.<\/p>\n","protected":false},"author":285,"featured_media":0,"parent":1633,"menu_order":1,"comment_status":"closed","ping_status":"closed","template":"","meta":[],"_links":{"self":[{"href":"https:\/\/blogs.univ-jfc.fr\/vigneetvin\/wp-json\/wp\/v2\/pages\/1675"}],"collection":[{"href":"https:\/\/blogs.univ-jfc.fr\/vigneetvin\/wp-json\/wp\/v2\/pages"}],"about":[{"href":"https:\/\/blogs.univ-jfc.fr\/vigneetvin\/wp-json\/wp\/v2\/types\/page"}],"author":[{"embeddable":true,"href":"https:\/\/blogs.univ-jfc.fr\/vigneetvin\/wp-json\/wp\/v2\/users\/285"}],"replies":[{"embeddable":true,"href":"https:\/\/blogs.univ-jfc.fr\/vigneetvin\/wp-json\/wp\/v2\/comments?post=1675"}],"version-history":[{"count":3,"href":"https:\/\/blogs.univ-jfc.fr\/vigneetvin\/wp-json\/wp\/v2\/pages\/1675\/revisions"}],"predecessor-version":[{"id":1874,"href":"https:\/\/blogs.univ-jfc.fr\/vigneetvin\/wp-json\/wp\/v2\/pages\/1675\/revisions\/1874"}],"up":[{"embeddable":true,"href":"https:\/\/blogs.univ-jfc.fr\/vigneetvin\/wp-json\/wp\/v2\/pages\/1633"}],"wp:attachment":[{"href":"https:\/\/blogs.univ-jfc.fr\/vigneetvin\/wp-json\/wp\/v2\/media?parent=1675"}],"curies":[{"name":"wp","href":"https:\/\/api.w.org\/{rel}","templated":true}]}}