{"id":176,"date":"2017-01-26T10:21:26","date_gmt":"2017-01-26T09:21:26","guid":{"rendered":"http:\/\/blogs.univ-jfc.fr\/vigneetvin\/?page_id=176"},"modified":"2017-03-06T12:21:45","modified_gmt":"2017-03-06T11:21:45","slug":"la-commercialisation-du-vin-de-gaillac","status":"publish","type":"page","link":"https:\/\/blogs.univ-jfc.fr\/vigneetvin\/gaillac-et-le-vin\/une-histoire-du-vignoble-gaillacois\/leconomie-seculaire-du-vignoble-de-gaillac-aux-epoques-antiques-et-medievales\/la-commercialisation-du-vin-de-gaillac\/","title":{"rendered":"Le vin de Gaillac et sa commercialisation"},"content":{"rendered":"<p align=\"justify\">Le vin de Gaillac s\u2019exporte en Europe d\u00e8s l\u2019Antiquit\u00e9, ph\u00e9nom\u00e8ne qui se poursuit et s\u2019intensifie au Moyen \u00c2ge. Du lieu de production aux lieux de consommation le vin est transport\u00e9, nous verrons donc comment celui-ci est <a href=\"http:\/\/blogs.univ-jfc.fr\/vigneetvin\/gaillac-et-le-vin\/une-histoire-du-vignoble-gaillacois\/leconomie-seculaire-du-vignoble-de-gaillac-aux-epoques-antiques-et-medievales\/la-commercialisation-du-vin-de-gaillac\/comment-transporte-t-on-le-vin\/\">achemin\u00e9<\/a> dans un premier temps. Nous verrons ensuite les <a href=\"http:\/\/blogs.univ-jfc.fr\/vigneetvin\/gaillac-et-le-vin\/une-histoire-du-vignoble-gaillacois\/leconomie-seculaire-du-vignoble-de-gaillac-aux-epoques-antiques-et-medievales\/la-commercialisation-du-vin-de-gaillac\/les-circuits-commerciaux-nationaux-et-internationaux\/\">routes commerciales nationales et internationales<\/a> emprunt\u00e9es pour rejoindre les lieux de consommation ou encore d\u2019exportation. Tout ce commerce met en relation de <a href=\"http:\/\/blogs.univ-jfc.fr\/vigneetvin\/gaillac-et-le-vin\/une-histoire-du-vignoble-gaillacois\/leconomie-seculaire-du-vignoble-de-gaillac-aux-epoques-antiques-et-medievales\/la-commercialisation-du-vin-de-gaillac\/les-acteurs-de-cette-economie\/\">multiples acteurs<\/a>, ce que nous verrons dans un dernier temps.<\/p>\n<p align=\"justify\">\n<p align=\"justify\"><a href=\"http:\/\/blogs.univ-jfc.fr\/vigneetvin\/gaillac-et-le-vin\/une-histoire-du-vignoble-gaillacois\/leconomie-seculaire-du-vignoble-de-gaillac-aux-epoques-antiques-et-medievales\/\">Revenir \u00e0 la page pr\u00e9c\u00e9dente<\/a><\/p>\n","protected":false},"excerpt":{"rendered":"<p>Le vin de Gaillac s\u2019exporte en Europe d\u00e8s l\u2019Antiquit\u00e9, ph\u00e9nom\u00e8ne qui se poursuit et s\u2019intensifie au Moyen \u00c2ge. Du lieu de production aux lieux de consommation le vin est transport\u00e9, nous verrons donc comment celui-ci est achemin\u00e9 dans un premier temps. Nous verrons ensuite les routes commerciales nationales et internationales emprunt\u00e9es pour rejoindre les lieux &hellip; <a href=\"https:\/\/blogs.univ-jfc.fr\/vigneetvin\/gaillac-et-le-vin\/une-histoire-du-vignoble-gaillacois\/leconomie-seculaire-du-vignoble-de-gaillac-aux-epoques-antiques-et-medievales\/la-commercialisation-du-vin-de-gaillac\/\" class=\"more-link\">Continuer la lecture de <span class=\"screen-reader-text\">Le vin de Gaillac et sa commercialisation<\/span> <span class=\"meta-nav\">&rarr;<\/span><\/a><\/p>\n","protected":false},"author":189,"featured_media":0,"parent":158,"menu_order":3,"comment_status":"closed","ping_status":"closed","template":"","meta":[],"_links":{"self":[{"href":"https:\/\/blogs.univ-jfc.fr\/vigneetvin\/wp-json\/wp\/v2\/pages\/176"}],"collection":[{"href":"https:\/\/blogs.univ-jfc.fr\/vigneetvin\/wp-json\/wp\/v2\/pages"}],"about":[{"href":"https:\/\/blogs.univ-jfc.fr\/vigneetvin\/wp-json\/wp\/v2\/types\/page"}],"author":[{"embeddable":true,"href":"https:\/\/blogs.univ-jfc.fr\/vigneetvin\/wp-json\/wp\/v2\/users\/189"}],"replies":[{"embeddable":true,"href":"https:\/\/blogs.univ-jfc.fr\/vigneetvin\/wp-json\/wp\/v2\/comments?post=176"}],"version-history":[{"count":7,"href":"https:\/\/blogs.univ-jfc.fr\/vigneetvin\/wp-json\/wp\/v2\/pages\/176\/revisions"}],"predecessor-version":[{"id":1443,"href":"https:\/\/blogs.univ-jfc.fr\/vigneetvin\/wp-json\/wp\/v2\/pages\/176\/revisions\/1443"}],"up":[{"embeddable":true,"href":"https:\/\/blogs.univ-jfc.fr\/vigneetvin\/wp-json\/wp\/v2\/pages\/158"}],"wp:attachment":[{"href":"https:\/\/blogs.univ-jfc.fr\/vigneetvin\/wp-json\/wp\/v2\/media?parent=176"}],"curies":[{"name":"wp","href":"https:\/\/api.w.org\/{rel}","templated":true}]}}

<p align="justify">Le vin de Gaillac s’exporte en Europe dès l’Antiquité, phénomène qui se poursuit et s’intensifie au Moyen Âge. Du lieu de production aux lieux de consommation le vin est transporté, nous verrons donc comment celui-ci est <a href="http://blogs.univ-jfc.fr/vigneetvin/gaillac-et-le-vin/une-histoire-du-vignoble-gaillacois/leconomie-seculaire-du-vignoble-de-gaillac-aux-epoques-antiques-et-medievales/la-commercialisation-du-vin-de-gaillac/comment-transporte-t-on-le-vin/">acheminé</a> dans un premier temps. Nous verrons ensuite les <a href="http://blogs.univ-jfc.fr/vigneetvin/gaillac-et-le-vin/une-histoire-du-vignoble-gaillacois/leconomie-seculaire-du-vignoble-de-gaillac-aux-epoques-antiques-et-medievales/la-commercialisation-du-vin-de-gaillac/les-circuits-commerciaux-nationaux-et-internationaux/">routes commerciales nationales et internationales</a> empruntées pour rejoindre les lieux de consommation ou encore d’exportation. Tout ce commerce met en relation de <a href="http://blogs.univ-jfc.fr/vigneetvin/gaillac-et-le-vin/une-histoire-du-vignoble-gaillacois/leconomie-seculaire-du-vignoble-de-gaillac-aux-epoques-antiques-et-medievales/la-commercialisation-du-vin-de-gaillac/les-acteurs-de-cette-economie/">multiples acteurs</a>, ce que nous verrons dans un dernier temps.</p>
<p align="justify">
<p align="justify"><a href="http://blogs.univ-jfc.fr/vigneetvin/gaillac-et-le-vin/une-histoire-du-vignoble-gaillacois/leconomie-seculaire-du-vignoble-de-gaillac-aux-epoques-antiques-et-medievales/">Revenir à la page précédente</a></p>

<p>Le vin de Gaillac s’exporte en Europe dès l’Antiquité, phénomène qui se poursuit et s’intensifie au Moyen Âge. Du lieu de production aux lieux de consommation le vin est transporté, nous verrons donc comment celui-ci est acheminé dans un premier temps. Nous verrons ensuite les routes commerciales nationales et internationales empruntées pour rejoindre les lieux &hellip; <a href="https://blogs.univ-jfc.fr/vigneetvin/gaillac-et-le-vin/une-histoire-du-vignoble-gaillacois/leconomie-seculaire-du-vignoble-de-gaillac-aux-epoques-antiques-et-medievales/la-commercialisation-du-vin-de-gaillac/" class="more-link">Continuer la lecture de <span class="screen-reader-text">Le vin de Gaillac et sa commercialisation</span> <span class="meta-nav">&rarr;</span></a></p>
