{"id":199,"date":"2017-02-02T23:58:00","date_gmt":"2017-02-02T22:58:00","guid":{"rendered":"http:\/\/blogs.univ-jfc.fr\/vigneetvin\/?page_id=199"},"modified":"2017-03-30T07:47:51","modified_gmt":"2017-03-30T06:47:51","slug":"reconstruction-sociale","status":"publish","type":"page","link":"https:\/\/blogs.univ-jfc.fr\/vigneetvin\/la-culture-de-la-vigne\/un-ecosysteme-fragile\/le-tournant-xixe-xxe-siecle\/la-crise-du-phylloxera\/reconstruction-sociale\/","title":{"rendered":"Reconstruction sociale"},"content":{"rendered":"<p style=\"text-align: justify\">La crise du phyllox\u00e9ra a entra\u00een\u00e9 un fort exode rural. En effet, de nombreux vignerons abandonnent leurs vignes pour trouver des emplois en ville dans des manufactures de m\u00e9tallurgie, papeterie, chaussures etc\u2026 Prenons l\u2019exemple de Yves Pautal, un vigneron gaillacois qui n\u2019avait pas assez d\u2019argent, et qui a \u00e9t\u00e9 oblig\u00e9 de partir \u00e0 la ville, ayant une trop petite propri\u00e9t\u00e9. Certains quitt\u00e8rent m\u00eame\u00a0la France pour les \u00c9tats-Unis, en particulier le Texas et la Californie, car ces \u00c9tats \u00e9taient \u00e0 la recherche de vignerons pr\u00eats \u00e0 s&rsquo;installer durablement dans le pays.<\/p>\n<p style=\"text-align: justify\">En 1907, alors que la reconstruction est en marche, une nouvelle crise \u00e9branle fortement le monde viticole. Elle trouve son origine dans les importations de vins d\u2019Alg\u00e9rie qui servaient \u00e0 couper les vins fran\u00e7ais, dont la qualit\u00e9 \u00e9tait fortement alt\u00e9r\u00e9e par la crise du phyllox\u00e9ra, et dans les nombreuses fraudes dues\u00a0\u00e0 la fabrication de vins artificiels qui fragilisent le march\u00e9. Cette situation va alors entra\u00eener une surproduction de vin fran\u00e7ais, qui va faire baisser le prix de vente et rapidement provoquer une crise \u00e9conomique et sociale. De nombreux vignerons se r\u00e9voltent et des manifestations ont lieu durant l&rsquo;ann\u00e9e 1907 (par exemple, \u00e0 Narbonne, le 5 mai, qui a regroup\u00e9 80 000 personnes).<\/p>\n<figure id=\"attachment_352\" aria-describedby=\"caption-attachment-352\" style=\"width: 613px\" class=\"wp-caption aligncenter\"><a href=\"http:\/\/blogs.univ-jfc.fr\/vigneetvin\/wp-content\/uploads\/sites\/56\/2017\/02\/Manifestations-1907_Montpellier.jpg\"><img loading=\"lazy\" class=\"wp-image-352 \" title=\"Source : Wikim\u00e9dia.org\" src=\"http:\/\/blogs.univ-jfc.fr\/vigneetvin\/wp-content\/uploads\/sites\/56\/2017\/02\/Manifestations-1907_Montpellier-300x191.jpg\" alt=\"\" width=\"613\" height=\"390\" srcset=\"https:\/\/blogs.univ-jfc.fr\/vigneetvin\/wp-content\/uploads\/sites\/56\/2017\/02\/Manifestations-1907_Montpellier-300x191.jpg 300w, https:\/\/blogs.univ-jfc.fr\/vigneetvin\/wp-content\/uploads\/sites\/56\/2017\/02\/Manifestations-1907_Montpellier.jpg 640w\" sizes=\"(max-width: 613px) 100vw, 613px\" \/><\/a><figcaption id=\"caption-attachment-352\" class=\"wp-caption-text\">Manifestation des vignerons \u00e0 Montpellier le 9 Juin 1907 (Carte Postale).<\/figcaption><\/figure>\n<figure id=\"attachment_2615\" aria-describedby=\"caption-attachment-2615\" style=\"width: 615px\" class=\"wp-caption aligncenter\"><a href=\"http:\/\/blogs.univ-jfc.fr\/vigneetvin\/wp-content\/uploads\/sites\/56\/2017\/02\/bpt6k9351868.jpeg\"><img loading=\"lazy\" class=\"wp-image-2615\" title=\"Source : Wikim\u00e9dia.org\" src=\"http:\/\/blogs.univ-jfc.fr\/vigneetvin\/wp-content\/uploads\/sites\/56\/2017\/02\/bpt6k9351868.jpeg\" alt=\"\" width=\"615\" height=\"389\" srcset=\"https:\/\/blogs.univ-jfc.fr\/vigneetvin\/wp-content\/uploads\/sites\/56\/2017\/02\/bpt6k9351868.jpeg 958w, https:\/\/blogs.univ-jfc.fr\/vigneetvin\/wp-content\/uploads\/sites\/56\/2017\/02\/bpt6k9351868-300x190.jpeg 300w, https:\/\/blogs.univ-jfc.fr\/vigneetvin\/wp-content\/uploads\/sites\/56\/2017\/02\/bpt6k9351868-768x486.jpeg 768w\" sizes=\"(max-width: 615px) 100vw, 615px\" \/><\/a><figcaption id=\"caption-attachment-2615\" class=\"wp-caption-text\">Guide du vigneron<\/figcaption><\/figure>\n<p style=\"text-align: justify\">D\u00e9j\u00e0, d\u00e8s 1906, une commission charg\u00e9e de d\u00e9guster les vins avait \u00e9t\u00e9 cr\u00e9\u00e9e pour mieux en contr\u00f4ler la qualit\u00e9 dans le cadre d&rsquo;\u00e9tudes ou d&rsquo;expertises. On ne parle pas encore \u00e0 cette \u00e9poque d\u2019\u00ab appellations d&rsquo;origine \u00bb, ce n&rsquo;est qu&rsquo;en 1935 qu\u2019elles furent\u00a0cr\u00e9\u00e9es, notamment l\u2019appellation d&rsquo;origine contr\u00f4l\u00e9e (AOC) et l\u2019appellation d&rsquo;origine prot\u00e9g\u00e9e (AOP).<br \/>\n<a href=\"http:\/\/blogs.univ-jfc.fr\/vigneetvin\/les-metiers-de-la-vigne-et-du-vin\/vignerons-et-exploitants\/les-vendangeurs\/les-strategies-economiques-du-vigneron-cepage-appellation-et-culture-biologique-quels-choix-faire\/\">Ces appellations,\u00a0cr\u00e9\u00e9es par le gouvernement, ont pour but de prot\u00e9ger le march\u00e9 du vin et de promouvoir le vin fran\u00e7ais \u00e0 l\u2019international.<\/a><\/p>\n<p style=\"text-align: justify\">Par la suite, de nombreuses organisations\u00a0furent cr\u00e9\u00e9es pour unir les petits et les grands producteurs, comme la Conf\u00e9d\u00e9ration G\u00e9n\u00e9rale des Vignerons du Midi, fond\u00e9e en 1907. Des syndicats r\u00e9gionaux voient le jour\u00a0pour promouvoir la qualit\u00e9 de leurs vins et de leurs terroirs, dans le but de lutter contre l&rsquo;importation de vins \u00e9trangers.<\/p>\n<p style=\"text-align: justify\">Par la suite la <a href=\"http:\/\/blogs.univ-jfc.fr\/vigneetvin\/la-culture-de-la-vigne\/un-ecosysteme-fragile\/le-tournant-xixe-xxe-siecle\/la-mecanisation\/\">m\u00e9canisation<\/a> et <a href=\"http:\/\/blogs.univ-jfc.fr\/vigneetvin\/la-culture-de-la-vigne\/un-ecosysteme-fragile\/le-tournant-xixe-xxe-siecle\/larrivee-des-produits-phytosanitaires\/\">l&rsquo;arriv\u00e9e des produits phytosanitaire<\/a> furent\u00a0vues comme des solution pour pallier la fragilit\u00e9 de la vigne.<\/p>\n","protected":false},"excerpt":{"rendered":"<p>La crise du phyllox\u00e9ra a entra\u00een\u00e9 un fort exode rural. En effet, de nombreux vignerons abandonnent leurs vignes pour trouver des emplois en ville dans des manufactures de m\u00e9tallurgie, papeterie, chaussures etc\u2026 Prenons l\u2019exemple de Yves Pautal, un vigneron gaillacois qui n\u2019avait pas assez d\u2019argent, et qui a \u00e9t\u00e9 oblig\u00e9 de partir \u00e0 la ville, &hellip; <a href=\"https:\/\/blogs.univ-jfc.fr\/vigneetvin\/la-culture-de-la-vigne\/un-ecosysteme-fragile\/le-tournant-xixe-xxe-siecle\/la-crise-du-phylloxera\/reconstruction-sociale\/\" class=\"more-link\">Continuer la lecture de <span class=\"screen-reader-text\">Reconstruction sociale<\/span> <span class=\"meta-nav\">&rarr;<\/span><\/a><\/p>\n","protected":false},"author":170,"featured_media":0,"parent":195,"menu_order":3,"comment_status":"closed","ping_status":"closed","template":"","meta":[],"_links":{"self":[{"href":"https:\/\/blogs.univ-jfc.fr\/vigneetvin\/wp-json\/wp\/v2\/pages\/199"}],"collection":[{"href":"https:\/\/blogs.univ-jfc.fr\/vigneetvin\/wp-json\/wp\/v2\/pages"}],"about":[{"href":"https:\/\/blogs.univ-jfc.fr\/vigneetvin\/wp-json\/wp\/v2\/types\/page"}],"author":[{"embeddable":true,"href":"https:\/\/blogs.univ-jfc.fr\/vigneetvin\/wp-json\/wp\/v2\/users\/170"}],"replies":[{"embeddable":true,"href":"https:\/\/blogs.univ-jfc.fr\/vigneetvin\/wp-json\/wp\/v2\/comments?post=199"}],"version-history":[{"count":29,"href":"https:\/\/blogs.univ-jfc.fr\/vigneetvin\/wp-json\/wp\/v2\/pages\/199\/revisions"}],"predecessor-version":[{"id":4220,"href":"https:\/\/blogs.univ-jfc.fr\/vigneetvin\/wp-json\/wp\/v2\/pages\/199\/revisions\/4220"}],"up":[{"embeddable":true,"href":"https:\/\/blogs.univ-jfc.fr\/vigneetvin\/wp-json\/wp\/v2\/pages\/195"}],"wp:attachment":[{"href":"https:\/\/blogs.univ-jfc.fr\/vigneetvin\/wp-json\/wp\/v2\/media?parent=199"}],"curies":[{"name":"wp","href":"https:\/\/api.w.org\/{rel}","templated":true}]}}