{"id":2095,"date":"2017-03-15T08:48:58","date_gmt":"2017-03-15T07:48:58","guid":{"rendered":"http:\/\/blogs.univ-jfc.fr\/vigneetvin\/?page_id=2095"},"modified":"2017-04-06T09:59:58","modified_gmt":"2017-04-06T08:59:58","slug":"la-fabrication-des-tonneaux","status":"publish","type":"page","link":"https:\/\/blogs.univ-jfc.fr\/vigneetvin\/les-metiers-de-la-vigne-et-du-vin\/le-monde-des-artisans-2\/les-tonneliers\/les-techniques-de-fabrication-du-tonneau\/la-fabrication-des-tonneaux\/","title":{"rendered":"La fabrication des tonneaux"},"content":{"rendered":"<p align=\"JUSTIFY\">La fabrication des <a href=\"http:\/\/blogs.univ-jfc.fr\/vigneetvin\/les-metiers-de-la-vigne-et-du-vin\/le-monde-des-artisans-2\/les-tonneliers\/les-tonneaux\/\">tonneaux<\/a> est complexe et n\u00e9cessite un r\u00e9el <a href=\"http:\/\/blogs.univ-jfc.fr\/vigneetvin\/inventions-et-revolution-des-techniques\/\">savoir-faire<\/a>.<\/p>\n<p align=\"JUSTIFY\">Des planches sont coup\u00e9es, qu\u2019on\u00a0appelle des <a href=\"http:\/\/blogs.univ-jfc.fr\/vigneetvin\/les-metiers-de-la-vigne-et-du-vin\/le-monde-des-artisans-2\/les-tonneliers\/les-techniques-de-fabrication-du-tonneau\/la-fabrication-des-tonneaux\/precisions-de-termes-techniques\/\">douelles<\/a>. Le <a href=\"http:\/\/blogs.univ-jfc.fr\/vigneetvin\/les-metiers-de-la-vigne-et-du-vin\/le-monde-des-artisans-2\/les-tonneliers\/les-techniques-de-fabrication-du-tonneau\/la-fabrication-des-tonneaux\/precisions-de-termes-techniques\/\">merrain<\/a> va \u00eatre arrondi et \u00e9vid\u00e9 \u00e0 l&rsquo;aide d&rsquo;une douelleuse, rabot\u00e9 par une jointeuse, afin que les douelles puissent assurer l&rsquo;\u00e9tanch\u00e9it\u00e9 de la barrique. Enfin, elles sont taill\u00e9es par une \u00e9courteuse, pour \u00eatre \u00e0 la bonne taille.<\/p>\n<p align=\"JUSTIFY\">Vient ensuite la fabrication des fonds. Ceux-ci\u00a0sont faits avec les plus petites douelles plac\u00e9es\u00a0c\u00f4te \u00e0 c\u00f4te et un cercle est trac\u00e9 au compas. Pour assurer l&rsquo;\u00e9tanch\u00e9it\u00e9 du fond, on met\u00a0du jonc hollandais, qui sert de joint entre chaque lame. Chacune de ces lames est reli\u00e9e \u00e0 l&rsquo;autre par des <a href=\"http:\/\/blogs.univ-jfc.fr\/vigneetvin\/les-metiers-de-la-vigne-et-du-vin\/le-monde-des-artisans-2\/les-tonneliers\/les-techniques-de-fabrication-du-tonneau\/la-fabrication-des-tonneaux\/precisions-de-termes-techniques\/\">goujons<\/a> de bois dur (acacia). Le fond est termin\u00e9 par la taille de la plaque de fa\u00e7on \u00e0 ce qu&rsquo;il soit parfaitement ajust\u00e9 au tonneau.<\/p>\n<p align=\"JUSTIFY\"><a href=\"http:\/\/blogs.univ-jfc.fr\/vigneetvin\/wp-content\/uploads\/sites\/56\/2017\/03\/IMG_2506.jpeg\"><img loading=\"lazy\" class=\"aligncenter wp-image-2276 \" title=\"Tonneaux lors de la &quot;mise en rose&quot;. Tonneaux apr\u00e8s l'op\u00e9ration de la mise en rose. Photo prise \u00e0 la tonnellerie du Sud-Ouest \u00e0 Brens.\" src=\"http:\/\/blogs.univ-jfc.fr\/vigneetvin\/wp-content\/uploads\/sites\/56\/2017\/03\/IMG_2506.jpeg\" alt=\"\" width=\"352\" height=\"264\" srcset=\"https:\/\/blogs.univ-jfc.fr\/vigneetvin\/wp-content\/uploads\/sites\/56\/2017\/03\/IMG_2506.jpeg 320w, https:\/\/blogs.univ-jfc.fr\/vigneetvin\/wp-content\/uploads\/sites\/56\/2017\/03\/IMG_2506-300x225.jpeg 300w\" sizes=\"(max-width: 352px) 100vw, 352px\" \/><\/a>Le tonnelier proc\u00e8de \u00e0 la \u00ab\u00a0<a href=\"http:\/\/blogs.univ-jfc.fr\/vigneetvin\/les-metiers-de-la-vigne-et-du-vin\/le-monde-des-artisans-2\/les-tonneliers\/les-techniques-de-fabrication-du-tonneau\/la-fabrication-des-tonneaux\/precisions-de-termes-techniques\/\">mise en rose<\/a>\u00a0\u00bb, par laquelle les douelles sont assembl\u00e9es (environ par trente) autour d&rsquo;un c\u00e2ble m\u00e9tallique.\u00a0Une fois la \u00ab\u00a0mise en rose\u00a0\u00bb r\u00e9alis\u00e9e, les douelles sont retenues au niveau d&rsquo;\u00e9cartement le plus fort par ce c\u00e2ble.<\/p>\n<p align=\"JUSTIFY\"><a href=\"http:\/\/blogs.univ-jfc.fr\/vigneetvin\/wp-content\/uploads\/sites\/56\/2017\/03\/Unknown.jpg\"><img loading=\"lazy\" class=\"alignright wp-image-2278 \" title=\"Chauffe du tonneau. Tonneau lors de la chauffe permettant de donner un go\u00fbt sp\u00e9cifique au vin. Photo prise dans la tonnellerie du Sud-Ouest \u00e0 Brens.\" src=\"http:\/\/blogs.univ-jfc.fr\/vigneetvin\/wp-content\/uploads\/sites\/56\/2017\/03\/Unknown.jpg\" alt=\"\" width=\"228\" height=\"343\" \/><\/a><\/p>\n<p align=\"JUSTIFY\">Pour que le tonneau soit modulable et prenne l\u2019aspect que nous lui connaissons, une flamme est mise \u00e0 l&rsquo;int\u00e9rieur du f\u00fbt. La temp\u00e9rature de celle-ci ne doit pas d\u00e9passer 100\u00b0C. Pendant ce temps, le <a href=\"http:\/\/blogs.univ-jfc.fr\/vigneetvin\/les-metiers-de-la-vigne-et-du-vin\/le-monde-des-artisans-2\/les-tonneliers\/les-techniques-de-fabrication-du-tonneau\/le-bois\/\">bois<\/a> ext\u00e9rieur est humidifi\u00e9. C&rsquo;est \u00e0 ce moment, que l&rsquo;on resserre le c\u00e2ble m\u00e9tallique jusqu\u2019\u00e0 ce que les joints des douelles du bas se touchent. Un cercle en m\u00e9tal est plac\u00e9 pour fixer cette position.<\/p>\n<p>&nbsp;<\/p>\n<p align=\"JUSTIFY\">Pour terminer, les fonds sont plac\u00e9s dans le tonneau dont il ne reste plus qu&rsquo;\u00e0 contr\u00f4ler l&rsquo;\u00e9tanch\u00e9it\u00e9. La v\u00e9rification se fait en remplissant la barrique avec de l&rsquo;eau et de l&rsquo;air sous pression par le trou de bonde. Le tonneau termin\u00e9, on y place les cercles galvanis\u00e9s. Le f\u00fbt est poli, grav\u00e9 au logo du tonnelier, et un <a href=\"http:\/\/blogs.univ-jfc.fr\/vigneetvin\/les-metiers-de-la-vigne-et-du-vin\/le-monde-des-artisans-2\/les-tonneliers\/les-techniques-de-fabrication-du-tonneau\/les-bouchons\/\">bouchon<\/a> est plac\u00e9 dans le trou avec un linge pour assurer l&rsquo;\u00e9tanch\u00e9it\u00e9 (<a href=\"http:\/\/blogs.univ-jfc.fr\/vigneetvin\/les-metiers-de-la-vigne-et-du-vin\/le-monde-des-artisans-2\/les-tonneliers\/les-techniques-de-fabrication-du-tonneau\/le-bois\/interview-de-monsieur-de-montgolfier\/\">interview<\/a>).<\/p>\n<p><a href=\"#_ftnref1\" name=\"_ftn1\"><\/a><\/p>\n<p><a href=\"#_ftnref1\" name=\"_ftn1\"><\/a><\/p>\n","protected":false},"excerpt":{"rendered":"<p>La fabrication des tonneaux est complexe et n\u00e9cessite un r\u00e9el savoir-faire. Des planches sont coup\u00e9es, qu\u2019on\u00a0appelle des douelles. Le merrain va \u00eatre arrondi et \u00e9vid\u00e9 \u00e0 l&rsquo;aide d&rsquo;une douelleuse, rabot\u00e9 par une jointeuse, afin que les douelles puissent assurer l&rsquo;\u00e9tanch\u00e9it\u00e9 de la barrique. Enfin, elles sont taill\u00e9es par une \u00e9courteuse, pour \u00eatre \u00e0 la bonne &hellip; <a href=\"https:\/\/blogs.univ-jfc.fr\/vigneetvin\/les-metiers-de-la-vigne-et-du-vin\/le-monde-des-artisans-2\/les-tonneliers\/les-techniques-de-fabrication-du-tonneau\/la-fabrication-des-tonneaux\/\" class=\"more-link\">Continuer la lecture de <span class=\"screen-reader-text\">La fabrication des tonneaux<\/span> <span class=\"meta-nav\">&rarr;<\/span><\/a><\/p>\n","protected":false},"author":254,"featured_media":0,"parent":2086,"menu_order":2,"comment_status":"closed","ping_status":"closed","template":"","meta":[],"_links":{"self":[{"href":"https:\/\/blogs.univ-jfc.fr\/vigneetvin\/wp-json\/wp\/v2\/pages\/2095"}],"collection":[{"href":"https:\/\/blogs.univ-jfc.fr\/vigneetvin\/wp-json\/wp\/v2\/pages"}],"about":[{"href":"https:\/\/blogs.univ-jfc.fr\/vigneetvin\/wp-json\/wp\/v2\/types\/page"}],"author":[{"embeddable":true,"href":"https:\/\/blogs.univ-jfc.fr\/vigneetvin\/wp-json\/wp\/v2\/users\/254"}],"replies":[{"embeddable":true,"href":"https:\/\/blogs.univ-jfc.fr\/vigneetvin\/wp-json\/wp\/v2\/comments?post=2095"}],"version-history":[{"count":22,"href":"https:\/\/blogs.univ-jfc.fr\/vigneetvin\/wp-json\/wp\/v2\/pages\/2095\/revisions"}],"predecessor-version":[{"id":4699,"href":"https:\/\/blogs.univ-jfc.fr\/vigneetvin\/wp-json\/wp\/v2\/pages\/2095\/revisions\/4699"}],"up":[{"embeddable":true,"href":"https:\/\/blogs.univ-jfc.fr\/vigneetvin\/wp-json\/wp\/v2\/pages\/2086"}],"wp:attachment":[{"href":"https:\/\/blogs.univ-jfc.fr\/vigneetvin\/wp-json\/wp\/v2\/media?parent=2095"}],"curies":[{"name":"wp","href":"https:\/\/api.w.org\/{rel}","templated":true}]}}