{"id":2134,"date":"2017-03-15T09:43:09","date_gmt":"2017-03-15T08:43:09","guid":{"rendered":"http:\/\/blogs.univ-jfc.fr\/vigneetvin\/?page_id=2134"},"modified":"2017-03-31T10:04:17","modified_gmt":"2017-03-31T09:04:17","slug":"limportance-et-le-role-des-metiers-de-vignerons-et-vendangeurs","status":"publish","type":"page","link":"https:\/\/blogs.univ-jfc.fr\/vigneetvin\/les-metiers-de-la-vigne-et-du-vin\/vignerons-et-exploitants\/les-vendangeurs\/en-quoi-consiste-les-metiers-de-vignerons-et-vendangeurs\/limportance-et-le-role-des-metiers-de-vignerons-et-vendangeurs\/","title":{"rendered":"L\u2019importance et le r\u00f4le des m\u00e9tiers de vignerons et vendangeurs"},"content":{"rendered":"<p align=\"justify\"><span style=\"font-family: Times New Roman,serif\"> Le vigneron est une personne qui \u00e9l\u00e8ve, traite, coupe, taille et cultive la vigne pour produire du vin. Il s\u2019oriente vers un c\u00e9page qui fait la particularit\u00e9 de sa r\u00e9gion. Il choisira donc un c\u00e9page en fonction du sol qu\u2019il cultivera et du type de vin qu\u2019il souhaitera produire.<\/span> <span style=\"font-family: Times New Roman,serif\">Nous pouvons aussi ajouter que des connaissances techniques peuvent \u00eatre requises. Le vigneron sera amen\u00e9 \u00e0 utiliser du mat\u00e9riel agricole <\/span><span style=\"font-family: Times New Roman,serif\">avec lequel il devra se familiariser. Il faut donc ma\u00eetriser l\u2019\u00e9volution de la vigne, sa plantation ainsi que l\u2019entretien annuel des sols. Il doit aussi s&rsquo;occuper des traitements pour prot\u00e9ger la vigne contre les maladies comme le mildiou. Le vigneron sera aussi amen\u00e9 \u00e0 travailler en collaboration avec ses salari\u00e9s ou ses confr\u00e8res comme c\u2019est le cas avec les vendangeurs. Comme nous a inform\u00e9 le vigneron anonyme que nous avons rencontr\u00e9, c\u2019est un m\u00e9tier complet qui demande beaucoup de comp\u00e9tences\u00a0: \u00ab<\/span><span style=\"font-family: Times New Roman,serif\"><i>Au d\u00e9part il faut ma\u00eetriser la vigne, la conduite de la vigne, la plantation, l&rsquo;entretien du sol, la protection contre les maladies, le travail avec d&rsquo;autres, piloter des salari\u00e9s. Il faut avoir des connaissances en m\u00e9canique puisqu&rsquo;on utilise des tracteurs et des outils.\u00bb<\/i><\/span><\/p>\n<p align=\"justify\"><a href=\"http:\/\/blogs.univ-jfc.fr\/vigneetvin\/wp-content\/uploads\/sites\/56\/2017\/03\/Grape_Grower_Tajikistan_babasteve_-_flickr.jpg\"><img loading=\"lazy\" class=\"wp-image-2136 alignright\" src=\"http:\/\/blogs.univ-jfc.fr\/vigneetvin\/wp-content\/uploads\/sites\/56\/2017\/03\/Grape_Grower_Tajikistan_babasteve_-_flickr-300x200.jpg\" alt=\"\" width=\"314\" height=\"209\" srcset=\"https:\/\/blogs.univ-jfc.fr\/vigneetvin\/wp-content\/uploads\/sites\/56\/2017\/03\/Grape_Grower_Tajikistan_babasteve_-_flickr-300x200.jpg 300w, https:\/\/blogs.univ-jfc.fr\/vigneetvin\/wp-content\/uploads\/sites\/56\/2017\/03\/Grape_Grower_Tajikistan_babasteve_-_flickr-768x512.jpg 768w, https:\/\/blogs.univ-jfc.fr\/vigneetvin\/wp-content\/uploads\/sites\/56\/2017\/03\/Grape_Grower_Tajikistan_babasteve_-_flickr-1024x683.jpg 1024w, https:\/\/blogs.univ-jfc.fr\/vigneetvin\/wp-content\/uploads\/sites\/56\/2017\/03\/Grape_Grower_Tajikistan_babasteve_-_flickr.jpg 1080w\" sizes=\"(max-width: 314px) 100vw, 314px\" \/><\/a><\/p>\n<p align=\"justify\"><span style=\"font-family: Times New Roman,serif\">En plus des techniques de vinification, d\u2019\u00e9levage et de mise en bouteille qui pr\u00e9c\u00e8dent la vente, le vigneron doit se mettre en contact avec des professionnels et des particuliers. Enfin, il peut choisir d\u2019exercer son m\u00e9tier en tant qu\u2019ind\u00e9pendant ou alors entrer dans une coop\u00e9rative. Les modalit\u00e9s de ces deux choix sont particuli\u00e8res. Nous pouvons noter la sp\u00e9cificit\u00e9 des vignerons associ\u00e9s pouvant ainsi se r\u00e9partir, d&rsquo;un commun accord, les t\u00e2ches relatives \u00e0 l&rsquo;exploitation du domaine. Ceci peut se traduire par des gains de productivit\u00e9, en plus des avantages que chacun en retirera personnellement. A pr\u00e9sent, nous pouvons aussi \u00e9voquer le salaire moyen d\u2019un vigneron qui serait de 2\u00a0500\u00a0euros par mois, soit le SMIC par rapport au nombre d&rsquo;heures effectu\u00e9es. Enfin, nous pouvons dire que comme dans beaucoup de m\u00e9tiers, le vigneron sera soumis aux al\u00e9as climatiques et m\u00eame \u00e9conomiques.<\/span><\/p>\n<p align=\"justify\"><span style=\"font-family: Times New Roman,serif\"> Il existe un grand nombre de chemins possibles pour acc\u00e9der \u00e0 ce m\u00e9tier. Tout d\u2019abord, nous avons les voies g\u00e9n\u00e9rales telles que les CAPA (Certificat d&rsquo;aptitude professionnelle agricole) mention <\/span><span style=\"font-family: Times New Roman,serif\"><i>Vigne et Vin<\/i><\/span><span style=\"font-family: Times New Roman,serif\">. C\u2019est un m\u00e9tier \u00e9galement accessible gr\u00e2ce \u00e0 des formations telles que les Baccalaur\u00e9ats professionnels (BP) mention <\/span><span style=\"font-family: Times New Roman,serif\"><i>Conduite et gestion d\u2019exploitation agricole <\/i><\/span><span style=\"font-family: Times New Roman,serif\">option<\/span><i> <\/i><span style=\"font-family: Times New Roman,serif\">\u00ab\u00a0vigne et vin \u00bb ou encore <\/span><span style=\"font-family: Times New Roman,serif\"><i>Technicien conseil de vente en alimentation <\/i><\/span><span style=\"font-family: Times New Roman,serif\">options \u00ab\u00a0vins et spiritueux\u00a0\u00bb et le BP <\/span><span style=\"font-family: Times New Roman,serif\"><i>Responsable d\u2019exploitation agricole<\/i><\/span><span style=\"font-family: Times New Roman,serif\">. De plus on trouve plusieurs dipl\u00f4mes nationaux en lien avec l&rsquo;\u0153nologie. Cependant il n\u2019est pas obligatoire d\u2019avoir un niveau d\u2019\u00e9cole sup\u00e9rieure ni d\u2019avoir des dipl\u00f4mes nationaux d&rsquo;\u00e9tudes sup\u00e9rieures pour exercer la profession de vigneron. Nous pouvons cependant faire des \u00e9tudes sup\u00e9rieures \u00e0 l\u2019\u00e9cole d\u2019ing\u00e9nieur de Purpan \u00e0 Toulouse. De plus, le vigneron que nous avons interrog\u00e9 nous a confi\u00e9 qu\u2019un niveau BAC \u00e9tait souhaitable pour obtenir les primes d\u2019installation. Mais comme souvent, mieux l&rsquo;on est form\u00e9, plus on a de comp\u00e9tences pour g\u00e9rer une exploitation.<\/span><\/p>\n<p align=\"justify\"><span style=\"font-family: Times New Roman,serif\">Ensuite, nous pouvons nous int\u00e9resser au m\u00e9tier de vendangeur que nous avons pr\u00e9c\u00e9demment abord\u00e9. Tout d&rsquo;abord, c&rsquo;est essentiellement un emploi saisonnier, durant la p\u00e9riode des vendanges qui est fix\u00e9e par un arr\u00eat\u00e9 pr\u00e9fectoral, tout comme la r\u00e9mun\u00e9ration journali\u00e8re. Cependant il n&rsquo;est pas rare que ce job soit un travail non d\u00e9clar\u00e9, au \u00ab\u00a0noir\u00a0\u00bb.<\/span><\/p>\n<figure id=\"attachment_4615\" aria-describedby=\"caption-attachment-4615\" style=\"width: 350px\" class=\"wp-caption alignleft\"><a href=\"http:\/\/blogs.univ-jfc.fr\/vigneetvin\/wp-content\/uploads\/sites\/56\/2017\/03\/Image-7.jpg\"><img loading=\"lazy\" class=\" wp-image-4615\" src=\"http:\/\/blogs.univ-jfc.fr\/vigneetvin\/wp-content\/uploads\/sites\/56\/2017\/03\/Image-7-300x199.jpg\" alt=\"\" width=\"350\" height=\"232\" srcset=\"https:\/\/blogs.univ-jfc.fr\/vigneetvin\/wp-content\/uploads\/sites\/56\/2017\/03\/Image-7-300x199.jpg 300w, https:\/\/blogs.univ-jfc.fr\/vigneetvin\/wp-content\/uploads\/sites\/56\/2017\/03\/Image-7-768x509.jpg 768w, https:\/\/blogs.univ-jfc.fr\/vigneetvin\/wp-content\/uploads\/sites\/56\/2017\/03\/Image-7-1024x678.jpg 1024w\" sizes=\"(max-width: 350px) 100vw, 350px\" \/><\/a><figcaption id=\"caption-attachment-4615\" class=\"wp-caption-text\">L\u2019image pr\u00e9sente, nous montre donc un grand nombre de travailleur de la vigne en action.<\/figcaption><\/figure>\n<p align=\"justify\"><span style=\"font-family: Times New Roman,serif\">En effet, cela permet pour le vigneron de pouvoir fixer le montant du salaire et ainsi de limiter ses co\u00fbts de production. Les vendangeurs n&rsquo;ont pas besoin de comp\u00e9tences particuli\u00e8res pour faire ce travail de r\u00e9colte. Il est cependant n\u00e9cessaire d&rsquo;avoir une bonne condition physique pour passer ses journ\u00e9es dans les vignes. Ces journ\u00e9es de travail peuvent aller de 5 \u00e0 8\u00a0heures par jour en fonction du vignoble, avec une p\u00e9riode de vendanges qui n&rsquo;exc\u00e8de pas un mois. Il y a deux t\u00e2ches distinctes pour le vendangeur\u00a0: porteur et coupeur. Le coupeur coupe la grappe et le porteur achemine le raisin. Dans beaucoup de vignobles, un vendangeur fait ces deux t\u00e2ches dans sa journ\u00e9e de travail. Cependant il arrive que l&rsquo;organisation diff\u00e8re selon les vignobles.<\/span><\/p>\n","protected":false},"excerpt":{"rendered":"<p>Le vigneron est une personne qui \u00e9l\u00e8ve, traite, coupe, taille et cultive la vigne pour produire du vin. Il s\u2019oriente vers un c\u00e9page qui fait la particularit\u00e9 de sa r\u00e9gion. Il choisira donc un c\u00e9page en fonction du sol qu\u2019il cultivera et du type de vin qu\u2019il souhaitera produire. Nous pouvons aussi ajouter que des &hellip; <a href=\"https:\/\/blogs.univ-jfc.fr\/vigneetvin\/les-metiers-de-la-vigne-et-du-vin\/vignerons-et-exploitants\/les-vendangeurs\/en-quoi-consiste-les-metiers-de-vignerons-et-vendangeurs\/limportance-et-le-role-des-metiers-de-vignerons-et-vendangeurs\/\" class=\"more-link\">Continuer la lecture de <span class=\"screen-reader-text\">L\u2019importance et le r\u00f4le des m\u00e9tiers de vignerons et vendangeurs<\/span> <span class=\"meta-nav\">&rarr;<\/span><\/a><\/p>\n","protected":false},"author":275,"featured_media":0,"parent":2126,"menu_order":1,"comment_status":"closed","ping_status":"closed","template":"","meta":[],"_links":{"self":[{"href":"https:\/\/blogs.univ-jfc.fr\/vigneetvin\/wp-json\/wp\/v2\/pages\/2134"}],"collection":[{"href":"https:\/\/blogs.univ-jfc.fr\/vigneetvin\/wp-json\/wp\/v2\/pages"}],"about":[{"href":"https:\/\/blogs.univ-jfc.fr\/vigneetvin\/wp-json\/wp\/v2\/types\/page"}],"author":[{"embeddable":true,"href":"https:\/\/blogs.univ-jfc.fr\/vigneetvin\/wp-json\/wp\/v2\/users\/275"}],"replies":[{"embeddable":true,"href":"https:\/\/blogs.univ-jfc.fr\/vigneetvin\/wp-json\/wp\/v2\/comments?post=2134"}],"version-history":[{"count":4,"href":"https:\/\/blogs.univ-jfc.fr\/vigneetvin\/wp-json\/wp\/v2\/pages\/2134\/revisions"}],"predecessor-version":[{"id":4616,"href":"https:\/\/blogs.univ-jfc.fr\/vigneetvin\/wp-json\/wp\/v2\/pages\/2134\/revisions\/4616"}],"up":[{"embeddable":true,"href":"https:\/\/blogs.univ-jfc.fr\/vigneetvin\/wp-json\/wp\/v2\/pages\/2126"}],"wp:attachment":[{"href":"https:\/\/blogs.univ-jfc.fr\/vigneetvin\/wp-json\/wp\/v2\/media?parent=2134"}],"curies":[{"name":"wp","href":"https:\/\/api.w.org\/{rel}","templated":true}]}}