{"id":2232,"date":"2017-03-15T13:58:57","date_gmt":"2017-03-15T12:58:57","guid":{"rendered":"http:\/\/blogs.univ-jfc.fr\/vigneetvin\/?page_id=2232"},"modified":"2017-04-19T16:04:57","modified_gmt":"2017-04-19T15:04:57","slug":"la-formation-dune-cooperative","status":"publish","type":"page","link":"https:\/\/blogs.univ-jfc.fr\/vigneetvin\/les-metiers-de-la-vigne-et-du-vin\/vignerons-et-exploitants\/les-vendangeurs\/quelles-sont-les-caracteristiques-et-specificites-du-vigneron-independant-et-celles-dune-cooperative-vinicole\/les-cooperatives-vinicoles\/la-formation-dune-cooperative\/","title":{"rendered":"La formation d&rsquo;une coop\u00e9rative"},"content":{"rendered":"<p><!-- @page { margin: 2cm } P { margin-bottom: 0.21cm } --><\/p>\n<p align=\"JUSTIFY\"><span style=\"font-family: 'Times New Roman', serif\">\u00c0 pr\u00e9sent, nous pouvons nous pencher sur la formation d\u2019une coop\u00e9rative et ses sp\u00e9cificit\u00e9s, tels que les subventions ou le r\u00e8glement. Nous avons constat\u00e9 que sa circonscription territoriale \u00e9tait \u00e9tablie autour d\u2019un m\u00eame secteur, lui-m\u00eame \u00e9tabli autour du si\u00e8ge de la coop\u00e9rative. Nous constatons \u00e9galement qu\u2019une coop\u00e9rative peut exiger des crit\u00e8res d&rsquo;admission pour ses adh\u00e9rents, comme la nationalit\u00e9, un \u00e2ge requis (la majorit\u00e9), etc\u2026 Pour finir nous savons que la loi impose un quota de membres minimum. Les actes des coop\u00e9rateurs, donc des vignerons, sont r\u00e9gis par un r\u00e8glement \u00e9tabli lors de la cr\u00e9ation de la coop\u00e9rative. De plus, nous avons constat\u00e9 que les coop\u00e9ratives \u00e9taient elles aussi hi\u00e9rarchis\u00e9es. Elles s\u2019organisent autour d\u2019un directeur.<\/span><\/p>\n<figure id=\"attachment_5025\" aria-describedby=\"caption-attachment-5025\" style=\"width: 460px\" class=\"wp-caption alignnone\"><a href=\"http:\/\/blogs.univ-jfc.fr\/vigneetvin\/wp-content\/uploads\/sites\/56\/2017\/04\/Cave-coop\u00e9rative-vinicole-de-Beaumont-du-Ventoux.jpg\"><img loading=\"lazy\" class=\" wp-image-5025\" src=\"http:\/\/blogs.univ-jfc.fr\/vigneetvin\/wp-content\/uploads\/sites\/56\/2017\/04\/Cave-coop\u00e9rative-vinicole-de-Beaumont-du-Ventoux-300x225.jpg\" alt=\"\" width=\"460\" height=\"345\" srcset=\"https:\/\/blogs.univ-jfc.fr\/vigneetvin\/wp-content\/uploads\/sites\/56\/2017\/04\/Cave-coop\u00e9rative-vinicole-de-Beaumont-du-Ventoux-300x225.jpg 300w, https:\/\/blogs.univ-jfc.fr\/vigneetvin\/wp-content\/uploads\/sites\/56\/2017\/04\/Cave-coop\u00e9rative-vinicole-de-Beaumont-du-Ventoux-768x576.jpg 768w, https:\/\/blogs.univ-jfc.fr\/vigneetvin\/wp-content\/uploads\/sites\/56\/2017\/04\/Cave-coop\u00e9rative-vinicole-de-Beaumont-du-Ventoux.jpg 800w\" sizes=\"(max-width: 460px) 100vw, 460px\" \/><\/a><figcaption id=\"caption-attachment-5025\" class=\"wp-caption-text\">Cave coop\u00e9rative vinicole de Beaumont du Ventoux<\/figcaption><\/figure>\n<p align=\"JUSTIFY\"><span style=\"font-family: 'Times New Roman', serif\">Pour poursuivre, nous voyons qu\u2019\u00e0 l\u2019ouverture de la coop\u00e9rative, g\u00e9n\u00e9ralement, chaque membre se doit de participer \u00e0 une cotisation qui formera un capital de d\u00e9part. Gr\u00e2ce \u00e0 nos recherches nous avons pu voir que les premi\u00e8res installations telles que la construction d\u2019un b\u00e2timent principal, l\u2019achat de mat\u00e9riels vinicoles ou mobiliers peuvent parfois \u00eatre subventionn\u00e9es en partie par des banques ou m\u00eame par l\u2019\u00c9tat. Ces derniers participeraient aux frais suivant des montants diff\u00e9rents suite \u00e0 la demande administrative qu\u2019une coop\u00e9rative aurait effectu\u00e9e.<\/span><\/p>\n<p align=\"JUSTIFY\"><span style=\"font-family: 'Times New Roman', serif\"> Nous pouvons prendre l\u2019exemple de la coop\u00e9rative vinicole gaillacoise \u00ab\u00a0Les vins mousseux de Gaillac\u00a0\u00bb. Celle-ci a \u00e9t\u00e9 fond\u00e9e en 1957-1958. Elle a sollicit\u00e9 l\u2019\u00c9tat pour la construction de son si\u00e8ge comprenant le mat\u00e9riel et les locaux administratifs. Un devis \u00e9tabli fut estim\u00e9 \u00e0 16\u00a0210\u00a0000\u00a0Francs pour le coup de construction. Ainsi le financement de ces travaux fut effectu\u00e9 \u00e0 hauteur de 20\u00a0% par l\u2019\u00c9tat, 30\u00a0% par la coop\u00e9rative et 50\u00a0% par la caisse nationale de cr\u00e9dit agricole. Nous avons ici l\u2019exemple d\u2019une coop\u00e9rative qui aura d\u00e9march\u00e9 l\u2019\u00c9tat afin d\u2019obtenir des fonds pour la construction de son si\u00e8ge.<\/span><\/p>\n","protected":false},"excerpt":{"rendered":"<p>\u00c0 pr\u00e9sent, nous pouvons nous pencher sur la formation d\u2019une coop\u00e9rative et ses sp\u00e9cificit\u00e9s, tels que les subventions ou le r\u00e8glement. Nous avons constat\u00e9 que sa circonscription territoriale \u00e9tait \u00e9tablie autour d\u2019un m\u00eame secteur, lui-m\u00eame \u00e9tabli autour du si\u00e8ge de la coop\u00e9rative. Nous constatons \u00e9galement qu\u2019une coop\u00e9rative peut exiger des crit\u00e8res d&rsquo;admission pour ses adh\u00e9rents, &hellip; <a href=\"https:\/\/blogs.univ-jfc.fr\/vigneetvin\/les-metiers-de-la-vigne-et-du-vin\/vignerons-et-exploitants\/les-vendangeurs\/quelles-sont-les-caracteristiques-et-specificites-du-vigneron-independant-et-celles-dune-cooperative-vinicole\/les-cooperatives-vinicoles\/la-formation-dune-cooperative\/\" class=\"more-link\">Continuer la lecture de <span class=\"screen-reader-text\">La formation d&rsquo;une coop\u00e9rative<\/span> <span class=\"meta-nav\">&rarr;<\/span><\/a><\/p>\n","protected":false},"author":275,"featured_media":0,"parent":2165,"menu_order":1,"comment_status":"closed","ping_status":"closed","template":"","meta":[],"_links":{"self":[{"href":"https:\/\/blogs.univ-jfc.fr\/vigneetvin\/wp-json\/wp\/v2\/pages\/2232"}],"collection":[{"href":"https:\/\/blogs.univ-jfc.fr\/vigneetvin\/wp-json\/wp\/v2\/pages"}],"about":[{"href":"https:\/\/blogs.univ-jfc.fr\/vigneetvin\/wp-json\/wp\/v2\/types\/page"}],"author":[{"embeddable":true,"href":"https:\/\/blogs.univ-jfc.fr\/vigneetvin\/wp-json\/wp\/v2\/users\/275"}],"replies":[{"embeddable":true,"href":"https:\/\/blogs.univ-jfc.fr\/vigneetvin\/wp-json\/wp\/v2\/comments?post=2232"}],"version-history":[{"count":3,"href":"https:\/\/blogs.univ-jfc.fr\/vigneetvin\/wp-json\/wp\/v2\/pages\/2232\/revisions"}],"predecessor-version":[{"id":5026,"href":"https:\/\/blogs.univ-jfc.fr\/vigneetvin\/wp-json\/wp\/v2\/pages\/2232\/revisions\/5026"}],"up":[{"embeddable":true,"href":"https:\/\/blogs.univ-jfc.fr\/vigneetvin\/wp-json\/wp\/v2\/pages\/2165"}],"wp:attachment":[{"href":"https:\/\/blogs.univ-jfc.fr\/vigneetvin\/wp-json\/wp\/v2\/media?parent=2232"}],"curies":[{"name":"wp","href":"https:\/\/api.w.org\/{rel}","templated":true}]}}