{"id":2329,"date":"2017-03-15T22:52:11","date_gmt":"2017-03-15T21:52:11","guid":{"rendered":"http:\/\/blogs.univ-jfc.fr\/vigneetvin\/?page_id=2329"},"modified":"2017-04-19T21:37:38","modified_gmt":"2017-04-19T20:37:38","slug":"le-vin-et-les-deux-sexes-consommation-metiers","status":"publish","type":"page","link":"https:\/\/blogs.univ-jfc.fr\/vigneetvin\/les-metiers-de-la-vigne-et-du-vin\/le-monde-des-artisans-2\/les-vignerons\/un-vin-pour-tous-le-vin-a-la-conquete-des-societes-des-sexes-et-des-nations\/le-vin-et-les-deux-sexes-consommation-metiers\/","title":{"rendered":"Le vin et les deux sexes\u00a0: Consommation et M\u00e9tiers"},"content":{"rendered":"<p><!-- @page { margin: 2cm } P { margin-bottom: 0.21cm } --><\/p>\n<p align=\"LEFT\"><span style=\"font-family: 'Times New Roman', serif\">La consommation du vin chez les hommes et les femmes fait l&rsquo;objet encore aujourd&rsquo;hui de pr\u00e9jug\u00e9s. Une distinction est souvent faite entre les vins, qui seraient \u00ab\u00a0f\u00e9minins\u00a0\u00bb ou \u00ab\u00a0masculins\u00a0\u00bb<\/span><\/p>\n<p align=\"LEFT\"><span style=\"font-family: 'Times New Roman', serif\">Cet avis d\u00e9pend notamment des diff\u00e9rentes \u00e9tudes men\u00e9es dans le but d&rsquo;en savoir plus sur ce sujet qui suscite d&rsquo;\u00e9ternels d\u00e9bats, existe t-il r\u00e9ellement un vin f\u00e9minin ou masculin\u00a0?<\/span><\/p>\n<p align=\"LEFT\"><span style=\"font-family: 'Times New Roman', serif\">Les femmes auraient une pr\u00e9f\u00e9rence pour les vins sucr\u00e9s, fruit\u00e9s et plus doux, tels que les mousseux, les vins ros\u00e9s, aromatis\u00e9s ou les champagnes. Or, il est av\u00e9r\u00e9 que les go\u00fbts concernant la consommation du vin serait d\u00fb \u00e0 une question d&rsquo;\u00e9ducation et non pas de genre. Ant\u00e9rieurement , les femmes n&rsquo;\u00e9taient pas particuli\u00e8rement amatrices de vin et se dirigeaient donc vers les vins les plus accessibles, \u00e0 savoir les vins les plus doux. Aujourd&rsquo;hui, avec l&rsquo;\u00e9volution de la consommation f\u00e9minine de vin , une \u00e9volution des go\u00fbts et des connaissances du vin est observ\u00e9e, ainsi les femmes boivent les m\u00eames vins que les hommes, ce qui contredit les termes de vins \u00ab\u00a0f\u00e9minins\u00a0\u00bb et vins \u00ab\u00a0masculins\u00a0\u00bb.<\/span><\/p>\n<p align=\"LEFT\"><a href=\"http:\/\/blogs.univ-jfc.fr\/vigneetvin\/wp-content\/uploads\/sites\/56\/2017\/04\/femme-et-le-vin.png\"><img loading=\"lazy\" class=\"aligncenter wp-image-5088\" title=\"La femme et le vin Source: site Pixabay Lien: https:\/\/pixabay.com\/fr\/femme-bar-boire-mode-de-vie-femmes-2165789\/\" src=\"http:\/\/blogs.univ-jfc.fr\/vigneetvin\/wp-content\/uploads\/sites\/56\/2017\/04\/femme-et-le-vin-169x300.png\" alt=\"\" width=\"280\" height=\"498\" srcset=\"https:\/\/blogs.univ-jfc.fr\/vigneetvin\/wp-content\/uploads\/sites\/56\/2017\/04\/femme-et-le-vin-169x300.png 169w, https:\/\/blogs.univ-jfc.fr\/vigneetvin\/wp-content\/uploads\/sites\/56\/2017\/04\/femme-et-le-vin.png 405w\" sizes=\"(max-width: 280px) 100vw, 280px\" \/><\/a><\/p>\n<p align=\"LEFT\"><span style=\"font-family: 'Times New Roman', serif\">Selon une \u00e9tude d&rsquo;une organisation de professionnels du m\u00e9tier, Vinexpo, les consommatrices f\u00e9minines pr\u00e9f\u00e9reraient aujourd&rsquo;hui le vin rouge,ce qui appuie le fait que le go\u00fbt et la connaissance en la mati\u00e8re des femmes d&rsquo;aujourd&rsquo;hui a fortement \u00e9volu\u00e9 en rapport \u00e0 celui des premi\u00e8res consommatrices. Selon un site d\u2019\u0153nologie, elles seraient aujourd&rsquo;hui 24\u00a0% \u00e0 pr\u00e9f\u00e9rer le vin blanc, contre 27\u00a0% chez les hommes et repr\u00e9sentent \u00e9galement 43\u00a0% de la consommation fran\u00e7aise de vin.<\/span><\/p>\n<p align=\"LEFT\"><span style=\"font-family: 'Times New Roman', serif\">La place de la femme dans la fa\u00e7on de consommer, d&rsquo;acheter le vin et sa relation \u00e0 cette consommation ont \u00e9galement subi une \u00e9volution.Ainsi aujourd&rsquo;hui, dans 75\u00a0% des foyers, ce sont elles qui se chargent de l&rsquo;achat du vin avec des crit\u00e8res pr\u00e9cis que sont les appellations et les m\u00e9dailles, ach\u00e8tent directement au producteur. <\/span><\/p>\n<p align=\"LEFT\"><span style=\"font-family: 'Times New Roman', serif\">Au fil des si\u00e8cle la relation femme-consommation a souvent chang\u00e9 de statut, elle fut d&rsquo;abord positive et festive, puis n\u00e9gative et d\u00e9gradante, et vice-versa. Aujourd&rsquo;hui, cette relation est consid\u00e9r\u00e9e comme \u00e9gale \u00e0 celle des homme avec le vin. La consommation de vin chez les hommes est \u00e9galement synonyme de clich\u00e9s tels que \u00ab\u00a0Les hommes pr\u00e9f\u00e8rent les vins forts aux vins blancs ou ros\u00e9s\u00a0\u00bb. Or, \u00e9tant donn\u00e9 que 27\u00a0% des hommes semblent pr\u00e9f\u00e9rer le vin blanc, m\u00eame si le vin rouge reste pr\u00e9dominant ,cela prouve bien que les go\u00fbts masculins concernant le vin ne diff\u00e8rent pas r\u00e9ellement de ceux des femmes. Ainsi un vin \u00ab\u00a0masculin\u00a0\u00bb \u00e0 proprement n&rsquo;existe pas, de m\u00eame que le vin \u00ab\u00a0f\u00e9minin\u00a0\u00bb. Cependant leur consommation n&rsquo;est pas la m\u00eame puisque 87\u00a0% des hommes affirment avoir bu du vin au cours des 12 derniers mois, contre 72\u00a0% des femmes. Au del\u00e0 de la consommation de l&rsquo;homme ou la femme, la question d&rsquo;un vin sp\u00e9cifique pour chaque sexe ne se pose plus avec l&rsquo;\u00e9volution du secteur.<\/span><\/p>\n<p align=\"LEFT\"><a href=\"http:\/\/blogs.univ-jfc.fr\/vigneetvin\/wp-content\/uploads\/sites\/56\/2017\/03\/vin-pour-femmes.jpg\"><img loading=\"lazy\" class=\"wp-image-4463 size-medium aligncenter\" title=\"Exemple de vin dit &quot;f\u00e9minin&quot;. Source: site Pixabay Lien: https:\/\/pixabay.com\/p-2039178\/?no_redirect\" src=\"http:\/\/blogs.univ-jfc.fr\/vigneetvin\/wp-content\/uploads\/sites\/56\/2017\/03\/vin-pour-femmes-300x237.jpg\" alt=\"\" width=\"300\" height=\"237\" srcset=\"https:\/\/blogs.univ-jfc.fr\/vigneetvin\/wp-content\/uploads\/sites\/56\/2017\/03\/vin-pour-femmes-300x237.jpg 300w, https:\/\/blogs.univ-jfc.fr\/vigneetvin\/wp-content\/uploads\/sites\/56\/2017\/03\/vin-pour-femmes-768x608.jpg 768w, https:\/\/blogs.univ-jfc.fr\/vigneetvin\/wp-content\/uploads\/sites\/56\/2017\/03\/vin-pour-femmes.jpg 910w\" sizes=\"(max-width: 300px) 100vw, 300px\" \/><\/a><\/p>\n<p align=\"LEFT\"><span style=\"font-family: 'Times New Roman', serif\">Une \u00e9volution est \u00e9galement constat\u00e9e concernant les m\u00e9tiers du vin puisque les femmes sont de plus en plus pr\u00e9sentes dans le secteur, m\u00eame si celui-ci reste domin\u00e9 par les hommes. 1\/4 des domaines est poss\u00e9d\u00e9 par les femmes mais le secteur se f\u00e9minise avec l&rsquo;exemple des \u0153nologues qui n&rsquo;\u00e9taient que 19\u00a0% il y a 15 ans et sont aujourd&rsquo;hui 30\u00a0%. Les statistiques appuient ces faits puisqu&rsquo;en 2010, elles repr\u00e9sentent 28\u00a0% des chefs d&rsquo;exploitations agricoles et la 1\u00e8re femme \u00e0 \u00eatre nomm\u00e9e ma\u00eetre chai l&rsquo;a \u00e9t\u00e9 \u00e0 Cognac en 2003. Une \u00e9volution cependant partielle car, si certaines femmes sont \u00e0 la t\u00eate d&rsquo;\u00e9quipes masculines ou d&rsquo;exploitations, le secteur reste tout de m\u00eame encore domin\u00e9 par la gente masculine et les productrices de vin souffrent encore de certains pr\u00e9jug\u00e9s comme celui selon lequel \u00ab\u00a0des femmes fabriquent du vin pour les femmes\u00a0\u00bb. <\/span><\/p>\n","protected":false},"excerpt":{"rendered":"<p>La consommation du vin chez les hommes et les femmes fait l&rsquo;objet encore aujourd&rsquo;hui de pr\u00e9jug\u00e9s. Une distinction est souvent faite entre les vins, qui seraient \u00ab\u00a0f\u00e9minins\u00a0\u00bb ou \u00ab\u00a0masculins\u00a0\u00bb Cet avis d\u00e9pend notamment des diff\u00e9rentes \u00e9tudes men\u00e9es dans le but d&rsquo;en savoir plus sur ce sujet qui suscite d&rsquo;\u00e9ternels d\u00e9bats, existe t-il r\u00e9ellement un vin &hellip; <a href=\"https:\/\/blogs.univ-jfc.fr\/vigneetvin\/les-metiers-de-la-vigne-et-du-vin\/le-monde-des-artisans-2\/les-vignerons\/un-vin-pour-tous-le-vin-a-la-conquete-des-societes-des-sexes-et-des-nations\/le-vin-et-les-deux-sexes-consommation-metiers\/\" class=\"more-link\">Continuer la lecture de <span class=\"screen-reader-text\">Le vin et les deux sexes\u00a0: Consommation et M\u00e9tiers<\/span> <span class=\"meta-nav\">&rarr;<\/span><\/a><\/p>\n","protected":false},"author":201,"featured_media":0,"parent":680,"menu_order":4,"comment_status":"closed","ping_status":"closed","template":"","meta":[],"_links":{"self":[{"href":"https:\/\/blogs.univ-jfc.fr\/vigneetvin\/wp-json\/wp\/v2\/pages\/2329"}],"collection":[{"href":"https:\/\/blogs.univ-jfc.fr\/vigneetvin\/wp-json\/wp\/v2\/pages"}],"about":[{"href":"https:\/\/blogs.univ-jfc.fr\/vigneetvin\/wp-json\/wp\/v2\/types\/page"}],"author":[{"embeddable":true,"href":"https:\/\/blogs.univ-jfc.fr\/vigneetvin\/wp-json\/wp\/v2\/users\/201"}],"replies":[{"embeddable":true,"href":"https:\/\/blogs.univ-jfc.fr\/vigneetvin\/wp-json\/wp\/v2\/comments?post=2329"}],"version-history":[{"count":8,"href":"https:\/\/blogs.univ-jfc.fr\/vigneetvin\/wp-json\/wp\/v2\/pages\/2329\/revisions"}],"predecessor-version":[{"id":5108,"href":"https:\/\/blogs.univ-jfc.fr\/vigneetvin\/wp-json\/wp\/v2\/pages\/2329\/revisions\/5108"}],"up":[{"embeddable":true,"href":"https:\/\/blogs.univ-jfc.fr\/vigneetvin\/wp-json\/wp\/v2\/pages\/680"}],"wp:attachment":[{"href":"https:\/\/blogs.univ-jfc.fr\/vigneetvin\/wp-json\/wp\/v2\/media?parent=2329"}],"curies":[{"name":"wp","href":"https:\/\/api.w.org\/{rel}","templated":true}]}}