{"id":2371,"date":"2017-03-15T23:00:30","date_gmt":"2017-03-15T22:00:30","guid":{"rendered":"http:\/\/blogs.univ-jfc.fr\/vigneetvin\/?page_id=2371"},"modified":"2017-04-19T21:33:30","modified_gmt":"2017-04-19T20:33:30","slug":"le-secteur-du-vin-et-les-nouvelles-attentes-des-consommateurs","status":"publish","type":"page","link":"https:\/\/blogs.univ-jfc.fr\/vigneetvin\/les-metiers-de-la-vigne-et-du-vin\/le-monde-des-artisans-2\/les-vignerons\/un-vin-pour-tous-le-vin-a-la-conquete-des-societes-des-sexes-et-des-nations\/le-secteur-du-vin-et-les-nouvelles-attentes-des-consommateurs\/","title":{"rendered":"Le secteur du vin et les nouvelles attentes des consommateurs"},"content":{"rendered":"<p><!-- @page { margin: 2cm } P { margin-bottom: 0.21cm } --><\/p>\n<p align=\"LEFT\"><span style=\"font-family: 'Times New Roman', serif\">Dans le secteur, les attentes et le profil des consommateurs \u00e9voluent. En cons\u00e9quences les acteurs de ce domaine se doivent de suivre les nouvelles tendances et r\u00e9pondre \u00e0 ces nouvelles attentes. Depuis quelques ann\u00e9es , de nouveaux types de vins sont commercialis\u00e9s en r\u00e9ponse \u00e0 ces \u00e9volutions de go\u00fbts. Ainsi des vins aromatis\u00e9s, bios ou plus doux apparaissent sur le march\u00e9.<\/span><\/p>\n<p align=\"LEFT\"><span style=\"font-family: 'Times New Roman', serif\">Une des premi\u00e8res tendances est la demande de vins plus fruit\u00e9s et plus l\u00e9gers, dont les producteurs s&rsquo;acquittent via un processus de d\u00e9salcoolisation du vin qui permet d&rsquo;obtenir un vin moins fort en alcool mais toujours fruit\u00e9. <a href=\"http:\/\/blogs.univ-jfc.fr\/vigneetvin\/wp-content\/uploads\/sites\/56\/2017\/04\/vin.jpg\"><img loading=\"lazy\" class=\"alignleft wp-image-4935 size-full\" title=\"Vin blanc aromatis\u00e9 poire et g\u00e9n\u00e9pi. Source: site Wikim\u00e9dia commons Lien: https:\/\/commons.wikimedia.org\/wiki\/File:Vin_blanc_aromatis%C3%A9_poire-g%C3%A9n%C3%A9pi.jpg\" src=\"http:\/\/blogs.univ-jfc.fr\/vigneetvin\/wp-content\/uploads\/sites\/56\/2017\/04\/vin.jpg\" alt=\"\" width=\"259\" height=\"194\" \/><\/a>La demande de consommation de vin ros\u00e9 tout au long de l&rsquo;ann\u00e9e est grandissante, avec l&rsquo;exemple de vins ros\u00e9s aromatis\u00e9s tel celui au pamplemousse. Le bio conna\u00eet \u00e9galement un succ\u00e8s croissant avec l&rsquo;augmentation des consommateurs de vins bios et la conversion des vignobles en r\u00e9ponse. <\/span><\/p>\n<p align=\"LEFT\"><span style=\"font-family: 'Times New Roman', serif\">Ces nouvelles attentes, les producteurs peuvent y r\u00e9pondre avec des nouvelles vignes qui produiront le vin des 20 prochaines ann\u00e9es. Cependant, une contrainte appara\u00eet, avec la culture p\u00e9renne de ces vignes.<\/span><\/p>\n<p align=\"LEFT\"><span style=\"font-family: 'Times New Roman', serif\">D&rsquo;autres tendances sont visibles, li\u00e9es \u00e0 la mani\u00e8re de consommer le vin, comme le \u00ab\u00a0Doggy Bag\u00a0\u00bb, ou la consommation au verre, qui sont \u00e0 prendre en compte par les professionnels du m\u00e9tier.<\/span><\/p>\n<p align=\"LEFT\"><span style=\"font-family: 'Times New Roman', serif\">Les vins naturels, c<span style=\"font-size: medium\">\u2019est-\u00e0-dire des vins issus de vignes cultiv\u00e9es en bio ou en bio-dynamie, vinifi\u00e9s avec des levures indig\u00e8nes, peu ou pas filtr\u00e9s et sans ou avec peu de sulfites, ont la c\u00f4te ces derni\u00e8res ann\u00e9es. <a href=\"http:\/\/blogs.univ-jfc.fr\/vigneetvin\/wp-content\/uploads\/sites\/56\/2017\/04\/Listel_BIO.jpg\"><img loading=\"lazy\" class=\"alignleft wp-image-4937 size-medium\" title=\" Vin Biologique Source: site Wikim\u00e9dia commons Lien: https:\/\/fr.wikipedia.org\/wiki\/Fichier:Listel_BIO.jpg\" src=\"http:\/\/blogs.univ-jfc.fr\/vigneetvin\/wp-content\/uploads\/sites\/56\/2017\/04\/Listel_BIO-90x300.jpg\" alt=\"\" width=\"90\" height=\"300\" srcset=\"https:\/\/blogs.univ-jfc.fr\/vigneetvin\/wp-content\/uploads\/sites\/56\/2017\/04\/Listel_BIO-90x300.jpg 90w, https:\/\/blogs.univ-jfc.fr\/vigneetvin\/wp-content\/uploads\/sites\/56\/2017\/04\/Listel_BIO.jpg 306w\" sizes=\"(max-width: 90px) 100vw, 90px\" \/><\/a>Ce vin fait pol\u00e9mique dans le secteur car non-soumis \u00e0 une r\u00e9glementation particuli\u00e8re et donc parfois utilis\u00e9 comme couverture \u00e0 un mauvais vin de la part de vignerons malhonn\u00eates. Cependant il est en passe de s&rsquo;am\u00e9liorer puisque des cavistes traditionnels s&rsquo;y int\u00e9ressent,accroissant sa qualit\u00e9 et faisant mentir l&rsquo;image de ce vin comme effet de mode. Ainsi des consommateurs, en qu\u00eate de nouveaux go\u00fbts ou qui rejettent certains aspects du vin bio, comme par exemple l&rsquo;autorisation de traitement au cuivre dans les vignes, sont s\u00e9duits par le vin naturel.<\/span><\/span><\/p>\n<p align=\"LEFT\"><span style=\"font-family: 'Times New Roman', serif\">Le marketing fait aussi partie des nouvelles attentes et \u00e9volutions du march\u00e9 et a une part importante puisqu&rsquo;il permet de dynamiser l&rsquo;image et l&rsquo;\u00e9conomie du secteur. Des tendances sont pr\u00e9sentes dans le marketing des bouteilles de vins, \u00e0 savoir le passage aux bouteilles en verre all\u00e9g\u00e9, qui sont 15\u00a0% plus l\u00e9g\u00e8res et r\u00e9duisent donc de 15\u00a0% les \u00e9missions de CO2 , r\u00e9pondant ainsi \u00e0 une nouvelle d\u00e9marche plus \u00e9cologique de production. Une autre de ces \u00e9volution est le recours \u00e0 des flacons plus \u00e9l\u00e9gants et originaux, en verre lourd. <a href=\"http:\/\/blogs.univ-jfc.fr\/vigneetvin\/wp-content\/uploads\/sites\/56\/2017\/03\/champagne-collet-esprit-couture.jpg\"><img loading=\"lazy\" class=\"alignright wp-image-4515 size-medium\" title=\"Bouteille de champagne Source: Site de l'oenologie Lien: http:\/\/www.viticulture-oenologie-formation.fr\/vitioenoformlycee\/coup-de-coeur\/com\/degust-gd-champ-12-avril-2013\/liste-gd-champagne.html\" src=\"http:\/\/blogs.univ-jfc.fr\/vigneetvin\/wp-content\/uploads\/sites\/56\/2017\/03\/champagne-collet-esprit-couture-200x300.jpg\" alt=\"\" width=\"200\" height=\"300\" srcset=\"https:\/\/blogs.univ-jfc.fr\/vigneetvin\/wp-content\/uploads\/sites\/56\/2017\/03\/champagne-collet-esprit-couture-200x300.jpg 200w, https:\/\/blogs.univ-jfc.fr\/vigneetvin\/wp-content\/uploads\/sites\/56\/2017\/03\/champagne-collet-esprit-couture.jpg 250w\" sizes=\"(max-width: 200px) 100vw, 200px\" \/><\/a>L&rsquo;exclusivit\u00e9 de ces flacons permet de d\u00e9gager un apport \u00e9conomique, avec l&rsquo;exemple du 500<sup>e<\/sup> anniversaire de la Maison Joseph Mellot qui s&rsquo;est vu cr\u00e9er par des \u00e9tudiants de l&rsquo;Ecole Sup\u00e9rieure de l&rsquo;Art et des Techniques de Paris une bouteille dont le flacon, prim\u00e9, reproduit \u00e0 l&rsquo;identique la carte topographique du vignoble de Sancerre sous forme de s\u00e9rigraphie, et dont la Maison a l&rsquo;exclusivit\u00e9. <\/span><\/p>\n<p align=\"LEFT\"><span style=\"font-family: 'Times New Roman', serif\">Les bouchons de ces bouteilles font aussi l&rsquo;objet de changement ces derniers temps, avec la recherche d&rsquo;un bouchon plus esth\u00e9tique et plus pratique. Ainsi une des innovations dans ce domaine consid\u00e9r\u00e9e comme r\u00e9volutionnaire pour le packaging, est un bouchon de li\u00e8ge rainur\u00e9 <span style=\"font-size: medium\">qui se twiste \u00e0 l\u2019int\u00e9rieur du col d\u2019une bouteille dont le goulot est filet\u00e9, ce qui rend l&rsquo;utilisation du tire-bouchon inutile. Invention qui correspond parfaitement aux attentes de consommateurs toujours \u00e0 la recherche de bouteilles esth\u00e9tiques et pratiques.<\/span><\/span><\/p>\n<p align=\"LEFT\"><span style=\"font-family: 'Times New Roman', serif\">Cela permet aux producteurs adoptant ces m\u00e9thodes de se d\u00e9marquer des concurrents par un meilleur design, de nouveaux go\u00fbts et donc un plus grand d\u00e9sir d&rsquo;achat instinctif, appel\u00e9 \u00ab\u00a0achat d&rsquo;impulsion\u00a0\u00bb, de la part des consommateurs, les poussant ainsi davantage \u00e0 la consommation , au b\u00e9n\u00e9fice de tout le secteur.<\/span><\/p>\n","protected":false},"excerpt":{"rendered":"<p>Dans le secteur, les attentes et le profil des consommateurs \u00e9voluent. En cons\u00e9quences les acteurs de ce domaine se doivent de suivre les nouvelles tendances et r\u00e9pondre \u00e0 ces nouvelles attentes. Depuis quelques ann\u00e9es , de nouveaux types de vins sont commercialis\u00e9s en r\u00e9ponse \u00e0 ces \u00e9volutions de go\u00fbts. Ainsi des vins aromatis\u00e9s, bios ou &hellip; <a href=\"https:\/\/blogs.univ-jfc.fr\/vigneetvin\/les-metiers-de-la-vigne-et-du-vin\/le-monde-des-artisans-2\/les-vignerons\/un-vin-pour-tous-le-vin-a-la-conquete-des-societes-des-sexes-et-des-nations\/le-secteur-du-vin-et-les-nouvelles-attentes-des-consommateurs\/\" class=\"more-link\">Continuer la lecture de <span class=\"screen-reader-text\">Le secteur du vin et les nouvelles attentes des consommateurs<\/span> <span class=\"meta-nav\">&rarr;<\/span><\/a><\/p>\n","protected":false},"author":201,"featured_media":0,"parent":680,"menu_order":4,"comment_status":"closed","ping_status":"closed","template":"","meta":[],"_links":{"self":[{"href":"https:\/\/blogs.univ-jfc.fr\/vigneetvin\/wp-json\/wp\/v2\/pages\/2371"}],"collection":[{"href":"https:\/\/blogs.univ-jfc.fr\/vigneetvin\/wp-json\/wp\/v2\/pages"}],"about":[{"href":"https:\/\/blogs.univ-jfc.fr\/vigneetvin\/wp-json\/wp\/v2\/types\/page"}],"author":[{"embeddable":true,"href":"https:\/\/blogs.univ-jfc.fr\/vigneetvin\/wp-json\/wp\/v2\/users\/201"}],"replies":[{"embeddable":true,"href":"https:\/\/blogs.univ-jfc.fr\/vigneetvin\/wp-json\/wp\/v2\/comments?post=2371"}],"version-history":[{"count":7,"href":"https:\/\/blogs.univ-jfc.fr\/vigneetvin\/wp-json\/wp\/v2\/pages\/2371\/revisions"}],"predecessor-version":[{"id":5106,"href":"https:\/\/blogs.univ-jfc.fr\/vigneetvin\/wp-json\/wp\/v2\/pages\/2371\/revisions\/5106"}],"up":[{"embeddable":true,"href":"https:\/\/blogs.univ-jfc.fr\/vigneetvin\/wp-json\/wp\/v2\/pages\/680"}],"wp:attachment":[{"href":"https:\/\/blogs.univ-jfc.fr\/vigneetvin\/wp-json\/wp\/v2\/media?parent=2371"}],"curies":[{"name":"wp","href":"https:\/\/api.w.org\/{rel}","templated":true}]}}