{"id":2733,"date":"2017-03-16T09:29:41","date_gmt":"2017-03-16T08:29:41","guid":{"rendered":"http:\/\/blogs.univ-jfc.fr\/vigneetvin\/?page_id=2733"},"modified":"2017-03-16T09:29:41","modified_gmt":"2017-03-16T08:29:41","slug":"la-reconnaissance-dune-image-un-atout-pour-le-tourisme-regional","status":"publish","type":"page","link":"https:\/\/blogs.univ-jfc.fr\/vigneetvin\/la-culture-de-la-vigne\/vignes-et-terroirs\/la-construction-dune-image-de-qualite-autour-des-appellations-et-des-denominations\/la-reconnaissance-dune-image-un-atout-pour-le-tourisme-regional\/","title":{"rendered":"La reconnaissance d&rsquo;une image, un atout pour le tourisme r\u00e9gional"},"content":{"rendered":"<p class=\"western\" align=\"justify\"><span style=\"font-family: Times New Roman,serif\"><span style=\"font-size: medium\">Le vin fait partie du patrimoine culturel fran\u00e7ais et r\u00e9gional.<\/span><\/span><\/p>\n<p class=\"western\" align=\"justify\"><span style=\"font-family: Times New Roman,serif\"><span style=\"font-size: medium\">Le tourisme du vin, au cours des cinquante derni\u00e8res ann\u00e9es, s&rsquo;est d\u00e9velopper de deux fa\u00e7ons disjointes, l&rsquo;un axe sur le vin et l&rsquo;autre sur le tourisme. Cette derni\u00e8re est per\u00e7ue comme une opportunit\u00e9 commerciale, essayant de capter les flux de touristes afin de promouvoir l&rsquo;image de la r\u00e9gion avec des ventes directes. Ainsi il se d\u00e9veloppe un march\u00e9 tout autour du vin, de son patrimoine mat\u00e9riel et immat\u00e9riel. <\/span><\/span><\/p>\n<p class=\"western\" align=\"justify\"><span style=\"font-family: Times New Roman,serif\"><span style=\"font-size: medium\">Les r\u00e9gions et les appellations viticoles de France sont confront\u00e9s a un changement qui ne fut pas anticip\u00e9s, une mutation dans la demande touristique. R\u00e9sultat, elles peinent a cr\u00e9er des structures d&rsquo;oenotourismes en France, l\u00e0 ou les autres pays se sont adapt\u00e9s. Mais depuis une dizaine d&rsquo;ann\u00e9es, la France essaie de combler son retard par de nombreuses activit\u00e9s touristiques et un d\u00e9veloppement du marketing autour du vin accru.<\/span><\/span><\/p>\n<p class=\"western\" align=\"justify\"><span style=\"font-family: Times New Roman,serif\"><span style=\"font-size: medium\">Les appellations ont jou\u00e9 un r\u00f4le historique dans le d\u00e9veloppement du vin. L&rsquo;INAO a jou\u00e9 un r\u00f4le historique dans la promotion des vins et le label AOC en compte les terroirs et les paysages. L&rsquo;INAO incite les producteurs d&rsquo;AOC et leurs organismes techniques et administratifs \u00e0 se rapprocher des \u00e9lus, des consommateurs, des citoyens et des professionnels concern\u00e9s par la qualit\u00e9 des paysages, pour imaginer ensemble leur avenir et celui de leur r\u00e9gion.<\/span><\/span><\/p>\n","protected":false},"excerpt":{"rendered":"<p>Le vin fait partie du patrimoine culturel fran\u00e7ais et r\u00e9gional. Le tourisme du vin, au cours des cinquante derni\u00e8res ann\u00e9es, s&rsquo;est d\u00e9velopper de deux fa\u00e7ons disjointes, l&rsquo;un axe sur le vin et l&rsquo;autre sur le tourisme. Cette derni\u00e8re est per\u00e7ue comme une opportunit\u00e9 commerciale, essayant de capter les flux de touristes afin de promouvoir l&rsquo;image &hellip; <a href=\"https:\/\/blogs.univ-jfc.fr\/vigneetvin\/la-culture-de-la-vigne\/vignes-et-terroirs\/la-construction-dune-image-de-qualite-autour-des-appellations-et-des-denominations\/la-reconnaissance-dune-image-un-atout-pour-le-tourisme-regional\/\" class=\"more-link\">Continuer la lecture de <span class=\"screen-reader-text\">La reconnaissance d&rsquo;une image, un atout pour le tourisme r\u00e9gional<\/span> <span class=\"meta-nav\">&rarr;<\/span><\/a><\/p>\n","protected":false},"author":271,"featured_media":0,"parent":128,"menu_order":3,"comment_status":"closed","ping_status":"closed","template":"","meta":[],"_links":{"self":[{"href":"https:\/\/blogs.univ-jfc.fr\/vigneetvin\/wp-json\/wp\/v2\/pages\/2733"}],"collection":[{"href":"https:\/\/blogs.univ-jfc.fr\/vigneetvin\/wp-json\/wp\/v2\/pages"}],"about":[{"href":"https:\/\/blogs.univ-jfc.fr\/vigneetvin\/wp-json\/wp\/v2\/types\/page"}],"author":[{"embeddable":true,"href":"https:\/\/blogs.univ-jfc.fr\/vigneetvin\/wp-json\/wp\/v2\/users\/271"}],"replies":[{"embeddable":true,"href":"https:\/\/blogs.univ-jfc.fr\/vigneetvin\/wp-json\/wp\/v2\/comments?post=2733"}],"version-history":[{"count":1,"href":"https:\/\/blogs.univ-jfc.fr\/vigneetvin\/wp-json\/wp\/v2\/pages\/2733\/revisions"}],"predecessor-version":[{"id":2743,"href":"https:\/\/blogs.univ-jfc.fr\/vigneetvin\/wp-json\/wp\/v2\/pages\/2733\/revisions\/2743"}],"up":[{"embeddable":true,"href":"https:\/\/blogs.univ-jfc.fr\/vigneetvin\/wp-json\/wp\/v2\/pages\/128"}],"wp:attachment":[{"href":"https:\/\/blogs.univ-jfc.fr\/vigneetvin\/wp-json\/wp\/v2\/media?parent=2733"}],"curies":[{"name":"wp","href":"https:\/\/api.w.org\/{rel}","templated":true}]}}