{"id":2736,"date":"2017-03-16T09:37:13","date_gmt":"2017-03-16T08:37:13","guid":{"rendered":"http:\/\/blogs.univ-jfc.fr\/vigneetvin\/?page_id=2736"},"modified":"2017-03-23T00:25:52","modified_gmt":"2017-03-22T23:25:52","slug":"questions-de-lentretien","status":"publish","type":"page","link":"https:\/\/blogs.univ-jfc.fr\/vigneetvin\/questions-de-lentretien\/","title":{"rendered":"Questions de l&rsquo;entretien"},"content":{"rendered":"<p style=\"text-align: left\">Pouvez-vous d\u00e9finir votre m\u00e9tier ?<\/p>\n<p style=\"text-align: left\"><u>Pr\u00e9sentation du m\u00e9tier et du professionnel<\/u><\/p>\n<p style=\"text-align: left\">Depuis combien de temps exercez-vous ?<\/p>\n<p style=\"text-align: left\">Qu\u2019est ce qui varie dans votre travail ? (Mati\u00e8re, personnes rencontr\u00e9es, objectifs, lieux, etc. ?)<\/p>\n<p style=\"text-align: left\">Que pensez-vous de votre m\u00e9tier ? En quoi aimez-vous votre m\u00e9tier\u00a0?<\/p>\n<p style=\"text-align: left\">Travaillez-vous avec d\u2019autres personnes ?\u00a0 Comment communiquez-vous entre vous\u00a0? (directement, t\u00e9l\u00e9phone, courriel, etc.)<\/p>\n<p style=\"text-align: left\">Quelle relation avez-vous avec le client ou l\u2019usager de votre \u00e9tablissement et quel est le type de classe sociale que vous touchez le plus ?<\/p>\n<p style=\"text-align: left\">Quelles qualit\u00e9s psychologiques sont requises pour exercer votre m\u00e9tier\u00a0?<\/p>\n<p style=\"text-align: left\">Votre m\u00e9tier est-il port\u00e9 plus sur la vente ou sur l\u2019action vitivinicole\u00a0?<\/p>\n<p style=\"text-align: left\"><u>Formation<\/u><\/p>\n<p style=\"text-align: left\">Exercez-vous un m\u00e9tier en rapport avec vos \u00e9tudes ?<\/p>\n<p style=\"text-align: left\">Devez-vous suivre des formations r\u00e9guli\u00e8rement pour faire face \u00e0 l\u2019\u00e9volution de votre m\u00e9tier ?<\/p>\n<p style=\"text-align: left\">S\u2019agit-il d\u2019une reconversion professionnelle ?<\/p>\n<p style=\"text-align: left\">Devez-vous avoir un dipl\u00f4me ou une autorisation particuli\u00e8re pour vous installer\u00a0?<\/p>\n<p style=\"text-align: left\"><u>Le travail au quotidien<\/u><\/p>\n<p style=\"text-align: left\">Comment se d\u00e9roule une journ\u00e9e type ?<\/p>\n<p style=\"text-align: left\">Avez-vous des rapports avec la FNCI?<\/p>\n<p style=\"text-align: left\"><u>Normes et condition de travail<\/u><\/p>\n<p style=\"text-align: left\">En quoi l\u2019environnement et les conditions de travail sont-ils agr\u00e9ables ou p\u00e9nibles ou difficiles ?<\/p>\n<p style=\"text-align: left\">Quelles normes devez-vous respecter ?<\/p>\n","protected":false},"excerpt":{"rendered":"<p>Pouvez-vous d\u00e9finir votre m\u00e9tier ? Pr\u00e9sentation du m\u00e9tier et du professionnel Depuis combien de temps exercez-vous ? Qu\u2019est ce qui varie dans votre travail ? (Mati\u00e8re, personnes rencontr\u00e9es, objectifs, lieux, etc. ?) Que pensez-vous de votre m\u00e9tier ? En quoi aimez-vous votre m\u00e9tier\u00a0? Travaillez-vous avec d\u2019autres personnes ?\u00a0 Comment communiquez-vous entre vous\u00a0? (directement, t\u00e9l\u00e9phone, courriel, &hellip; <a href=\"https:\/\/blogs.univ-jfc.fr\/vigneetvin\/questions-de-lentretien\/\" class=\"more-link\">Continuer la lecture de <span class=\"screen-reader-text\">Questions de l&rsquo;entretien<\/span> <span class=\"meta-nav\">&rarr;<\/span><\/a><\/p>\n","protected":false},"author":273,"featured_media":0,"parent":0,"menu_order":0,"comment_status":"closed","ping_status":"closed","template":"","meta":[],"_links":{"self":[{"href":"https:\/\/blogs.univ-jfc.fr\/vigneetvin\/wp-json\/wp\/v2\/pages\/2736"}],"collection":[{"href":"https:\/\/blogs.univ-jfc.fr\/vigneetvin\/wp-json\/wp\/v2\/pages"}],"about":[{"href":"https:\/\/blogs.univ-jfc.fr\/vigneetvin\/wp-json\/wp\/v2\/types\/page"}],"author":[{"embeddable":true,"href":"https:\/\/blogs.univ-jfc.fr\/vigneetvin\/wp-json\/wp\/v2\/users\/273"}],"replies":[{"embeddable":true,"href":"https:\/\/blogs.univ-jfc.fr\/vigneetvin\/wp-json\/wp\/v2\/comments?post=2736"}],"version-history":[{"count":1,"href":"https:\/\/blogs.univ-jfc.fr\/vigneetvin\/wp-json\/wp\/v2\/pages\/2736\/revisions"}],"predecessor-version":[{"id":2783,"href":"https:\/\/blogs.univ-jfc.fr\/vigneetvin\/wp-json\/wp\/v2\/pages\/2736\/revisions\/2783"}],"wp:attachment":[{"href":"https:\/\/blogs.univ-jfc.fr\/vigneetvin\/wp-json\/wp\/v2\/media?parent=2736"}],"curies":[{"name":"wp","href":"https:\/\/api.w.org\/{rel}","templated":true}]}}