{"id":3001,"date":"2017-03-16T18:27:06","date_gmt":"2017-03-16T17:27:06","guid":{"rendered":"http:\/\/blogs.univ-jfc.fr\/vigneetvin\/?page_id=3001"},"modified":"2017-03-30T12:54:18","modified_gmt":"2017-03-30T11:54:18","slug":"la-maison-nicolas","status":"publish","type":"page","link":"https:\/\/blogs.univ-jfc.fr\/vigneetvin\/la-culture-de-la-vigne\/vignes-et-terroirs\/la-construction-dune-image-de-qualite-autour-des-appellations-et-des-denominations\/b-mise-en-scene-des-lieux-de-distribution-entre-respect-du-produit-et-marchandisation\/la-maison-nicolas\/","title":{"rendered":"La Maison Nicolas"},"content":{"rendered":"<p style=\"text-align: justify\">La Maison Nicolas est une enseigne fran\u00e7aise qui a \u00e9tait cr\u00e9\u00e9e en 1922 par Louis Nicolas. C\u2019est le premier \u00e0 proposer la vente de vin en bouteille et devient le premier caviste contemporain. Il \u00e9labore alors un nouveau march\u00e9. Son si\u00e8ge social est \u00e0 Thiais, dans le Val-de-Marne. Louis multiplie les ouvertures de magasins sp\u00e9cialis\u00e9s dans la vente du vin en France. Il est pass\u00e9 de 45 boutiques en 1900 \u00e0 138 en 1919 d&rsquo;apr\u00e8s les donn\u00e9es du site de la Maison Nicolas.<\/p>\n<p style=\"text-align: justify\">L\u2019enseigne se d\u00e9veloppe tr\u00e8s vite, sa r\u00e9ussite est du \u00e0 son adaptation aux nouvelles tendances et elle est aussi li\u00e9e \u00e0 son exportation en dehors des fronti\u00e8res fran\u00e7aises. La Maison innove \u00e9galement ses services. Par exemple, c\u2019est le premier \u00e0 proposer le Beaujolais nouveau en grande \u00e9chelle en 1966.<\/p>\n<figure id=\"attachment_3003\" aria-describedby=\"caption-attachment-3003\" style=\"width: 300px\" class=\"wp-caption aligncenter justify justify justify\"><a href=\"http:\/\/blogs.univ-jfc.fr\/vigneetvin\/wp-content\/uploads\/sites\/56\/2017\/03\/1024px-Paris_Nicolas_store_dsc00852.jpg\"><img loading=\"lazy\" class=\"wp-image-3003 size-medium\" title=\"Wikipedia.org\" src=\"http:\/\/blogs.univ-jfc.fr\/vigneetvin\/wp-content\/uploads\/sites\/56\/2017\/03\/1024px-Paris_Nicolas_store_dsc00852-300x225.jpg\" alt=\"\" width=\"300\" height=\"225\" srcset=\"https:\/\/blogs.univ-jfc.fr\/vigneetvin\/wp-content\/uploads\/sites\/56\/2017\/03\/1024px-Paris_Nicolas_store_dsc00852-300x225.jpg 300w, https:\/\/blogs.univ-jfc.fr\/vigneetvin\/wp-content\/uploads\/sites\/56\/2017\/03\/1024px-Paris_Nicolas_store_dsc00852-768x576.jpg 768w, https:\/\/blogs.univ-jfc.fr\/vigneetvin\/wp-content\/uploads\/sites\/56\/2017\/03\/1024px-Paris_Nicolas_store_dsc00852.jpg 1024w\" sizes=\"(max-width: 300px) 100vw, 300px\" \/><\/a><figcaption id=\"caption-attachment-3003\" class=\"wp-caption-text\">Magasin Nicolas Trocad\u00e9ro situ\u00e9 au 93 Avenue Kl\u00e9ber dans le XVI\u00e8me arrondissement<\/figcaption><\/figure>\n<p style=\"text-align: justify\">Les cavistes de Nicolas sont des professionnels et connaissent tr\u00e8s bien les produits gr\u00e2ce \u00e0 une formation de 5 semaines propos\u00e9e par la Maison Nicolas \u00e0 tous ces cavistes. La Maison Nicolas a sa propre \u00e9cole\u00a0: Ecole int\u00e9gr\u00e9e Nicolas.<\/p>\n<p>La marque est rachet\u00e9e en 1988 par le groupe Castel qui se d\u00e9veloppe en r\u00e9seau, le groupe ouvre 300 boutiques entre 1988<span style=\"color: #000000\">\u00a0 <\/span><span style=\"color: #000000\">et 2012 d&rsquo;apr\u00e8s les donn\u00e9es du site de la Maison Nicolas.<br \/>\n<\/span><\/p>\n<p style=\"text-align: left\">En 2016 le r\u00e9seau compte plus de 500 magasins dont 496 en France. Les autres boutiques se situent en Belgique, au Maroc, au Liban, au Royaume-Uni et en Suisse.<\/p>\n","protected":false},"excerpt":{"rendered":"<p>La Maison Nicolas est une enseigne fran\u00e7aise qui a \u00e9tait cr\u00e9\u00e9e en 1922 par Louis Nicolas. C\u2019est le premier \u00e0 proposer la vente de vin en bouteille et devient le premier caviste contemporain. Il \u00e9labore alors un nouveau march\u00e9. Son si\u00e8ge social est \u00e0 Thiais, dans le Val-de-Marne. Louis multiplie les ouvertures de magasins sp\u00e9cialis\u00e9s &hellip; <a href=\"https:\/\/blogs.univ-jfc.fr\/vigneetvin\/la-culture-de-la-vigne\/vignes-et-terroirs\/la-construction-dune-image-de-qualite-autour-des-appellations-et-des-denominations\/b-mise-en-scene-des-lieux-de-distribution-entre-respect-du-produit-et-marchandisation\/la-maison-nicolas\/\" class=\"more-link\">Continuer la lecture de <span class=\"screen-reader-text\">La Maison Nicolas<\/span> <span class=\"meta-nav\">&rarr;<\/span><\/a><\/p>\n","protected":false},"author":271,"featured_media":0,"parent":391,"menu_order":0,"comment_status":"closed","ping_status":"closed","template":"","meta":[],"_links":{"self":[{"href":"https:\/\/blogs.univ-jfc.fr\/vigneetvin\/wp-json\/wp\/v2\/pages\/3001"}],"collection":[{"href":"https:\/\/blogs.univ-jfc.fr\/vigneetvin\/wp-json\/wp\/v2\/pages"}],"about":[{"href":"https:\/\/blogs.univ-jfc.fr\/vigneetvin\/wp-json\/wp\/v2\/types\/page"}],"author":[{"embeddable":true,"href":"https:\/\/blogs.univ-jfc.fr\/vigneetvin\/wp-json\/wp\/v2\/users\/271"}],"replies":[{"embeddable":true,"href":"https:\/\/blogs.univ-jfc.fr\/vigneetvin\/wp-json\/wp\/v2\/comments?post=3001"}],"version-history":[{"count":13,"href":"https:\/\/blogs.univ-jfc.fr\/vigneetvin\/wp-json\/wp\/v2\/pages\/3001\/revisions"}],"predecessor-version":[{"id":4583,"href":"https:\/\/blogs.univ-jfc.fr\/vigneetvin\/wp-json\/wp\/v2\/pages\/3001\/revisions\/4583"}],"up":[{"embeddable":true,"href":"https:\/\/blogs.univ-jfc.fr\/vigneetvin\/wp-json\/wp\/v2\/pages\/391"}],"wp:attachment":[{"href":"https:\/\/blogs.univ-jfc.fr\/vigneetvin\/wp-json\/wp\/v2\/media?parent=3001"}],"curies":[{"name":"wp","href":"https:\/\/api.w.org\/{rel}","templated":true}]}}