{"id":308,"date":"2017-02-09T09:33:18","date_gmt":"2017-02-09T08:33:18","guid":{"rendered":"http:\/\/blogs.univ-jfc.fr\/vigneetvin\/?page_id=308"},"modified":"2017-03-30T08:27:34","modified_gmt":"2017-03-30T07:27:34","slug":"a-les-appellations-dorigine-dans-la-premiere-moitie-du-xx%e1%b5%89-siecle-creation-des-aoc-et-du-cnao","status":"publish","type":"page","link":"https:\/\/blogs.univ-jfc.fr\/vigneetvin\/la-culture-de-la-vigne\/vignes-et-terroirs\/mise-en-place-et-levolution-du-terroir-viticole-au-xxeme-siecle\/a-les-appellations-dorigine-dans-la-premiere-moitie-du-xx%e1%b5%89-siecle-creation-des-aoc-et-du-cnao\/","title":{"rendered":"Les appellations d\u2019origine dans la premi\u00e8re moiti\u00e9 du XX\u1d49 si\u00e8cle"},"content":{"rendered":"<p align=\"justify\"><span style=\"color: #000000\"><span style=\"font-family: Calibri,sans-serif\"><span style=\"font-size: medium\">Dans la premi<\/span><\/span><\/span><span style=\"color: #000000\"><span style=\"font-family: Calibri,sans-serif\"><span style=\"font-size: medium\">\u00e8re<\/span><\/span><\/span><span style=\"color: #000000\"><span style=\"font-family: Calibri,sans-serif\"><span style=\"font-size: medium\"> moiti\u00e9 du XX<\/span><\/span><\/span><span style=\"color: #000000\"><span style=\"font-family: Calibri,sans-serif\"><span style=\"font-size: medium\">\u1d49 <\/span><\/span><\/span><span style=\"color: #000000\"><span style=\"font-family: Calibri,sans-serif\"><span style=\"font-size: medium\">si\u00e8cle, l<\/span><\/span><\/span><span style=\"color: #000000\"><span style=\"font-family: Calibri,sans-serif\"><span style=\"font-size: medium\">\u2019ensemble agricole s\u2019organise en <\/span><\/span><\/span><span style=\"color: #000000\"><span style=\"font-family: Calibri,sans-serif\"><span style=\"font-size: medium\">associations, coop\u00e9ratives, <\/span><\/span><\/span><span style=\"color: #000000\"><span style=\"font-family: Calibri,sans-serif\"><span style=\"font-size: medium\">ou<\/span><\/span><\/span><span style=\"color: #000000\"><span style=\"font-family: Calibri,sans-serif\"><span style=\"font-size: medium\"> syndicats pour lutter contre le phylloxera, <\/span><\/span><\/span><span style=\"color: #000000\"><span style=\"font-family: Calibri,sans-serif\"><span style=\"font-size: medium\">reconsid\u00e9rer les vignobles<\/span><\/span><\/span> <span style=\"color: #000000\"><span style=\"font-family: Calibri,sans-serif\"><span style=\"font-size: medium\">et pallier <\/span><\/span><\/span><span style=\"color: #000000\"><span style=\"font-family: Calibri,sans-serif\"><span style=\"font-size: medium\">la<\/span><\/span><\/span><span style=\"color: #000000\"><span style=\"font-family: Calibri,sans-serif\"><span style=\"font-size: medium\"> p\u00e9nurie d\u2019achat des vins<\/span><\/span><\/span><span style=\"color: #000000\"><span style=\"font-family: Calibri,sans-serif\"><span style=\"font-size: medium\">.<\/span><\/span><\/span><\/p>\n<figure id=\"attachment_4340\" aria-describedby=\"caption-attachment-4340\" style=\"width: 502px\" class=\"wp-caption aligncenter\"><a href=\"http:\/\/blogs.univ-jfc.fr\/vigneetvin\/wp-content\/uploads\/sites\/56\/2017\/02\/loi-1919-2.jpg\"><img loading=\"lazy\" class=\"wp-image-4340\" title=\"revue bourgogne\" src=\"http:\/\/blogs.univ-jfc.fr\/vigneetvin\/wp-content\/uploads\/sites\/56\/2017\/02\/loi-1919-2-300x119.jpg\" alt=\"\" width=\"502\" height=\"199\" srcset=\"https:\/\/blogs.univ-jfc.fr\/vigneetvin\/wp-content\/uploads\/sites\/56\/2017\/02\/loi-1919-2-300x119.jpg 300w, https:\/\/blogs.univ-jfc.fr\/vigneetvin\/wp-content\/uploads\/sites\/56\/2017\/02\/loi-1919-2.jpg 603w\" sizes=\"(max-width: 502px) 100vw, 502px\" \/><\/a><figcaption id=\"caption-attachment-4340\" class=\"wp-caption-text\">Loi du 6 mai 1919<\/figcaption><\/figure>\n<p align=\"justify\"><span style=\"font-family: Calibri,sans-serif\"><span style=\"font-size: medium\"><span style=\"color: #000000\">L<\/span><span style=\"color: #000000\">a loi d<\/span><span style=\"color: #000000\">u 6 mai<\/span><span style=\"color: #000000\"> 1919<\/span> <span style=\"color: #000000\">r\u00e9clam\u00e9e par les producteurs <\/span><span style=\"color: #000000\">pour cesser la fraude et les abus<\/span><span style=\"color: #000000\">, d\u00e9coule de plusieurs Co<\/span><span style=\"color: #000000\">m<\/span><span style=\"color: #000000\">missions <\/span><span style=\"color: #000000\">ant\u00e9rieures \u00e0 <\/span><span style=\"color: #000000\">la Premi\u00e8re Guerre mondiale. <\/span><span style=\"color: #000000\">Elle est promulgu\u00e9e par le Parlement et<\/span> <span style=\"color: #000000\">instaure les appellation<\/span><span style=\"color: #000000\">s<\/span><span style=\"color: #000000\"> d\u2019origine. <\/span><span style=\"color: #000000\">Ainsi,<\/span> <span style=\"color: #000000\">l<\/span><span style=\"color: #000000\">a qualit\u00e9 du vin <\/span><span style=\"color: #000000\">change, ce n\u2019est plus le nom du n\u00e9gociant et le nom du village qui d\u00e9termine<\/span><span style=\"color: #000000\">nt<\/span><span style=\"color: #000000\"> la qualit\u00e9 d\u2019un vin, mais c\u2019est le savoir-faire et le lieu de provenance qui sont garants de la qualit\u00e9<\/span><span style=\"color: #000000\">. <\/span>Le d\u00e9cret-loi du 30 juillet 1935 instaure le <a href=\"http:\/\/blogs.univ-jfc.fr\/vigneetvin\/la-culture-de-la-vigne\/vignes-et-terroirs\/mise-en-place-et-levolution-du-terroir-viticole-au-xxeme-siecle\/cnao-inao\/\">Comit\u00e9 National des Appellations d\u2019Origine<\/a> (CNAO) dans le but de lutter contre la crise du secteur viticole, la loi de 1919 \u00e9tant un \u00e9chec car les proc\u00e9dures d\u2019obtention des appellations sont trop longues. Son objectif \u00e9tant de tracer les fronti\u00e8res des appellations tout en les contr\u00f4lant. Ainsi, l\u2019\u00e9tablissement du CNAO d\u00e9montre une volont\u00e9 profonde de cr\u00e9er un institut pour diriger les appellations d\u2019origine. L\u2019apparition du CNAO instaure et fortifie le terme de terroir du fait qu\u2019il prot\u00e8ge et promeut les appellations.<\/span><\/span><\/p>\n","protected":false},"excerpt":{"rendered":"<p>Dans la premi\u00e8re moiti\u00e9 du XX\u1d49 si\u00e8cle, l\u2019ensemble agricole s\u2019organise en associations, coop\u00e9ratives, ou syndicats pour lutter contre le phylloxera, reconsid\u00e9rer les vignobles et pallier la p\u00e9nurie d\u2019achat des vins. La loi du 6 mai 1919 r\u00e9clam\u00e9e par les producteurs pour cesser la fraude et les abus, d\u00e9coule de plusieurs Commissions ant\u00e9rieures \u00e0 la Premi\u00e8re &hellip; <a href=\"https:\/\/blogs.univ-jfc.fr\/vigneetvin\/la-culture-de-la-vigne\/vignes-et-terroirs\/mise-en-place-et-levolution-du-terroir-viticole-au-xxeme-siecle\/a-les-appellations-dorigine-dans-la-premiere-moitie-du-xx%e1%b5%89-siecle-creation-des-aoc-et-du-cnao\/\" class=\"more-link\">Continuer la lecture de <span class=\"screen-reader-text\">Les appellations d\u2019origine dans la premi\u00e8re moiti\u00e9 du XX\u1d49 si\u00e8cle<\/span> <span class=\"meta-nav\">&rarr;<\/span><\/a><\/p>\n","protected":false},"author":271,"featured_media":0,"parent":121,"menu_order":1,"comment_status":"closed","ping_status":"closed","template":"","meta":[],"_links":{"self":[{"href":"https:\/\/blogs.univ-jfc.fr\/vigneetvin\/wp-json\/wp\/v2\/pages\/308"}],"collection":[{"href":"https:\/\/blogs.univ-jfc.fr\/vigneetvin\/wp-json\/wp\/v2\/pages"}],"about":[{"href":"https:\/\/blogs.univ-jfc.fr\/vigneetvin\/wp-json\/wp\/v2\/types\/page"}],"author":[{"embeddable":true,"href":"https:\/\/blogs.univ-jfc.fr\/vigneetvin\/wp-json\/wp\/v2\/users\/271"}],"replies":[{"embeddable":true,"href":"https:\/\/blogs.univ-jfc.fr\/vigneetvin\/wp-json\/wp\/v2\/comments?post=308"}],"version-history":[{"count":12,"href":"https:\/\/blogs.univ-jfc.fr\/vigneetvin\/wp-json\/wp\/v2\/pages\/308\/revisions"}],"predecessor-version":[{"id":4438,"href":"https:\/\/blogs.univ-jfc.fr\/vigneetvin\/wp-json\/wp\/v2\/pages\/308\/revisions\/4438"}],"up":[{"embeddable":true,"href":"https:\/\/blogs.univ-jfc.fr\/vigneetvin\/wp-json\/wp\/v2\/pages\/121"}],"wp:attachment":[{"href":"https:\/\/blogs.univ-jfc.fr\/vigneetvin\/wp-json\/wp\/v2\/media?parent=308"}],"curies":[{"name":"wp","href":"https:\/\/api.w.org\/{rel}","templated":true}]}}