{"id":3389,"date":"2017-03-23T14:54:58","date_gmt":"2017-03-23T13:54:58","guid":{"rendered":"http:\/\/blogs.univ-jfc.fr\/vigneetvin\/?page_id=3389"},"modified":"2017-03-30T08:05:23","modified_gmt":"2017-03-30T07:05:23","slug":"decavaillonneuse","status":"publish","type":"page","link":"https:\/\/blogs.univ-jfc.fr\/vigneetvin\/gaillac-et-le-vin\/une-histoire-du-vignoble-gaillacois\/le-vignoble-gaillacois-au-xixe-siecle\/i-la-revolution-industrielle-une-profonde-mutation-sur-le-vignoble\/b-ladaptation-de-loutillage-et-les-nouvelles-techniques-pour-lindustrialisation\/decavaillonneuse\/","title":{"rendered":"D\u00e9cavaillonneuse"},"content":{"rendered":"<p align=\"justify\">La d\u00e9cavaillonneuse est un outil permettant de travailler la terre entre les plants de vignes ce qui permet pas la suite de faciliter l&rsquo;entretien des plants, l&rsquo;outil \u00e9tait alors tract\u00e9 par un animal.<\/p>\n<figure id=\"attachment_3543\" aria-describedby=\"caption-attachment-3543\" style=\"width: 300px\" class=\"wp-caption aligncenter\"><a href=\"http:\/\/blogs.univ-jfc.fr\/vigneetvin\/wp-content\/uploads\/sites\/56\/2017\/03\/d\u00e9cavaillonneuse.jpg\"><img loading=\"lazy\" class=\"size-medium wp-image-3543\" src=\"http:\/\/blogs.univ-jfc.fr\/vigneetvin\/wp-content\/uploads\/sites\/56\/2017\/03\/d\u00e9cavaillonneuse-300x217.jpg\" alt=\"\" width=\"300\" height=\"217\" srcset=\"https:\/\/blogs.univ-jfc.fr\/vigneetvin\/wp-content\/uploads\/sites\/56\/2017\/03\/d\u00e9cavaillonneuse-300x217.jpg 300w, https:\/\/blogs.univ-jfc.fr\/vigneetvin\/wp-content\/uploads\/sites\/56\/2017\/03\/d\u00e9cavaillonneuse-768x554.jpg 768w, https:\/\/blogs.univ-jfc.fr\/vigneetvin\/wp-content\/uploads\/sites\/56\/2017\/03\/d\u00e9cavaillonneuse-1024x739.jpg 1024w, https:\/\/blogs.univ-jfc.fr\/vigneetvin\/wp-content\/uploads\/sites\/56\/2017\/03\/d\u00e9cavaillonneuse.jpg 1111w\" sizes=\"(max-width: 300px) 100vw, 300px\" \/><\/a><figcaption id=\"caption-attachment-3543\" class=\"wp-caption-text\">Publicit\u00e9 du d\u00e9but du XXe si\u00e8cle pour une d\u00e9cavaillonneuse<\/figcaption><\/figure>\n","protected":false},"excerpt":{"rendered":"<p>La d\u00e9cavaillonneuse est un outil permettant de travailler la terre entre les plants de vignes ce qui permet pas la suite de faciliter l&rsquo;entretien des plants, l&rsquo;outil \u00e9tait alors tract\u00e9 par un animal.<\/p>\n","protected":false},"author":197,"featured_media":0,"parent":705,"menu_order":5,"comment_status":"closed","ping_status":"closed","template":"","meta":[],"_links":{"self":[{"href":"https:\/\/blogs.univ-jfc.fr\/vigneetvin\/wp-json\/wp\/v2\/pages\/3389"}],"collection":[{"href":"https:\/\/blogs.univ-jfc.fr\/vigneetvin\/wp-json\/wp\/v2\/pages"}],"about":[{"href":"https:\/\/blogs.univ-jfc.fr\/vigneetvin\/wp-json\/wp\/v2\/types\/page"}],"author":[{"embeddable":true,"href":"https:\/\/blogs.univ-jfc.fr\/vigneetvin\/wp-json\/wp\/v2\/users\/197"}],"replies":[{"embeddable":true,"href":"https:\/\/blogs.univ-jfc.fr\/vigneetvin\/wp-json\/wp\/v2\/comments?post=3389"}],"version-history":[{"count":4,"href":"https:\/\/blogs.univ-jfc.fr\/vigneetvin\/wp-json\/wp\/v2\/pages\/3389\/revisions"}],"predecessor-version":[{"id":4302,"href":"https:\/\/blogs.univ-jfc.fr\/vigneetvin\/wp-json\/wp\/v2\/pages\/3389\/revisions\/4302"}],"up":[{"embeddable":true,"href":"https:\/\/blogs.univ-jfc.fr\/vigneetvin\/wp-json\/wp\/v2\/pages\/705"}],"wp:attachment":[{"href":"https:\/\/blogs.univ-jfc.fr\/vigneetvin\/wp-json\/wp\/v2\/media?parent=3389"}],"curies":[{"name":"wp","href":"https:\/\/api.w.org\/{rel}","templated":true}]}}