{"id":3666,"date":"2017-03-27T14:54:23","date_gmt":"2017-03-27T13:54:23","guid":{"rendered":"http:\/\/blogs.univ-jfc.fr\/vigneetvin\/?page_id=3666"},"modified":"2017-04-14T16:19:43","modified_gmt":"2017-04-14T15:19:43","slug":"le-vin-un-produit-complexe","status":"publish","type":"page","link":"https:\/\/blogs.univ-jfc.fr\/vigneetvin\/gaillac-et-le-vin\/techniques-et-exploitations-vini-viticoles\/les-techniques-de-vinifications-a-lepoque-moderne\/les-apports-scientifiques-a-lepoque-moderne\/le-vin-un-produit-complexe\/","title":{"rendered":"Le vin, un produit complexe"},"content":{"rendered":"<p align=\"justify\">Le vin peut se d\u00e9finir comme \u00ab le produit obtenu exclusivement par la fermentation alcoolique, totale ou partielle, de raisins frais, foul\u00e9s ou non, ou de mo\u00fbt de raisin. \u00bb . Comment se fait le vin ? C\u2019est l\u2019une des premi\u00e8res questions qu\u2019il faut se poser lorsqu\u2019on \u00e9tudie le vin et plus pr\u00e9cis\u00e9ment les techniques de vinification. C\u2019est un processus biologique tr\u00e8s simple. On \u00e9crase le vin, on l\u2019abandonne \u00e0 lui-m\u00eame, de l\u00e0 se produit une \u00e9bullition spontan\u00e9e issue de la production de dioxyde de carbone, le go\u00fbt sucr\u00e9 disparait et la vinosit\u00e9 de l\u2019alcool se d\u00e9veloppe : c\u2019est la fermentation. Une fois fait, c\u2019est un produit stable et transportable.<\/p>\n<p align=\"justify\"><a href=\"http:\/\/blogs.univ-jfc.fr\/vigneetvin\/loenologie\/\">L&rsquo;\u0153nologie<\/a> est la plus ancienne des biotechnologies. Plusieurs bact\u00e9ries sont impliqu\u00e9es dans la vinification. La fermentation c\u2019est la transformation du sucre en alcool. Cela s\u2019explique par le d\u00e9veloppement des cellules de levure, bact\u00e9rie d\u00e9couverte \u00e0 l\u2019\u00e9poque moderne, en ana\u00e9robie.\u00a0Pour la conservation en barrique par exemple, la technique repose sur la combustion de la m\u00e8che de souffre, qui en br\u00fblant forme avec l\u2019oxyg\u00e8ne pr\u00e9sente dans l\u2019air de l\u2019anhydride sulfureux. Cette m\u00e9thode date du XVIIIe.<\/p>\n<p align=\"justify\">Le processus de vinification est le m\u00eame pour tous les vins mais les facteurs de cette transformation diff\u00e8rent. En effet, chaque vin est \u00e9labor\u00e9 selon une m\u00e9thode qui lui est particuli\u00e8re. Pour le vin de Gaillac, cette m\u00e9thode est tr\u00e8s ancienne et fait la r\u00e9putation du vignoble gaillacois, elle date de 1591 et s\u2019\u00e9labore de fa\u00e7on naturelle sans adjonctions de sucre pour la prise de mousse ni de liqueur d\u2019exp\u00e9dition pour le dosage du vin. C\u2019est uniquement le sucre du raisin qui, tout au long du processus, assure la fermentation.<\/p>\n<p align=\"justify\">L\u2019autre m\u00e9thode qui a fait la r\u00e9putation de Gaillac est la <a href=\"http:\/\/blogs.univ-jfc.fr\/vigneetvin\/methode-champenoise\/\">m\u00e9thode \u00ab champenoise \u00bb<\/a>. C\u2019est une m\u00e9thode traditionnelle que nous allons voir chronologiquement gr\u00e2ce \u00e0 l\u2019explication donn\u00e9e par le propri\u00e9taire du mus\u00e9e Invincible Vigneron. Dans un premier temps, le raisin vendang\u00e9 \u00e0 la main est plac\u00e9 dans un panier \u00ab mannequin \u00bb \u00e0 une temp\u00e9rature d\u2019environ 11 degr\u00e9s Celsius.<\/p>\n<figure id=\"attachment_4196\" aria-describedby=\"caption-attachment-4196\" style=\"width: 494px\" class=\"wp-caption aligncenter\"><a href=\"http:\/\/blogs.univ-jfc.fr\/vigneetvin\/wp-content\/uploads\/sites\/56\/2017\/03\/cours-complet-dagriculture.png\"><img loading=\"lazy\" class=\"wp-image-4196 size-full\" src=\"http:\/\/blogs.univ-jfc.fr\/vigneetvin\/wp-content\/uploads\/sites\/56\/2017\/03\/cours-complet-dagriculture.png\" alt=\"\" width=\"494\" height=\"674\" srcset=\"https:\/\/blogs.univ-jfc.fr\/vigneetvin\/wp-content\/uploads\/sites\/56\/2017\/03\/cours-complet-dagriculture.png 494w, https:\/\/blogs.univ-jfc.fr\/vigneetvin\/wp-content\/uploads\/sites\/56\/2017\/03\/cours-complet-dagriculture-220x300.png 220w\" sizes=\"(max-width: 494px) 100vw, 494px\" \/><\/a><figcaption id=\"caption-attachment-4196\" class=\"wp-caption-text\">frontispice de l&rsquo;ouvrage Cours complet d&rsquo;agriculture de l&rsquo;Abb\u00e9 Rozier<\/figcaption><\/figure>\n<p align=\"justify\">A l\u2019\u00e9poque moderne, <a href=\"http:\/\/blogs.univ-jfc.fr\/vigneetvin\/labbe-rozier\/\">Rozier<\/a> se pr\u00e9occupe de la qualit\u00e9 des fermentations, qui doivent \u00eatre r\u00e9guli\u00e8res et porter sur des volumes homog\u00e8nes. Comme on l\u2019a vu dans la partie deux, la fermentation se fait dans les cuves pr\u00e9sentes dans les chais. Il pr\u00e9conise l\u2019\u00e9grappage, quel que soit le niveau de maturit\u00e9 du raisin. <a href=\"http:\/\/blogs.univ-jfc.fr\/vigneetvin\/labbe-rozier\/\">Rozier<\/a> a constat\u00e9 les m\u00e9faits de la fermentation irr\u00e9guli\u00e8re en raison d\u2019apports \u00e9tal\u00e9s dans le temps. Ainsi il recommande un remplissage journalier des cuves pour avoir des fermentations homog\u00e8nes. Des apports trop \u00e9tal\u00e9s dans le temps entra\u00eenent des diff\u00e9rences d\u2019\u00e9tats ; l\u2019agitation du mo\u00fbt reprend, le degr\u00e9 de chaleur n\u2019est pas homog\u00e8ne dans la cuve. Il en d\u00e9duit des circonstances d\u00e9favorables \u00e0 une fermentation r\u00e9guli\u00e8re et homog\u00e8ne. \u00ab Ainsi, quand on jette en plusieurs jours diff\u00e9rents, la vendange dans la cuve, on alt\u00e8re la continuit\u00e9 de la fermentation, on la d\u00e9range dans cette op\u00e9ration, on rompt cette cro\u00fbte n\u00e9cessaire, on donne plus d&rsquo;issue au gaz, enfin on diminue la qualit\u00e9 du vin. \u00bb<\/p>\n<p>A l\u2019\u00e9poque moderne, on commence \u00e0 comprendre que le vin est un produit complexe et on lui donne une importance scientifique.<\/p>\n","protected":false},"excerpt":{"rendered":"<p>Le vin peut se d\u00e9finir comme \u00ab le produit obtenu exclusivement par la fermentation alcoolique, totale ou partielle, de raisins frais, foul\u00e9s ou non, ou de mo\u00fbt de raisin. \u00bb . Comment se fait le vin ? C\u2019est l\u2019une des premi\u00e8res questions qu\u2019il faut se poser lorsqu\u2019on \u00e9tudie le vin et plus pr\u00e9cis\u00e9ment les techniques &hellip; <a href=\"https:\/\/blogs.univ-jfc.fr\/vigneetvin\/gaillac-et-le-vin\/techniques-et-exploitations-vini-viticoles\/les-techniques-de-vinifications-a-lepoque-moderne\/les-apports-scientifiques-a-lepoque-moderne\/le-vin-un-produit-complexe\/\" class=\"more-link\">Continuer la lecture de <span class=\"screen-reader-text\">Le vin, un produit complexe<\/span> <span class=\"meta-nav\">&rarr;<\/span><\/a><\/p>\n","protected":false},"author":196,"featured_media":0,"parent":728,"menu_order":0,"comment_status":"closed","ping_status":"closed","template":"","meta":[],"_links":{"self":[{"href":"https:\/\/blogs.univ-jfc.fr\/vigneetvin\/wp-json\/wp\/v2\/pages\/3666"}],"collection":[{"href":"https:\/\/blogs.univ-jfc.fr\/vigneetvin\/wp-json\/wp\/v2\/pages"}],"about":[{"href":"https:\/\/blogs.univ-jfc.fr\/vigneetvin\/wp-json\/wp\/v2\/types\/page"}],"author":[{"embeddable":true,"href":"https:\/\/blogs.univ-jfc.fr\/vigneetvin\/wp-json\/wp\/v2\/users\/196"}],"replies":[{"embeddable":true,"href":"https:\/\/blogs.univ-jfc.fr\/vigneetvin\/wp-json\/wp\/v2\/comments?post=3666"}],"version-history":[{"count":7,"href":"https:\/\/blogs.univ-jfc.fr\/vigneetvin\/wp-json\/wp\/v2\/pages\/3666\/revisions"}],"predecessor-version":[{"id":4872,"href":"https:\/\/blogs.univ-jfc.fr\/vigneetvin\/wp-json\/wp\/v2\/pages\/3666\/revisions\/4872"}],"up":[{"embeddable":true,"href":"https:\/\/blogs.univ-jfc.fr\/vigneetvin\/wp-json\/wp\/v2\/pages\/728"}],"wp:attachment":[{"href":"https:\/\/blogs.univ-jfc.fr\/vigneetvin\/wp-json\/wp\/v2\/media?parent=3666"}],"curies":[{"name":"wp","href":"https:\/\/api.w.org\/{rel}","templated":true}]}}