{"id":3668,"date":"2017-03-27T14:55:00","date_gmt":"2017-03-27T13:55:00","guid":{"rendered":"http:\/\/blogs.univ-jfc.fr\/vigneetvin\/?page_id=3668"},"modified":"2017-03-27T14:56:06","modified_gmt":"2017-03-27T13:56:06","slug":"levolution-du-pied-de-vigne","status":"publish","type":"page","link":"https:\/\/blogs.univ-jfc.fr\/vigneetvin\/gaillac-et-le-vin\/techniques-et-exploitations-vini-viticoles\/les-techniques-de-vinifications-a-lepoque-moderne\/les-apports-scientifiques-a-lepoque-moderne\/levolution-du-pied-de-vigne\/","title":{"rendered":"L&rsquo;\u00e9volution du pied de vigne"},"content":{"rendered":"<p align=\"justify\">Le pied de vigne est la base de la production du vin. Tout au long de l\u2019ann\u00e9e, les viticulteurs exercent sur le pied de vigne, qui est soumis \u00e0 un cycle v\u00e9g\u00e9tatif, des activit\u00e9s pour le prot\u00e9ger, l\u2019entretenir et r\u00e9colter le produit qu\u2019il fournit, le raisin. Le travail sur le pied est n\u00e9cessaire car toute la production en d\u00e9pend.<\/p>\n<p align=\"justify\">Avant l\u2019\u00e9poque Moderne, les pieds de vigne ne sont pas plant\u00e9s en ligne mais de mani\u00e8re al\u00e9atoire et donc le travail est uniquement effectu\u00e9 par le viticulteur sans traction animale. \u00c0 une \u00e9poque o\u00f9 la culture en foule et le provignage sont la norme, <a href=\"http:\/\/blogs.univ-jfc.fr\/vigneetvin\/olivier-de-serres\/\">Olivier de Serres<\/a> pr\u00e9conise la plantation en ligne et en carr\u00e9, qui permet l&rsquo;utilisation de la traction animale. Une des pr\u00e9occupations de l&rsquo;agronome est la st\u00e9rilit\u00e9 de certaines souches \u00ab Quelques noms qu&rsquo;aient nos vignes, n&rsquo;importe, pourvu qu&rsquo;elles soient de la bont\u00e9 requise \u00bb. <a href=\"http:\/\/blogs.univ-jfc.fr\/vigneetvin\/olivier-de-serres\/\">Olivier de Serres<\/a> pr\u00e9conise donc le greffage qui a \u00e9galement l&rsquo;avantage de diversifier l&rsquo;enc\u00e9pagement et les saveurs du vin.<\/p>\n<p align=\"justify\">Cependant, la greffe \u00e0 l\u2019\u00e9poque moderne n\u2019est pas ou tr\u00e8s peu pratiqu\u00e9e. En effet, les maladies ne sont pas r\u00e9pandues, seules les chenilles attaquent la vigne. Ces attaques de chenilles sont trait\u00e9es par le viticulteur qui les tue \u00e0 la main sur les feuilles de vigne.<\/p>\n<p align=\"justify\">Le travail sur la vigne est inchang\u00e9 depuis l\u2019Antiquit\u00e9 ; en effet, selon les diff\u00e9rentes p\u00e9riodes du cycle v\u00e9g\u00e9tatif du pied, certains travaux sp\u00e9cifiques doivent \u00eatre faits. Lors de la p\u00e9riode hivernale, o\u00f9 le pied de vigne est fragilis\u00e9, le viticulteur doit recouvrir le pied de terre pour le prot\u00e9ger du froid. C\u2019est une \u00e9tape qui a lieu avant les grands froids et les baisses de temp\u00e9rature. Dans les vignobles gaillacois, elle a lieu mais n\u2019est pas une n\u00e9cessit\u00e9 car les temp\u00e9ratures ne descendent pas tr\u00e8s bas, elle se r\u00e9alise manuellement \u00e0 l\u2019aide d\u2019une b\u00eache.<\/p>\n<p align=\"justify\">En suivant, de l\u2019engrais est utilis\u00e9 pour enrichir le sol. Pour le territoire de Gaillac, les seigneurs ont dispos\u00e9 des pigeonniers ou des colombiers sur les vignobles du fait de la d\u00e9cision en 1682 de <a href=\"http:\/\/blogs.univ-jfc.fr\/vigneetvin\/simon-dolive\/\">Simon d\u2019Olive<\/a> de donner acc\u00e8s \u00e0 un pigeonnier dans le Tarn. Cette d\u00e9cision permet d\u2019avoir les excr\u00e9ments pour l\u2019\u00e9tendre et s\u2019en servir d\u2019engrais. A l\u2019\u00e9poque Moderne, seul cet engrais est utilis\u00e9 sur la terre et donc pour la vigne. Le viticulteur doit ensuite entretenir le domaine o\u00f9 les vignes sont plant\u00e9es. En effet, il doit avec une b\u00eache arracher les mauvaises herbes autour de la vigne pour s\u2019assurer le meilleur d\u00e9veloppement possible du pied de vigne et donc du raisin par la suite.<br \/>\nLa taille est le travail le plus important et indispensable sur le pied de vigne. En effet, cette \u00e9tape est r\u00e9alis\u00e9e par le viticulteur \u00e0 l\u2019aide d\u2019une serpette et va permettre un bon d\u00e9veloppement du pied et la meilleure production possible. La m\u00e9thode de taille est la m\u00eame depuis l\u2019antiquit\u00e9.<\/p>\n<p align=\"justify\">Enfin, la vendange, est la derni\u00e8re \u00e9tape qui permet de pr\u00e9lever le raisin et que le viticulteur exerce sur le pied durant un cycle v\u00e9g\u00e9tatif. A l\u2019\u00e9poque Moderne, l\u2019agronome <a href=\"http:\/\/blogs.univ-jfc.fr\/vigneetvin\/labbe-rozier\/\">Fran\u00e7ois Rozier<\/a> reprend les pr\u00e9ceptes ancestraux, en vigueur depuis les G\u00e9oponiques pour les vendanges. \u00ab Le temps le plus convenable pour vendanger est fix\u00e9 par l&rsquo;inspection des grappes ; principe incontestable. \u00bb.\u00a0Les m\u00e9thodes d\u2019action sur la vigne restent donc identiques \u00e0 celles des si\u00e8cles pr\u00e9c\u00e9dents, en effet les outils utilis\u00e9s sont les m\u00eames, la serpette et la b\u00eache, et les \u00e9tapes sont aussi \u00e9quivalentes.<\/p>\n<p align=\"justify\">Cependant, \u00e0 l\u2019\u00e9poque Moderne de nouvelles d\u00e9couvertes apparaissent. Par exemple, <a href=\"http:\/\/blogs.univ-jfc.fr\/vigneetvin\/olivier-de-serres\/\">Olivier de Serres<\/a> recommande, comme vu pr\u00e9c\u00e9demment, la plantation en ligne pour permettre la traction animale. Ensuite, <a href=\"http:\/\/blogs.univ-jfc.fr\/vigneetvin\/labbe-rozier\/\">Fran\u00e7ois Rozier<\/a> met en \u00e9vidence au niveau de la vigne une place fondamentale \u00e0 la s\u00e8ve, dans le d\u00e9veloppement v\u00e9g\u00e9tatif et qualitatif de la vigne. Les encyclop\u00e9dies montrent aussi une g\u00e9n\u00e9ralisation de la viticulture. Sous l\u2019Ancien R\u00e9gime, les scientifiques tel que Diderot et d\u2019Alembert cherchent \u00e0 rendre accessible le savoir qui rentre dans le principe collectif, le savoir se d\u00e9mocratise.<br \/>\nOn peut ainsi voir que sous l\u2019Ancien R\u00e9gime l\u2019agronomie devient une science \u00e0 part enti\u00e8re et que le pied de vigne est un sujet d\u2019\u00e9tude pour les agronomes mais aussi pour les encyclop\u00e9distes.<\/p>\n<p align=\"justify\"><a href=\"http:\/\/blogs.univ-jfc.fr\/vigneetvin\/wp-content\/uploads\/sites\/56\/2017\/03\/Capture-d\u2019\u00e9cran-2017-03-27-\u00e0-14.37.51.png\"><img loading=\"lazy\" class=\"aligncenter wp-image-3652 size-full\" src=\"http:\/\/blogs.univ-jfc.fr\/vigneetvin\/wp-content\/uploads\/sites\/56\/2017\/03\/Capture-d\u2019\u00e9cran-2017-03-27-\u00e0-14.37.51.png\" alt=\"\" width=\"413\" height=\"714\" srcset=\"https:\/\/blogs.univ-jfc.fr\/vigneetvin\/wp-content\/uploads\/sites\/56\/2017\/03\/Capture-d\u2019\u00e9cran-2017-03-27-\u00e0-14.37.51.png 413w, https:\/\/blogs.univ-jfc.fr\/vigneetvin\/wp-content\/uploads\/sites\/56\/2017\/03\/Capture-d\u2019\u00e9cran-2017-03-27-\u00e0-14.37.51-174x300.png 174w\" sizes=\"(max-width: 413px) 100vw, 413px\" \/><\/a><\/p>\n","protected":false},"excerpt":{"rendered":"<p>Le pied de vigne est la base de la production du vin. Tout au long de l\u2019ann\u00e9e, les viticulteurs exercent sur le pied de vigne, qui est soumis \u00e0 un cycle v\u00e9g\u00e9tatif, des activit\u00e9s pour le prot\u00e9ger, l\u2019entretenir et r\u00e9colter le produit qu\u2019il fournit, le raisin. Le travail sur le pied est n\u00e9cessaire car toute &hellip; <a href=\"https:\/\/blogs.univ-jfc.fr\/vigneetvin\/gaillac-et-le-vin\/techniques-et-exploitations-vini-viticoles\/les-techniques-de-vinifications-a-lepoque-moderne\/les-apports-scientifiques-a-lepoque-moderne\/levolution-du-pied-de-vigne\/\" class=\"more-link\">Continuer la lecture de <span class=\"screen-reader-text\">L&rsquo;\u00e9volution du pied de vigne<\/span> <span class=\"meta-nav\">&rarr;<\/span><\/a><\/p>\n","protected":false},"author":196,"featured_media":0,"parent":728,"menu_order":0,"comment_status":"closed","ping_status":"closed","template":"","meta":[],"_links":{"self":[{"href":"https:\/\/blogs.univ-jfc.fr\/vigneetvin\/wp-json\/wp\/v2\/pages\/3668"}],"collection":[{"href":"https:\/\/blogs.univ-jfc.fr\/vigneetvin\/wp-json\/wp\/v2\/pages"}],"about":[{"href":"https:\/\/blogs.univ-jfc.fr\/vigneetvin\/wp-json\/wp\/v2\/types\/page"}],"author":[{"embeddable":true,"href":"https:\/\/blogs.univ-jfc.fr\/vigneetvin\/wp-json\/wp\/v2\/users\/196"}],"replies":[{"embeddable":true,"href":"https:\/\/blogs.univ-jfc.fr\/vigneetvin\/wp-json\/wp\/v2\/comments?post=3668"}],"version-history":[{"count":2,"href":"https:\/\/blogs.univ-jfc.fr\/vigneetvin\/wp-json\/wp\/v2\/pages\/3668\/revisions"}],"predecessor-version":[{"id":3671,"href":"https:\/\/blogs.univ-jfc.fr\/vigneetvin\/wp-json\/wp\/v2\/pages\/3668\/revisions\/3671"}],"up":[{"embeddable":true,"href":"https:\/\/blogs.univ-jfc.fr\/vigneetvin\/wp-json\/wp\/v2\/pages\/728"}],"wp:attachment":[{"href":"https:\/\/blogs.univ-jfc.fr\/vigneetvin\/wp-json\/wp\/v2\/media?parent=3668"}],"curies":[{"name":"wp","href":"https:\/\/api.w.org\/{rel}","templated":true}]}}