{"id":42,"date":"2017-01-14T07:29:22","date_gmt":"2017-01-14T06:29:22","guid":{"rendered":"http:\/\/blogs.univ-jfc.fr\/vigneetvin\/?page_id=42"},"modified":"2017-03-21T18:34:46","modified_gmt":"2017-03-21T17:34:46","slug":"la-periode-moderne-xvie-xviiie-siecles","status":"publish","type":"page","link":"https:\/\/blogs.univ-jfc.fr\/vigneetvin\/usages-et-consommation-du-vin-une-approche-periodique\/la-periode-moderne-xvie-xviiie-siecles\/","title":{"rendered":"La p\u00e9riode moderne (XVIe-XVIIIe si\u00e8cles)"},"content":{"rendered":"<figure id=\"attachment_2643\" aria-describedby=\"caption-attachment-2643\" style=\"width: 158px\" class=\"wp-caption alignright\"><a href=\"http:\/\/blogs.univ-jfc.fr\/vigneetvin\/wp-content\/uploads\/sites\/56\/2017\/03\/corpuschristi10.jpg\"><img loading=\"lazy\" class=\"wp-image-2643\" title=\"Livre des Grandes Heures de Rohan\" src=\"http:\/\/blogs.univ-jfc.fr\/vigneetvin\/wp-content\/uploads\/sites\/56\/2017\/03\/corpuschristi10-219x300.jpg\" alt=\"\" width=\"158\" height=\"216\" srcset=\"https:\/\/blogs.univ-jfc.fr\/vigneetvin\/wp-content\/uploads\/sites\/56\/2017\/03\/corpuschristi10-219x300.jpg 219w, https:\/\/blogs.univ-jfc.fr\/vigneetvin\/wp-content\/uploads\/sites\/56\/2017\/03\/corpuschristi10.jpg 430w\" sizes=\"(max-width: 158px) 100vw, 158px\" \/><\/a><figcaption id=\"caption-attachment-2643\" class=\"wp-caption-text\">Vendanges, foulage et ouillage, 1430<\/figcaption><\/figure>\n<p align=\"JUSTIFY\"><span style=\"color: #ffffff\">Saut de ligne<\/span><\/p>\n<p align=\"JUSTIFY\">Gr\u00e2ce \u00e0 son image positive en Europe, le vin repr\u00e9sente l&rsquo;une des plus\u00a0grandes productions\u00a0agricoles sur le continent. Tr\u00e8s pris\u00e9 au sein m\u00eame du royaume de\u00a0France, le vin fait partie du quotidien de tous, des classes les plus pauvres aux plus ais\u00e9es. Le vin devient ainsi la principale boisson du royaume, et ce pour diverses raisons selon son utilisation\u00a0: <a href=\"http:\/\/blogs.univ-jfc.fr\/vigneetvin\/usages-et-consommation-du-vin-une-approche-periodique\/la-periode-moderne-xvie-xviiie-siecles\/le-vin-partout-et-pour-tous\/\">le vin, une boisson utilis\u00e9e partout et pour tous.<\/a><\/p>\n<p align=\"JUSTIFY\"><span style=\"color: #ffffff\">saut de ligne<\/span><\/p>\n<figure id=\"attachment_1567\" aria-describedby=\"caption-attachment-1567\" style=\"width: 164px\" class=\"wp-caption alignleft\"><a href=\"http:\/\/blogs.univ-jfc.fr\/vigneetvin\/wp-content\/uploads\/sites\/56\/2017\/03\/alberegno-01-1.jpg\"><img loading=\"lazy\" class=\"wp-image-1567\" title=\"Jacobello Alberegno, Gallerie dell'Accademia, Venice\" src=\"http:\/\/blogs.univ-jfc.fr\/vigneetvin\/wp-content\/uploads\/sites\/56\/2017\/03\/alberegno-01-1-231x300.jpg\" alt=\"\" width=\"164\" height=\"213\" srcset=\"https:\/\/blogs.univ-jfc.fr\/vigneetvin\/wp-content\/uploads\/sites\/56\/2017\/03\/alberegno-01-1-231x300.jpg 231w, https:\/\/blogs.univ-jfc.fr\/vigneetvin\/wp-content\/uploads\/sites\/56\/2017\/03\/alberegno-01-1-768x996.jpg 768w, https:\/\/blogs.univ-jfc.fr\/vigneetvin\/wp-content\/uploads\/sites\/56\/2017\/03\/alberegno-01-1-790x1024.jpg 790w, https:\/\/blogs.univ-jfc.fr\/vigneetvin\/wp-content\/uploads\/sites\/56\/2017\/03\/alberegno-01-1.jpg 900w\" sizes=\"(max-width: 164px) 100vw, 164px\" \/><\/a><figcaption id=\"caption-attachment-1567\" class=\"wp-caption-text\">La vendange de la terre, 1360-1390<\/figcaption><\/figure>\n<p style=\"padding-left: 60px\" align=\"JUSTIFY\"><span style=\"color: #ffffff\">saut de ligne<\/span><\/p>\n<p style=\"padding-left: 60px\" align=\"JUSTIFY\">La population de la France durant l&rsquo;\u00e9poque moderne\u00a0peut se diviser en trois cat\u00e9gories : la haute-soci\u00e9t\u00e9, le tiers-\u00e9tat et le clerg\u00e9. Tous trois ont des modes de vie diff\u00e9rents au sein de la soci\u00e9t\u00e9 et ainsi une consommation en vin tr\u00e8s vari\u00e9e. De plus, le d\u00e9veloppement des vignobles dans le royaume cr\u00e9e, par cons\u00e9quent, une in\u00e9galit\u00e9 entre eux, n&rsquo;offrant pas tous la m\u00eame qualit\u00e9 gustative. Ces constatations nous am\u00e8nent \u00e0 \u00e9tudier le lien entre <a href=\"http:\/\/blogs.univ-jfc.fr\/vigneetvin\/usages-et-consommation-du-vin-une-approche-periodique\/la-periode-moderne-xvie-xviiie-siecles\/la-periode-moderne-page-de-niveau-2-2\/\">le vin et les classes sociales.<\/a><\/p>\n<p align=\"JUSTIFY\"><span style=\"color: #ffffff\">saut de ligne<br \/>\n<\/span><\/p>\n<figure id=\"attachment_1824\" aria-describedby=\"caption-attachment-1824\" style=\"width: 166px\" class=\"wp-caption alignright\"><a href=\"http:\/\/blogs.univ-jfc.fr\/vigneetvin\/wp-content\/uploads\/sites\/56\/2017\/03\/La-femme-ivre-Jan-Steen-1673.png\"><img loading=\"lazy\" class=\"wp-image-1824\" title=\" Jan Steen \" src=\"http:\/\/blogs.univ-jfc.fr\/vigneetvin\/wp-content\/uploads\/sites\/56\/2017\/03\/La-femme-ivre-Jan-Steen-1673-251x300.png\" alt=\"\" width=\"166\" height=\"198\" srcset=\"https:\/\/blogs.univ-jfc.fr\/vigneetvin\/wp-content\/uploads\/sites\/56\/2017\/03\/La-femme-ivre-Jan-Steen-1673-251x300.png 251w, https:\/\/blogs.univ-jfc.fr\/vigneetvin\/wp-content\/uploads\/sites\/56\/2017\/03\/La-femme-ivre-Jan-Steen-1673.png 418w\" sizes=\"(max-width: 166px) 100vw, 166px\" \/><\/a><figcaption id=\"caption-attachment-1824\" class=\"wp-caption-text\">La femme ivre, 1673<\/figcaption><\/figure>\n<p align=\"JUSTIFY\"><span style=\"color: #ffffff\">e <span style=\"color: #000000\"><span style=\"color: #ffffff\">saut de ligne<\/span><br \/>\n<\/span><\/span><\/p>\n<p align=\"JUSTIFY\">La consommation d&rsquo;alcool quotidienne, qui remplace\u00a0l&rsquo;eau et serait bonne pour la sant\u00e9, a cependant de lourdes cons\u00e9quences sur la soci\u00e9t\u00e9. En effet, m\u00eame si le degr\u00e9s d&rsquo;alcool pr\u00e9sent dans le vin est inf\u00e9rieur \u00e0 celui que nous connaissons aujourd&rsquo;hui, l&rsquo;\u00e9bri\u00e9t\u00e9 est tr\u00e8s fr\u00e9quente. En France, nous assistons \u00e0 <a href=\"http:\/\/blogs.univ-jfc.fr\/vigneetvin\/usages-et-consommation-du-vin-une-approche-periodique\/la-periode-moderne-xvie-xviiie-siecles\/la-periode-moderne-page-de-niveau-2-3\/\">une consommation excessive mais contr\u00f4l\u00e9e.<\/a><\/p>\n<p align=\"JUSTIFY\"><span style=\"color: #ffffff\">saut de ligne <\/span><\/p>\n<p><span style=\"color: #ffffff\">saut de ligne<\/span><\/p>\n<p>Etudiants :\u00a0 Charline PERES, Maurine LARROQUE, Pablo TRAN, Estelle TRIBALLEAU<\/p>\n","protected":false},"excerpt":{"rendered":"<p>Saut de ligne Gr\u00e2ce \u00e0 son image positive en Europe, le vin repr\u00e9sente l&rsquo;une des plus\u00a0grandes productions\u00a0agricoles sur le continent. Tr\u00e8s pris\u00e9 au sein m\u00eame du royaume de\u00a0France, le vin fait partie du quotidien de tous, des classes les plus pauvres aux plus ais\u00e9es. Le vin devient ainsi la principale boisson du royaume, et ce &hellip; <a href=\"https:\/\/blogs.univ-jfc.fr\/vigneetvin\/usages-et-consommation-du-vin-une-approche-periodique\/la-periode-moderne-xvie-xviiie-siecles\/\" class=\"more-link\">Continuer la lecture de <span class=\"screen-reader-text\">La p\u00e9riode moderne (XVIe-XVIIIe si\u00e8cles)<\/span> <span class=\"meta-nav\">&rarr;<\/span><\/a><\/p>\n","protected":false},"author":19,"featured_media":0,"parent":32,"menu_order":4,"comment_status":"closed","ping_status":"closed","template":"","meta":[],"_links":{"self":[{"href":"https:\/\/blogs.univ-jfc.fr\/vigneetvin\/wp-json\/wp\/v2\/pages\/42"}],"collection":[{"href":"https:\/\/blogs.univ-jfc.fr\/vigneetvin\/wp-json\/wp\/v2\/pages"}],"about":[{"href":"https:\/\/blogs.univ-jfc.fr\/vigneetvin\/wp-json\/wp\/v2\/types\/page"}],"author":[{"embeddable":true,"href":"https:\/\/blogs.univ-jfc.fr\/vigneetvin\/wp-json\/wp\/v2\/users\/19"}],"replies":[{"embeddable":true,"href":"https:\/\/blogs.univ-jfc.fr\/vigneetvin\/wp-json\/wp\/v2\/comments?post=42"}],"version-history":[{"count":31,"href":"https:\/\/blogs.univ-jfc.fr\/vigneetvin\/wp-json\/wp\/v2\/pages\/42\/revisions"}],"predecessor-version":[{"id":3110,"href":"https:\/\/blogs.univ-jfc.fr\/vigneetvin\/wp-json\/wp\/v2\/pages\/42\/revisions\/3110"}],"up":[{"embeddable":true,"href":"https:\/\/blogs.univ-jfc.fr\/vigneetvin\/wp-json\/wp\/v2\/pages\/32"}],"wp:attachment":[{"href":"https:\/\/blogs.univ-jfc.fr\/vigneetvin\/wp-json\/wp\/v2\/media?parent=42"}],"curies":[{"name":"wp","href":"https:\/\/api.w.org\/{rel}","templated":true}]}}