{"id":4403,"date":"2017-03-30T08:26:06","date_gmt":"2017-03-30T07:26:06","guid":{"rendered":"http:\/\/blogs.univ-jfc.fr\/vigneetvin\/?page_id=4403"},"modified":"2017-04-11T17:19:20","modified_gmt":"2017-04-11T16:19:20","slug":"les-types-dexploitations-viticoles","status":"publish","type":"page","link":"https:\/\/blogs.univ-jfc.fr\/vigneetvin\/gaillac-et-le-vin\/techniques-et-exploitations-vini-viticoles\/les-types-dexploitations-viticoles\/","title":{"rendered":"Les types d&rsquo;exploitations viticoles"},"content":{"rendered":"<p>Depuis l\u2019Antiquit\u00e9 la culture du vin est tr\u00e8s pr\u00e9sente dans le gaillacois. De nombreux types d\u2019exploitations se sont d\u00e9velopp\u00e9s et ont cohabit\u00e9 sur ce terroir. De la culture eccl\u00e9siastique au sein des abbayes aux caves coop\u00e9ratives en passant par les grands domaines et les petites exploitations viticoles chacun de ces types d\u2019exploitations a \u00e9volu\u00e9 et s&rsquo;est sp\u00e9cifi\u00e9. Nous allons donc nous pencher sur la question : Comment \u00e0 partir des grands domaines de l\u2019Antiquit\u00e9 les types d\u2019exploitations du gaillacois se sont-ils organis\u00e9s et diversifi\u00e9s ? Pour se faire nous traiterons de l\u2019importance des notables et des abbayes dans la gestion du vignoble, et mettrons en lumi\u00e8re le lien entre le contexte historique et le vignoble au Moyen-\u00c2ge. Nous verrons quels changements ont \u00e9t\u00e9 apport\u00e9s, puis exposerons le contraste entre petits propri\u00e9taires et grands domaines.<\/p>\n<p>&nbsp;<\/p>\n<p style=\"text-align: center\"><a href=\"http:\/\/blogs.univ-jfc.fr\/vigneetvin\/gaillac-et-le-vin\/techniques-et-exploitations-vini-viticoles\/les-notables-dans-la-diversification\/\">Les notables dans la diversification<\/a>\u00a0\u00a0\u00a0\u00a0 <a href=\"http:\/\/blogs.univ-jfc.fr\/vigneetvin\/gaillac-et-le-vin\/techniques-et-exploitations-vini-viticoles\/les-abbayes-et-leur-organisation\/\">Les abbayes et leur organisation\u00a0<\/a><\/p>\n<p style=\"text-align: center\"><a href=\"http:\/\/blogs.univ-jfc.fr\/vigneetvin\/gaillac-et-le-vin\/techniques-et-exploitations-vini-viticoles\/les-consuls-de-gaillac-et-la-police-des-vins\/\"> Les consuls de Gaillac et la police des vins<\/a><\/p>\n<p style=\"text-align: center\"><a href=\"http:\/\/blogs.univ-jfc.fr\/vigneetvin\/gaillac-et-le-vin\/techniques-et-exploitations-vini-viticoles\/lavenement-des-bastides-et-leur-organisation\/\">L&rsquo;av\u00e8nement des bastides et leur organisation<\/a>\u00a0\u00a0\u00a0\u00a0 <a href=\"http:\/\/blogs.univ-jfc.fr\/vigneetvin\/gaillac-et-le-vin\/techniques-et-exploitations-vini-viticoles\/les-petites-exploitations-vigneronnes\/\">Les petites exploitations vigneronnes<\/a><\/p>\n<p style=\"text-align: center\"><a href=\"http:\/\/blogs.univ-jfc.fr\/vigneetvin\/gaillac-et-le-vin\/techniques-et-exploitations-vini-viticoles\/les-grands-domaines-viticoles\/\">Les grands domaines viticoles<\/a>\u00a0\u00a0\u00a0\u00a0 <a href=\"http:\/\/blogs.univ-jfc.fr\/vigneetvin\/gaillac-et-le-vin\/techniques-et-exploitations-vini-viticoles\/les-cooperatives-une-forme-intermediaire\/\">Les coop\u00e9ratives une forme interm\u00e9diaire<\/a><\/p>\n","protected":false},"excerpt":{"rendered":"<p>Depuis l\u2019Antiquit\u00e9 la culture du vin est tr\u00e8s pr\u00e9sente dans le gaillacois. De nombreux types d\u2019exploitations se sont d\u00e9velopp\u00e9s et ont cohabit\u00e9 sur ce terroir. De la culture eccl\u00e9siastique au sein des abbayes aux caves coop\u00e9ratives en passant par les grands domaines et les petites exploitations viticoles chacun de ces types d\u2019exploitations a \u00e9volu\u00e9 et &hellip; <a href=\"https:\/\/blogs.univ-jfc.fr\/vigneetvin\/gaillac-et-le-vin\/techniques-et-exploitations-vini-viticoles\/les-types-dexploitations-viticoles\/\" class=\"more-link\">Continuer la lecture de <span class=\"screen-reader-text\">Les types d&rsquo;exploitations viticoles<\/span> <span class=\"meta-nav\">&rarr;<\/span><\/a><\/p>\n","protected":false},"author":269,"featured_media":0,"parent":14,"menu_order":2,"comment_status":"closed","ping_status":"closed","template":"","meta":[],"_links":{"self":[{"href":"https:\/\/blogs.univ-jfc.fr\/vigneetvin\/wp-json\/wp\/v2\/pages\/4403"}],"collection":[{"href":"https:\/\/blogs.univ-jfc.fr\/vigneetvin\/wp-json\/wp\/v2\/pages"}],"about":[{"href":"https:\/\/blogs.univ-jfc.fr\/vigneetvin\/wp-json\/wp\/v2\/types\/page"}],"author":[{"embeddable":true,"href":"https:\/\/blogs.univ-jfc.fr\/vigneetvin\/wp-json\/wp\/v2\/users\/269"}],"replies":[{"embeddable":true,"href":"https:\/\/blogs.univ-jfc.fr\/vigneetvin\/wp-json\/wp\/v2\/comments?post=4403"}],"version-history":[{"count":3,"href":"https:\/\/blogs.univ-jfc.fr\/vigneetvin\/wp-json\/wp\/v2\/pages\/4403\/revisions"}],"predecessor-version":[{"id":4760,"href":"https:\/\/blogs.univ-jfc.fr\/vigneetvin\/wp-json\/wp\/v2\/pages\/4403\/revisions\/4760"}],"up":[{"embeddable":true,"href":"https:\/\/blogs.univ-jfc.fr\/vigneetvin\/wp-json\/wp\/v2\/pages\/14"}],"wp:attachment":[{"href":"https:\/\/blogs.univ-jfc.fr\/vigneetvin\/wp-json\/wp\/v2\/media?parent=4403"}],"curies":[{"name":"wp","href":"https:\/\/api.w.org\/{rel}","templated":true}]}}