{"id":45,"date":"2017-01-14T07:30:28","date_gmt":"2017-01-14T06:30:28","guid":{"rendered":"http:\/\/blogs.univ-jfc.fr\/vigneetvin\/?page_id=45"},"modified":"2017-03-21T18:04:55","modified_gmt":"2017-03-21T17:04:55","slug":"la-periode-contemporaine-xixe-xxie-siecles","status":"publish","type":"page","link":"https:\/\/blogs.univ-jfc.fr\/vigneetvin\/usages-et-consommation-du-vin-une-approche-periodique\/la-periode-contemporaine-xixe-xxie-siecles\/","title":{"rendered":"La p\u00e9riode contemporaine (XIXe-XXIe si\u00e8cles)"},"content":{"rendered":"<p><img loading=\"lazy\" class=\"alignright\" title=\"http:\/\/wsimag.com\/fr\/gastronomie\/45-la-revue-du-vin-de-france\" src=\"http:\/\/media.wsimag.com\/attachments\/818aaa142201c91631f8e9b026ce8c6ec82435e8\/store\/fill\/860\/645\/fb8b80a3b313a3df2327c12e36d700e56e293c15e3281d43eca36b934926\/La-Revue-du-vin-de-France.jpg\" alt=\"\" width=\"240\" height=\"180\" \/><\/p>\n<p>Le vin est la boisson fran\u00e7aise par excellence. A l\u2019\u00e9chelle internationale, les Fran\u00e7ais sont souvent repr\u00e9sent\u00e9s avec une bouteille de vin rouge. En effet, la production et la consommation de vin font l\u2019objet d\u2019un savoir faire ancestral. Ainsi les vignobles fran\u00e7ais sont tr\u00e8s anciens, tel celui de Gaillac qui est dat\u00e9 du Ier \u00a0si\u00e8cle avant J-C. Depuis lors, le vin est devenu un produit phare dans l\u2019\u00e9conomie fran\u00e7aise et <a href=\"http:\/\/blogs.univ-jfc.fr\/vigneetvin\/i-un-rassemblement-autour-du-vin\/\">un vecteur de rassemblement.<\/a><\/p>\n<p>&nbsp;<\/p>\n<figure style=\"width: 323px\" class=\"wp-caption alignleft\"><a href=\"http:\/\/blogs.univ-jfc.fr\/vigneetvin\/ii-une-consommation-bouleversee-par-les-crises\/\"><img loading=\"lazy\" class=\"irc_mi\" title=\" http:\/\/www.bbc.co.uk\/programmes\/p00z9sqt&lt;\/a&gt;\" src=\"https:\/\/ichef.bbci.co.uk\/images\/ic\/1920x1080\/p01hz75q.jpg\" alt=\"R\u00e9sultat de recherche d'images pour &quot;wall street in new panic&quot;\" width=\"323\" height=\"182\" \/><\/a><figcaption class=\"wp-caption-text\">La Une d&rsquo;un journal durant le crash boursier<\/figcaption><\/figure>\n<p>C\u2019est \u00e0 partir du XIXe si\u00e8cle que la consommation et la production de vin connaissent de <a href=\"http:\/\/blogs.univ-jfc.fr\/vigneetvin\/ii-une-consommation-bouleversee-par-les-crises\/\">grands bouleversements.<\/a> La r\u00e9volution industrielle est, tout d&rsquo;abord,\u00a0 un moteur d\u2019innovations agricoles. Cette modernisation des structures permet \u00e0 la production de vin de passer d\u2019un usage d&rsquo;auto-consommation \u00e0 un commerce national. Toutefois, la consommation du vin domaine viticole va aussi \u00eatre boulevers\u00e9 par des crises, telle que la crise de 29.<\/p>\n<p>&nbsp;<\/p>\n<p><img loading=\"lazy\" class=\"irc_mi alignright\" title=\"https:\/\/lepalaisduparadis.com\/food\/gaillac-3\/\" src=\"https:\/\/lepalaisduparadis.com\/wp-content\/uploads\/2013\/02\/vin-gaillac-1.png\" alt=\"R\u00e9sultat de recherche d'images pour &quot;vin gaillac&quot;\" width=\"261\" height=\"170\" \/><\/p>\n<p align=\"JUSTIFY\">Il faut donc s\u2019interroger sur les usages et la consommation du vin tout au long du XIXe et XXe si\u00e8cle. Ceux-ci sont tout d\u2019abord sp\u00e9cifiques et importants jusqu\u2019en 1918. A partir de 1945 la consommation est revue \u00e0 la baisse et fait l\u2019objet de<a href=\"http:\/\/blogs.univ-jfc.fr\/vigneetvin\/usages-et-consommation-du-vin-une-approche-periodique\/la-periode-contemporaine-xixe-xxie-siecles\/la-periode-contemporaine-page-de-niveau-2-3\/\"> nouvelles \u00e9volutions<\/a>.<\/p>\n<p>&nbsp;<\/p>\n<p>&nbsp;<\/p>\n<p>&nbsp;<\/p>\n<p>Etudiants :\u00a0 L\u00e9a Moutardier, Gwilym SIMONIN , Th\u00e9o TAVERNIER, Nathan RAYNAL<\/p>\n","protected":false},"excerpt":{"rendered":"<p>Le vin est la boisson fran\u00e7aise par excellence. A l\u2019\u00e9chelle internationale, les Fran\u00e7ais sont souvent repr\u00e9sent\u00e9s avec une bouteille de vin rouge. En effet, la production et la consommation de vin font l\u2019objet d\u2019un savoir faire ancestral. Ainsi les vignobles fran\u00e7ais sont tr\u00e8s anciens, tel celui de Gaillac qui est dat\u00e9 du Ier \u00a0si\u00e8cle avant &hellip; <a href=\"https:\/\/blogs.univ-jfc.fr\/vigneetvin\/usages-et-consommation-du-vin-une-approche-periodique\/la-periode-contemporaine-xixe-xxie-siecles\/\" class=\"more-link\">Continuer la lecture de <span class=\"screen-reader-text\">La p\u00e9riode contemporaine (XIXe-XXIe si\u00e8cles)<\/span> <span class=\"meta-nav\">&rarr;<\/span><\/a><\/p>\n","protected":false},"author":19,"featured_media":0,"parent":32,"menu_order":5,"comment_status":"closed","ping_status":"closed","template":"","meta":[],"_links":{"self":[{"href":"https:\/\/blogs.univ-jfc.fr\/vigneetvin\/wp-json\/wp\/v2\/pages\/45"}],"collection":[{"href":"https:\/\/blogs.univ-jfc.fr\/vigneetvin\/wp-json\/wp\/v2\/pages"}],"about":[{"href":"https:\/\/blogs.univ-jfc.fr\/vigneetvin\/wp-json\/wp\/v2\/types\/page"}],"author":[{"embeddable":true,"href":"https:\/\/blogs.univ-jfc.fr\/vigneetvin\/wp-json\/wp\/v2\/users\/19"}],"replies":[{"embeddable":true,"href":"https:\/\/blogs.univ-jfc.fr\/vigneetvin\/wp-json\/wp\/v2\/comments?post=45"}],"version-history":[{"count":29,"href":"https:\/\/blogs.univ-jfc.fr\/vigneetvin\/wp-json\/wp\/v2\/pages\/45\/revisions"}],"predecessor-version":[{"id":3104,"href":"https:\/\/blogs.univ-jfc.fr\/vigneetvin\/wp-json\/wp\/v2\/pages\/45\/revisions\/3104"}],"up":[{"embeddable":true,"href":"https:\/\/blogs.univ-jfc.fr\/vigneetvin\/wp-json\/wp\/v2\/pages\/32"}],"wp:attachment":[{"href":"https:\/\/blogs.univ-jfc.fr\/vigneetvin\/wp-json\/wp\/v2\/media?parent=45"}],"curies":[{"name":"wp","href":"https:\/\/api.w.org\/{rel}","templated":true}]}}